-- Table structure for table `personal_access_tokens`
--

CREATE TABLE `personal_access_tokens` (
  `id` bigint(20) UNSIGNED NOT NULL,
  `tokenable_type` varchar(255) NOT NULL,
  `tokenable_id` bigint(20) UNSIGNED NOT NULL,
  `name` varchar(255) NOT NULL,
  `token` varchar(64) NOT NULL,
  `abilities` text DEFAULT NULL,
  `last_used_at` timestamp NULL DEFAULT NULL,
  `expires_at` timestamp NULL DEFAULT NULL,
  `created_at` timestamp NULL DEFAULT NULL,
  `updated_at` timestamp NULL DEFAULT NULL
) ENGINE=InnoDB DEFAULT CHARSET=utf8mb4 COLLATE=utf8mb4_unicode_ci;

-- --------------------------------------------------------

--
-- Table structure for table `production_batches`
--

CREATE TABLE `production_batches` (
  `id` bigint(20) UNSIGNED NOT NULL,
  `company_id` bigint(20) UNSIGNED NOT NULL,
  `batch_number` varchar(255) NOT NULL,
  `quantity` int(11) NOT NULL,
  `status` enum('pending','in_production','quality_check','completed','rejected') NOT NULL DEFAULT 'pending',
  `started_at` datetime NOT NULL,
  `completed_at` datetime DEFAULT NULL,
  `notes` text DEFAULT NULL,
  `deleted_at` timestamp NULL DEFAULT NULL,
  `created_at` timestamp NULL DEFAULT NULL,
  `updated_at` timestamp NULL DEFAULT NULL
) ENGINE=InnoDB DEFAULT CHARSET=utf8mb4 COLLATE=utf8mb4_unicode_ci;

-- --------------------------------------------------------

--
-- Table structure for table `production_costs`
--

CREATE TABLE `production_costs` (
  `id` bigint(20) UNSIGNED NOT NULL,
  `company_id` bigint(20) UNSIGNED NOT NULL,
  `cost_type` enum('material','labor','overhead','utilities','other') NOT NULL DEFAULT 'material',
  `amount` decimal(15,4) NOT NULL,
  `description` text DEFAULT NULL,
  `recorded_at` datetime NOT NULL,
  `notes` text DEFAULT NULL,
  `created_at` timestamp NULL DEFAULT NULL,
  `updated_at` timestamp NULL DEFAULT NULL
) ENGINE=InnoDB DEFAULT CHARSET=utf8mb4 COLLATE=utf8mb4_unicode_ci;

-- --------------------------------------------------------

--
-- Table structure for table `production_lines`
--

CREATE TABLE `production_lines` (
  `id` bigint(20) UNSIGNED NOT NULL,
  `company_id` bigint(20) UNSIGNED NOT NULL,
  `manufacturing_center_id` bigint(20) UNSIGNED NOT NULL,
  `cost_center_id` bigint(20) UNSIGNED DEFAULT NULL,
  `code` varchar(255) NOT NULL,
  `name` varchar(255) NOT NULL,
  `product_type` varchar(255) NOT NULL,
  `line_number` int(11) DEFAULT NULL,
  `capacity` decimal(12,2) NOT NULL,
  `sequence` int(11) DEFAULT NULL,
  `status` enum('active','inactive','maintenance') NOT NULL DEFAULT 'active',
  `shift_count` tinyint(4) NOT NULL DEFAULT 1,
  `shift_duration_hours` decimal(5,2) NOT NULL DEFAULT 8.00,
  `maintenance_due_date` date DEFAULT NULL,
  `last_maintenance_date` date DEFAULT NULL,
  `description` text DEFAULT NULL,
  `created_at` timestamp NULL DEFAULT NULL,
  `updated_at` timestamp NULL DEFAULT NULL,
  `deleted_at` timestamp NULL DEFAULT NULL
) ENGINE=InnoDB DEFAULT CHARSET=utf8mb4 COLLATE=utf8mb4_unicode_ci;

-- --------------------------------------------------------

--
-- Table structure for table `production_operations`
--

CREATE TABLE `production_operations` (
  `id` bigint(20) UNSIGNED NOT NULL,
  `company_id` bigint(20) UNSIGNED NOT NULL,
  `production_order_id` bigint(20) UNSIGNED NOT NULL,
  `work_station_id` bigint(20) UNSIGNED NOT NULL,
  `operator_id` bigint(20) UNSIGNED DEFAULT NULL,
  `operation_number` int(11) DEFAULT NULL,
  `description` text NOT NULL,
  `sequence_order` int(11) DEFAULT NULL,
  `quantity_processed` decimal(12,2) NOT NULL DEFAULT 0.00,
  `quantity_rejected` decimal(12,2) NOT NULL DEFAULT 0.00,
  `planned_start_time` datetime DEFAULT NULL,
  `planned_end_time` datetime DEFAULT NULL,
  `actual_start_time` datetime DEFAULT NULL,
  `actual_end_time` datetime DEFAULT NULL,
  `status` enum('pending','in-progress','completed','cancelled') NOT NULL DEFAULT 'pending',
  `notes` text DEFAULT NULL,
  `created_at` timestamp NULL DEFAULT NULL,
  `updated_at` timestamp NULL DEFAULT NULL,
  `deleted_at` timestamp NULL DEFAULT NULL
) ENGINE=InnoDB DEFAULT CHARSET=utf8mb4 COLLATE=utf8mb4_unicode_ci;

-- --------------------------------------------------------

--
-- Table structure for table `production_orders`
--

CREATE TABLE `production_orders` (
  `id` bigint(20) UNSIGNED NOT NULL,
  `company_id` bigint(20) UNSIGNED NOT NULL,
  `production_line_id` bigint(20) UNSIGNED NOT NULL,
  `project_id` bigint(20) UNSIGNED DEFAULT NULL,
  `contract_id` bigint(20) UNSIGNED DEFAULT NULL,
  `cost_center_id` bigint(20) UNSIGNED NOT NULL,
  `chart_of_account_id` bigint(20) UNSIGNED NOT NULL,
  `item_id` bigint(20) UNSIGNED NOT NULL,
  `unit_id` bigint(20) UNSIGNED NOT NULL,
  `order_number` varchar(255) NOT NULL,
  `description` text DEFAULT NULL,
  `quantity_ordered` decimal(12,2) NOT NULL,
  `quantity_produced` decimal(12,2) NOT NULL DEFAULT 0.00,
  `quantity_rejected` decimal(12,2) NOT NULL DEFAULT 0.00,
  `start_date` date DEFAULT NULL,
  `expected_end_date` date DEFAULT NULL,
  `actual_end_date` date DEFAULT NULL,
  `priority` enum('low','medium','high','urgent') NOT NULL DEFAULT 'medium',
  `status` enum('scheduled','in-progress','paused','completed','cancelled') NOT NULL DEFAULT 'scheduled',
  `estimated_cost` decimal(15,2) DEFAULT NULL,
  `actual_cost` decimal(15,2) DEFAULT NULL,
  `notes` text DEFAULT NULL,
  `created_at` timestamp NULL DEFAULT NULL,
  `updated_at` timestamp NULL DEFAULT NULL,
  `deleted_at` timestamp NULL DEFAULT NULL
) ENGINE=InnoDB DEFAULT CHARSET=utf8mb4 COLLATE=utf8mb4_unicode_ci;

-- --------------------------------------------------------

--
-- Table structure for table `production_plans`
--

CREATE TABLE `production_plans` (
  `id` bigint(20) UNSIGNED NOT NULL,
  `company_id` bigint(20) UNSIGNED NOT NULL,
  `name` varchar(255) NOT NULL,
  `description` text DEFAULT NULL,
  `start_date` date NOT NULL,
  `end_date` date NOT NULL,
  `status` enum('draft','active','paused','completed','cancelled') NOT NULL DEFAULT 'draft',
  `deleted_at` timestamp NULL DEFAULT NULL,
  `created_at` timestamp NULL DEFAULT NULL,
  `updated_at` timestamp NULL DEFAULT NULL
) ENGINE=InnoDB DEFAULT CHARSET=utf8mb4 COLLATE=utf8mb4_unicode_ci;

-- --------------------------------------------------------

--
-- Table structure for table `production_reports`
--

CREATE TABLE `production_reports` (
  `id` bigint(20) UNSIGNED NOT NULL,
  `company_id` bigint(20) UNSIGNED NOT NULL,
  `manufacturing_center_id` bigint(20) UNSIGNED NOT NULL,
  `production_line_id` bigint(20) UNSIGNED DEFAULT NULL,
  `created_by` bigint(20) UNSIGNED DEFAULT NULL,
  `report_date` date NOT NULL,
  `report_type` enum('daily','weekly','monthly') NOT NULL DEFAULT 'daily',
  `total_produced` decimal(12,2) NOT NULL DEFAULT 0.00,
  `total_rejected` decimal(12,2) NOT NULL DEFAULT 0.00,
  `total_reworked` decimal(12,2) NOT NULL DEFAULT 0.00,
  `downtime_hours` decimal(8,2) NOT NULL DEFAULT 0.00,
  `efficiency_percentage` decimal(5,2) NOT NULL DEFAULT 0.00,
  `notes` text DEFAULT NULL,
  `created_at` timestamp NULL DEFAULT NULL,
  `updated_at` timestamp NULL DEFAULT NULL,
  `deleted_at` timestamp NULL DEFAULT NULL
) ENGINE=InnoDB DEFAULT CHARSET=utf8mb4 COLLATE=utf8mb4_unicode_ci;

-- --------------------------------------------------------

--
-- Table structure for table `production_schedules`
--

CREATE TABLE `production_schedules` (
  `id` bigint(20) UNSIGNED NOT NULL,
  `company_id` bigint(20) UNSIGNED NOT NULL,
  `production_line_id` bigint(20) UNSIGNED NOT NULL,
  `production_order_id` bigint(20) UNSIGNED NOT NULL,
  `scheduled_date` date NOT NULL,
  `shift_number` tinyint(4) NOT NULL,
  `start_time` datetime NOT NULL,
  `end_time` datetime NOT NULL,
  `planned_quantity` decimal(12,2) NOT NULL,
  `actual_quantity` decimal(12,2) NOT NULL DEFAULT 0.00,
  `status` enum('pending','in-progress','completed','cancelled') NOT NULL DEFAULT 'pending',
  `notes` text DEFAULT NULL,
  `created_at` timestamp NULL DEFAULT NULL,
  `updated_at` timestamp NULL DEFAULT NULL,
  `deleted_at` timestamp NULL DEFAULT NULL
) ENGINE=InnoDB DEFAULT CHARSET=utf8mb4 COLLATE=utf8mb4_unicode_ci;

-- --------------------------------------------------------

--
-- Table structure for table `production_sites_or_lines`
--

CREATE TABLE `production_sites_or_lines` (
  `id` bigint(20) UNSIGNED NOT NULL,
  `company_id` bigint(20) UNSIGNED NOT NULL,
  `name` varchar(255) NOT NULL COMMENT 'اسم موقع أو خط الإنتاج',
  `type` enum('production_line','production_site','project') NOT NULL DEFAULT 'production_site' COMMENT 'نوع الوجهة',
  `location` varchar(255) DEFAULT NULL COMMENT 'موقع خط أو موقع الإنتاج',
  `project_id` bigint(20) UNSIGNED DEFAULT NULL,
  `manager_name` varchar(255) DEFAULT NULL COMMENT 'مسؤول الموقع',
  `manager_phone` varchar(255) DEFAULT NULL,
  `description` text DEFAULT NULL,
  `is_active` tinyint(1) NOT NULL DEFAULT 1,
  `created_at` timestamp NULL DEFAULT NULL,
  `updated_at` timestamp NULL DEFAULT NULL,
  `deleted_at` timestamp NULL DEFAULT NULL
) ENGINE=InnoDB DEFAULT CHARSET=utf8mb4 COLLATE=utf8mb4_unicode_ci;

-- --------------------------------------------------------

--
-- Table structure for table `progress_billing_invoice_permissions`
--

CREATE TABLE `progress_billing_invoice_permissions` (
  `id` bigint(20) UNSIGNED NOT NULL,
  `created_at` timestamp NULL DEFAULT NULL,
  `updated_at` timestamp NULL DEFAULT NULL
) ENGINE=InnoDB DEFAULT CHARSET=utf8mb4 COLLATE=utf8mb4_unicode_ci;

-- --------------------------------------------------------

--
-- Table structure for table `project_material_issue_headers`
--

CREATE TABLE `project_material_issue_headers` (
  `id` bigint(20) UNSIGNED NOT NULL,
  `company_id` bigint(20) UNSIGNED NOT NULL,
  `branch_id` bigint(20) UNSIGNED DEFAULT NULL,
  `issue_no` varchar(255) NOT NULL,
  `issue_date` date NOT NULL,
  `warehouse_id` bigint(20) UNSIGNED NOT NULL,
  `project_id` bigint(20) UNSIGNED NOT NULL,
  `cost_center_id` bigint(20) UNSIGNED NOT NULL,
  `receiver_name` varchar(255) NOT NULL,
  `notes` text DEFAULT NULL,
  `total_cost` decimal(15,2) NOT NULL DEFAULT 0.00,
  `status` enum('draft','approved','cancelled') NOT NULL DEFAULT 'draft',
  `journal_entry_id` bigint(20) UNSIGNED DEFAULT NULL,
  `created_by` bigint(20) UNSIGNED NOT NULL,
  `approved_by` bigint(20) UNSIGNED DEFAULT NULL,
  `approved_at` timestamp NULL DEFAULT NULL,
  `created_at` timestamp NULL DEFAULT NULL,
  `updated_at` timestamp NULL DEFAULT NULL,
  `deleted_at` timestamp NULL DEFAULT NULL
) ENGINE=InnoDB DEFAULT CHARSET=utf8mb4 COLLATE=utf8mb4_unicode_ci;

--
-- Dumping data for table `project_material_issue_headers`
--

INSERT INTO `project_material_issue_headers` (`id`, `company_id`, `branch_id`, `issue_no`, `issue_date`, `warehouse_id`, `project_id`, `cost_center_id`, `receiver_name`, `notes`, `total_cost`, `status`, `journal_entry_id`, `created_by`, `approved_by`, `approved_at`, `created_at`, `updated_at`, `deleted_at`) VALUES
(1, 1, NULL, 'PMI-202511-0001', '2025-01-01', 1, 1, 2, '1', '1', 150.00, 'approved', 2, 1, 1, '2025-11-21 17:22:43', '2025-11-21 17:13:42', '2025-11-21 17:22:43', NULL),
(2, 1, NULL, 'PMI-202511-0002', '2025-01-01', 1, 2, 8, 'العامل', NULL, 300.00, 'approved', 11, 1, 1, '2025-11-27 07:07:03', '2025-11-27 06:53:32', '2025-11-27 07:07:03', NULL),
(3, 11, NULL, 'PMI-202512-0001', '2025-01-05', 5, 3, 19, 'محمد', 'صرف مواد المرحلة الاولي من المشروع', 8500.00, 'approved', NULL, 9, 9, '2025-12-02 15:32:19', '2025-12-02 15:32:07', '2025-12-02 15:32:19', NULL),
(6, 11, NULL, 'PMI-202512-0002', '2025-01-05', 5, 3, 19, 'محمد', 'صرف مواد للمرحلة الاولي من المشروع', 8500.00, 'approved', 16, 9, 9, '2025-12-02 18:30:10', '2025-12-02 18:29:12', '2025-12-02 18:30:10', NULL),
(7, 11, NULL, 'PMI-202512-0003', '2025-12-29', 4, 3, 23, 'علي عمران شركة احكام', NULL, 115.00, 'approved', 57, 9, 9, '2025-12-29 14:21:10', '2025-12-29 14:21:01', '2025-12-29 14:21:10', NULL);

-- --------------------------------------------------------

--
-- Table structure for table `purchase_budgets`
--

CREATE TABLE `purchase_budgets` (
  `id` bigint(20) UNSIGNED NOT NULL,
  `company_id` bigint(20) UNSIGNED NOT NULL,
  `budget_date` date NOT NULL,
  `end_date` date DEFAULT NULL,
  `budget_type` varchar(255) NOT NULL DEFAULT 'monthly',
  `allocated_budget` decimal(15,2) NOT NULL DEFAULT 0.00,
  `spent_amount` decimal(15,2) NOT NULL DEFAULT 0.00,
  `remaining_budget` decimal(15,2) NOT NULL DEFAULT 0.00,
  `status` varchar(255) NOT NULL DEFAULT 'active',
  `notes` text DEFAULT NULL,
  `created_at` timestamp NULL DEFAULT NULL,
  `updated_at` timestamp NULL DEFAULT NULL,
  `deleted_at` timestamp NULL DEFAULT NULL
) ENGINE=InnoDB DEFAULT CHARSET=utf8mb4 COLLATE=utf8mb4_unicode_ci;

-- --------------------------------------------------------

--
-- Table structure for table `purchase_orders`
--

CREATE TABLE `purchase_orders` (
  `id` bigint(20) UNSIGNED NOT NULL,
  `company_id` bigint(20) UNSIGNED NOT NULL,
  `po_number` varchar(255) NOT NULL,
  `supplier_id` bigint(20) UNSIGNED NOT NULL,
  `supplier_contract_id` bigint(20) UNSIGNED DEFAULT NULL,
  `requisition_id` bigint(20) UNSIGNED DEFAULT NULL,
  `po_date` date NOT NULL,
  `delivery_date` date DEFAULT NULL,
  `subtotal` decimal(15,2) NOT NULL DEFAULT 0.00,
  `tax_amount` decimal(15,2) NOT NULL DEFAULT 0.00,
  `discount_amount` decimal(15,2) NOT NULL DEFAULT 0.00,
  `total_amount` decimal(15,2) NOT NULL DEFAULT 0.00,
  `status` enum('draft','sent','accepted','partial_receive','received','cancelled') NOT NULL DEFAULT 'draft',
  `approval_chain` longtext CHARACTER SET utf8mb4 COLLATE utf8mb4_bin DEFAULT NULL CHECK (json_valid(`approval_chain`)),
  `notes` text DEFAULT NULL,
  `attachment` varchar(255) DEFAULT NULL,
  `created_at` timestamp NULL DEFAULT NULL,
  `updated_at` timestamp NULL DEFAULT NULL,
  `deleted_at` timestamp NULL DEFAULT NULL
) ENGINE=InnoDB DEFAULT CHARSET=utf8mb4 COLLATE=utf8mb4_unicode_ci;

--
-- Dumping data for table `purchase_orders`
--

INSERT INTO `purchase_orders` (`id`, `company_id`, `po_number`, `supplier_id`, `supplier_contract_id`, `requisition_id`, `po_date`, `delivery_date`, `subtotal`, `tax_amount`, `discount_amount`, `total_amount`, `status`, `approval_chain`, `notes`, `attachment`, `created_at`, `updated_at`, `deleted_at`) VALUES
(1, 19, 'PO-202603-0001', 5, NULL, 1, '2026-03-29', '2026-03-29', 100.00, 0.00, 0.00, 100.00, 'cancelled', NULL, NULL, NULL, '2026-03-29 16:58:33', '2026-03-29 17:14:27', NULL);

-- --------------------------------------------------------

--
-- Table structure for table `purchase_order_items`
--

CREATE TABLE `purchase_order_items` (
  `id` bigint(20) UNSIGNED NOT NULL,
  `purchase_order_id` bigint(20) UNSIGNED NOT NULL,
  `item_id` bigint(20) UNSIGNED NOT NULL,
  `quantity_ordered` decimal(15,2) NOT NULL,
  `quantity_received` decimal(15,2) NOT NULL DEFAULT 0.00,
  `unit_id` bigint(20) UNSIGNED NOT NULL,
  `unit_price` decimal(15,2) NOT NULL,
  `line_total` decimal(15,2) NOT NULL,
  `cost_center_id` bigint(20) UNSIGNED DEFAULT NULL,
  `notes` text DEFAULT NULL,
  `created_at` timestamp NULL DEFAULT NULL,
  `updated_at` timestamp NULL DEFAULT NULL,
  `deleted_at` timestamp NULL DEFAULT NULL
) ENGINE=InnoDB DEFAULT CHARSET=utf8mb4 COLLATE=utf8mb4_unicode_ci;

--
-- Dumping data for table `purchase_order_items`
--

INSERT INTO `purchase_order_items` (`id`, `purchase_order_id`, `item_id`, `quantity_ordered`, `quantity_received`, `unit_id`, `unit_price`, `line_total`, `cost_center_id`, `notes`, `created_at`, `updated_at`, `deleted_at`) VALUES
(1, 1, 1716, 10.00, 0.00, 156, 10.00, 100.00, NULL, NULL, '2026-03-29 16:58:33', '2026-03-29 16:58:33', NULL);

-- --------------------------------------------------------

--
-- Table structure for table `purchase_requisitions`
--

CREATE TABLE `purchase_requisitions` (
  `id` bigint(20) UNSIGNED NOT NULL,
  `company_id` bigint(20) UNSIGNED NOT NULL,
  `requisition_number` varchar(255) NOT NULL,
  `description` text DEFAULT NULL,
  `status` enum('draft','approved','rejected','converted_to_po','cancelled') NOT NULL DEFAULT 'draft',
  `cost_center_id` bigint(20) UNSIGNED DEFAULT NULL,
  `approved_by` bigint(20) UNSIGNED DEFAULT NULL,
  `approved_at` datetime DEFAULT NULL,
  `rejection_reason` text DEFAULT NULL,
  `notes` text DEFAULT NULL,
  `attachment` varchar(255) DEFAULT NULL,
  `created_at` timestamp NULL DEFAULT NULL,
  `updated_at` timestamp NULL DEFAULT NULL,
  `deleted_at` timestamp NULL DEFAULT NULL
) ENGINE=InnoDB DEFAULT CHARSET=utf8mb4 COLLATE=utf8mb4_unicode_ci;

--
-- Dumping data for table `purchase_requisitions`
--

INSERT INTO `purchase_requisitions` (`id`, `company_id`, `requisition_number`, `description`, `status`, `cost_center_id`, `approved_by`, `approved_at`, `rejection_reason`, `notes`, `attachment`, `created_at`, `updated_at`, `deleted_at`) VALUES
(1, 19, 'RQS-202603-0001', 'ص', 'converted_to_po', NULL, 18, '2026-03-29 19:36:29', NULL, NULL, NULL, '2026-03-29 16:36:22', '2026-03-29 16:58:33', NULL);

-- --------------------------------------------------------

--
-- Table structure for table `purchase_requisition_items`
--

CREATE TABLE `purchase_requisition_items` (
  `id` bigint(20) UNSIGNED NOT NULL,
  `purchase_requisition_id` bigint(20) UNSIGNED NOT NULL,
  `item_id` bigint(20) UNSIGNED NOT NULL,
  `quantity` decimal(15,2) NOT NULL,
  `unit_id` bigint(20) UNSIGNED NOT NULL,
  `estimated_unit_price` decimal(15,2) DEFAULT NULL,
  `cost_center_id` bigint(20) UNSIGNED DEFAULT NULL,
  `notes` text DEFAULT NULL,
  `created_at` timestamp NULL DEFAULT NULL,
  `updated_at` timestamp NULL DEFAULT NULL,
  `deleted_at` timestamp NULL DEFAULT NULL
) ENGINE=InnoDB DEFAULT CHARSET=utf8mb4 COLLATE=utf8mb4_unicode_ci;

--
-- Dumping data for table `purchase_requisition_items`
--

INSERT INTO `purchase_requisition_items` (`id`, `purchase_requisition_id`, `item_id`, `quantity`, `unit_id`, `estimated_unit_price`, `cost_center_id`, `notes`, `created_at`, `updated_at`, `deleted_at`) VALUES
(1, 1, 1716, 10.00, 156, 10.00, NULL, NULL, '2026-03-29 16:36:22', '2026-03-29 16:36:22', NULL);

-- --------------------------------------------------------

--
-- Table structure for table `purchase_returns`
--

CREATE TABLE `purchase_returns` (
  `id` bigint(20) UNSIGNED NOT NULL,
  `company_id` bigint(20) UNSIGNED NOT NULL,
  `supplier_id` bigint(20) UNSIGNED NOT NULL,
  `supplier_invoice_id` bigint(20) UNSIGNED DEFAULT NULL,
  `warehouse_id` bigint(20) UNSIGNED DEFAULT NULL,
  `return_number` varchar(255) NOT NULL,
  `return_date` date NOT NULL,
  `return_reason` varchar(255) DEFAULT NULL,
  `subtotal` decimal(12,2) NOT NULL DEFAULT 0.00,
  `tax_amount` decimal(12,2) NOT NULL DEFAULT 0.00,
  `total_amount` decimal(12,2) NOT NULL DEFAULT 0.00,
  `status` enum('draft','sent','received','cancelled') NOT NULL DEFAULT 'draft',
  `notes` text DEFAULT NULL,
  `attachment` varchar(255) DEFAULT NULL,
  `created_by` bigint(20) UNSIGNED DEFAULT NULL,
  `approved_by` bigint(20) UNSIGNED DEFAULT NULL,
  `approved_at` timestamp NULL DEFAULT NULL,
  `deleted_at` timestamp NULL DEFAULT NULL,
  `created_at` timestamp NULL DEFAULT NULL,
  `updated_at` timestamp NULL DEFAULT NULL
) ENGINE=InnoDB DEFAULT CHARSET=utf8mb4 COLLATE=utf8mb4_unicode_ci;

-- --------------------------------------------------------

--
-- Table structure for table `purchase_return_items`
--

CREATE TABLE `purchase_return_items` (
  `id` bigint(20) UNSIGNED NOT NULL,
  `purchase_return_id` bigint(20) UNSIGNED NOT NULL,
  `item_id` bigint(20) UNSIGNED NOT NULL,
  `unit_id` bigint(20) UNSIGNED NOT NULL,
  `quantity` decimal(12,3) NOT NULL DEFAULT 0.000,
  `unit_cost` decimal(12,2) NOT NULL DEFAULT 0.00,
  `tax_rate` decimal(5,2) NOT NULL DEFAULT 0.00,
  `tax_amount` decimal(12,2) NOT NULL DEFAULT 0.00,
  `total_cost` decimal(12,2) NOT NULL DEFAULT 0.00,
  `description` text DEFAULT NULL,
  `created_at` timestamp NULL DEFAULT NULL,
  `updated_at` timestamp NULL DEFAULT NULL
) ENGINE=InnoDB DEFAULT CHARSET=utf8mb4 COLLATE=utf8mb4_unicode_ci;

-- --------------------------------------------------------

--
-- Table structure for table `quality_checklists`
--

CREATE TABLE `quality_checklists` (
  `id` bigint(20) UNSIGNED NOT NULL,
  `company_id` bigint(20) UNSIGNED NOT NULL,
  `quality_standard_id` bigint(20) UNSIGNED NOT NULL,
  `name` varchar(255) NOT NULL,
  `description` text DEFAULT NULL,
  `sequence` int(11) NOT NULL DEFAULT 0,
  `is_active` tinyint(1) NOT NULL DEFAULT 1,
  `created_at` timestamp NULL DEFAULT NULL,
  `updated_at` timestamp NULL DEFAULT NULL,
  `deleted_at` timestamp NULL DEFAULT NULL
) ENGINE=InnoDB DEFAULT CHARSET=utf8mb4 COLLATE=utf8mb4_unicode_ci;

-- --------------------------------------------------------

--
-- Table structure for table `quality_controls`
--

CREATE TABLE `quality_controls` (
  `id` bigint(20) UNSIGNED NOT NULL,
  `company_id` bigint(20) UNSIGNED NOT NULL,
  `production_order_id` bigint(20) UNSIGNED NOT NULL,
  `inspector_id` bigint(20) UNSIGNED DEFAULT NULL,
  `inspection_date` datetime NOT NULL,
  `total_inspected` decimal(12,2) NOT NULL,
  `total_passed` decimal(12,2) NOT NULL,
  `total_rejected` decimal(12,2) NOT NULL DEFAULT 0.00,
  `status` enum('pending','approved','rejected') NOT NULL DEFAULT 'pending',
  `inspection_notes` text DEFAULT NULL,
  `defect_description` text DEFAULT NULL,
  `corrective_action` text DEFAULT NULL,
  `created_at` timestamp NULL DEFAULT NULL,
  `updated_at` timestamp NULL DEFAULT NULL,
  `deleted_at` timestamp NULL DEFAULT NULL
) ENGINE=InnoDB DEFAULT CHARSET=utf8mb4 COLLATE=utf8mb4_unicode_ci;

-- --------------------------------------------------------

--
-- Table structure for table `quality_standards`
--

CREATE TABLE `quality_standards` (
  `id` bigint(20) UNSIGNED NOT NULL,
  `company_id` bigint(20) UNSIGNED NOT NULL,
  `name` varchar(255) NOT NULL,
  `description` text DEFAULT NULL,
  `category` varchar(255) DEFAULT NULL,
  `version` varchar(255) NOT NULL DEFAULT '1.0',
  `is_active` tinyint(1) NOT NULL DEFAULT 1,
  `created_by` bigint(20) UNSIGNED DEFAULT NULL,
  `updated_by` bigint(20) UNSIGNED DEFAULT NULL,
  `created_at` timestamp NULL DEFAULT NULL,
  `updated_at` timestamp NULL DEFAULT NULL,
  `deleted_at` timestamp NULL DEFAULT NULL
) ENGINE=InnoDB DEFAULT CHARSET=utf8mb4 COLLATE=utf8mb4_unicode_ci;

-- --------------------------------------------------------

--
-- Table structure for table `quotations`
--

CREATE TABLE `quotations` (
  `id` bigint(20) UNSIGNED NOT NULL,
  `company_id` bigint(20) UNSIGNED NOT NULL,
  `quotation_number` varchar(255) NOT NULL,
  `supplier_id` bigint(20) UNSIGNED NOT NULL,
  `quotation_request_id` bigint(20) UNSIGNED DEFAULT NULL,
  `validity_date` date DEFAULT NULL,
  `subtotal` decimal(15,2) NOT NULL DEFAULT 0.00,
  `tax_amount` decimal(15,2) NOT NULL DEFAULT 0.00,
  `total_amount` decimal(15,2) NOT NULL DEFAULT 0.00,
  `status` enum('draft','sent','received','accepted','rejected') NOT NULL DEFAULT 'draft',
  `notes` text DEFAULT NULL,
  `attachment` varchar(255) DEFAULT NULL,
  `created_at` timestamp NULL DEFAULT NULL,
  `updated_at` timestamp NULL DEFAULT NULL,
  `deleted_at` timestamp NULL DEFAULT NULL
) ENGINE=InnoDB DEFAULT CHARSET=utf8mb4 COLLATE=utf8mb4_unicode_ci;

--
-- Dumping data for table `quotations`
--

INSERT INTO `quotations` (`id`, `company_id`, `quotation_number`, `supplier_id`, `quotation_request_id`, `validity_date`, `subtotal`, `tax_amount`, `total_amount`, `status`, `notes`, `attachment`, `created_at`, `updated_at`, `deleted_at`) VALUES
(1, 19, 'QT-202603-0001', 5, NULL, '2026-03-30', 100.00, 0.00, 100.00, 'draft', NULL, NULL, '2026-03-29 17:15:31', '2026-03-29 17:15:31', NULL),
(2, 19, 'QT-202603-0002', 5, NULL, '2026-03-30', 100.00, 0.00, 100.00, 'accepted', NULL, NULL, '2026-03-29 17:17:31', '2026-03-29 17:17:44', NULL);

-- --------------------------------------------------------

--
-- Table structure for table `quotation_items`
--

CREATE TABLE `quotation_items` (
  `id` bigint(20) UNSIGNED NOT NULL,
  `quotation_id` bigint(20) UNSIGNED NOT NULL,
  `item_id` bigint(20) UNSIGNED NOT NULL,
  `quantity` decimal(15,2) NOT NULL,
  `unit_id` bigint(20) UNSIGNED NOT NULL,
  `unit_price` decimal(15,2) NOT NULL,
  `discount_amount` decimal(15,2) NOT NULL DEFAULT 0.00,
  `tax_rate` decimal(5,2) NOT NULL DEFAULT 0.00,
  `tax_amount` decimal(15,2) NOT NULL DEFAULT 0.00,
  `line_total` decimal(15,2) NOT NULL,
  `notes` text DEFAULT NULL,
  `created_at` timestamp NULL DEFAULT NULL,
  `updated_at` timestamp NULL DEFAULT NULL,
  `deleted_at` timestamp NULL DEFAULT NULL
) ENGINE=InnoDB DEFAULT CHARSET=utf8mb4 COLLATE=utf8mb4_unicode_ci;

--
-- Dumping data for table `quotation_items`
--

INSERT INTO `quotation_items` (`id`, `quotation_id`, `item_id`, `quantity`, `unit_id`, `unit_price`, `discount_amount`, `tax_rate`, `tax_amount`, `line_total`, `notes`, `created_at`, `updated_at`, `deleted_at`) VALUES
(1, 2, 1716, 10.00, 156, 10.00, 0.00, 0.00, 0.00, 100.00, NULL, '2026-03-29 17:17:31', '2026-03-29 17:17:31', NULL);

-- --------------------------------------------------------

--
-- Table structure for table `quotation_requests`
--

CREATE TABLE `quotation_requests` (
  `id` bigint(20) UNSIGNED NOT NULL,
  `company_id` bigint(20) UNSIGNED NOT NULL,
  `rq_number` varchar(255) NOT NULL,
  `description` text DEFAULT NULL,
  `deadline` date DEFAULT NULL,
  `status` enum('draft','sent','awaiting_responses','received','closed','cancelled') NOT NULL DEFAULT 'draft',
  `notes` text DEFAULT NULL,
  `attachment` varchar(255) DEFAULT NULL,
  `created_at` timestamp NULL DEFAULT NULL,
  `updated_at` timestamp NULL DEFAULT NULL,
  `deleted_at` timestamp NULL DEFAULT NULL
) ENGINE=InnoDB DEFAULT CHARSET=utf8mb4 COLLATE=utf8mb4_unicode_ci;

-- --------------------------------------------------------

--
-- Table structure for table `quotation_request_items`
--

CREATE TABLE `quotation_request_items` (
  `id` bigint(20) UNSIGNED NOT NULL,
  `quotation_request_id` bigint(20) UNSIGNED NOT NULL,
  `item_id` bigint(20) UNSIGNED NOT NULL,
  `quantity` decimal(15,2) NOT NULL,
  `unit_id` bigint(20) UNSIGNED NOT NULL,
  `specifications` text DEFAULT NULL,
  `created_at` timestamp NULL DEFAULT NULL,
  `updated_at` timestamp NULL DEFAULT NULL,
  `deleted_at` timestamp NULL DEFAULT NULL
) ENGINE=InnoDB DEFAULT CHARSET=utf8mb4 COLLATE=utf8mb4_unicode_ci;

-- --------------------------------------------------------

--
-- Table structure for table `quotation_request_suppliers`
--

CREATE TABLE `quotation_request_suppliers` (
  `id` bigint(20) UNSIGNED NOT NULL,
  `quotation_request_id` bigint(20) UNSIGNED NOT NULL,
  `supplier_id` bigint(20) UNSIGNED NOT NULL,
  `created_at` timestamp NULL DEFAULT NULL,
  `updated_at` timestamp NULL DEFAULT NULL
) ENGINE=InnoDB DEFAULT CHARSET=utf8mb4 COLLATE=utf8mb4_unicode_ci;

-- --------------------------------------------------------

--
-- Table structure for table `raw_materials_warehouses`
--

CREATE TABLE `raw_materials_warehouses` (
  `id` bigint(20) UNSIGNED NOT NULL,
  `company_id` bigint(20) UNSIGNED NOT NULL,
  `name` varchar(255) NOT NULL COMMENT 'اسم مخزن الخامات',
  `location` varchar(255) DEFAULT NULL COMMENT 'موقع المخزن',
  `chart_of_account_id` bigint(20) UNSIGNED DEFAULT NULL,
  `description` text DEFAULT NULL,
  `is_active` tinyint(1) NOT NULL DEFAULT 1,
  `created_at` timestamp NULL DEFAULT NULL,
  `updated_at` timestamp NULL DEFAULT NULL,
  `deleted_at` timestamp NULL DEFAULT NULL
) ENGINE=InnoDB DEFAULT CHARSET=utf8mb4 COLLATE=utf8mb4_unicode_ci;

-- --------------------------------------------------------

--
-- Table structure for table `raw_material_issues`
--

CREATE TABLE `raw_material_issues` (
  `id` bigint(20) UNSIGNED NOT NULL,
  `company_id` bigint(20) UNSIGNED NOT NULL,
  `manufacturing_center_id` bigint(20) UNSIGNED NOT NULL,
  `production_order_id` bigint(20) UNSIGNED NOT NULL,
  `item_id` bigint(20) UNSIGNED NOT NULL,
  `warehouse_id` bigint(20) UNSIGNED DEFAULT NULL,
  `issue_number` varchar(255) NOT NULL,
  `quantity_issued` decimal(12,2) NOT NULL,
  `issued_date` date DEFAULT NULL,
  `issued_by` bigint(20) UNSIGNED DEFAULT NULL,
  `received_by` bigint(20) UNSIGNED DEFAULT NULL,
  `reference_number` varchar(255) DEFAULT NULL,
  `status` enum('pending','issued','cancelled') NOT NULL DEFAULT 'pending',
  `notes` text DEFAULT NULL,
  `created_at` timestamp NULL DEFAULT NULL,
  `updated_at` timestamp NULL DEFAULT NULL,
  `deleted_at` timestamp NULL DEFAULT NULL
) ENGINE=InnoDB DEFAULT CHARSET=utf8mb4 COLLATE=utf8mb4_unicode_ci;

-- --------------------------------------------------------

--
-- Table structure for table `report_executions`
--

CREATE TABLE `report_executions` (
  `id` bigint(20) UNSIGNED NOT NULL,
  `custom_report_id` bigint(20) UNSIGNED NOT NULL,
  `user_id` bigint(20) UNSIGNED DEFAULT NULL,
  `executed_by` varchar(255) DEFAULT NULL,
  `parameters` longtext CHARACTER SET utf8mb4 COLLATE utf8mb4_bin DEFAULT NULL CHECK (json_valid(`parameters`)),
  `executed_at` timestamp NULL DEFAULT NULL,
  `created_at` timestamp NULL DEFAULT NULL,
  `updated_at` timestamp NULL DEFAULT NULL
) ENGINE=InnoDB DEFAULT CHARSET=utf8mb4 COLLATE=utf8mb4_unicode_ci;

-- --------------------------------------------------------

--
-- Table structure for table `restaurants`
--

CREATE TABLE `restaurants` (
  `id` bigint(20) UNSIGNED NOT NULL,
  `company_id` bigint(20) UNSIGNED NOT NULL,
  `name` varchar(255) NOT NULL,
  `description` text DEFAULT NULL,
  `address` varchar(255) DEFAULT NULL,
  `phone` varchar(255) DEFAULT NULL,
  `email` varchar(255) DEFAULT NULL,
  `restaurant_type` enum('cafe','restaurant','fast_food','bakery','ice_cream','other') NOT NULL DEFAULT 'restaurant',
  `format` enum('dine_in','delivery','both') NOT NULL DEFAULT 'both',
  `is_active` tinyint(1) NOT NULL DEFAULT 1,
  `opening_time` time DEFAULT NULL,
  `closing_time` time DEFAULT NULL,
  `currency` varchar(255) NOT NULL DEFAULT 'SAR',
  `created_at` timestamp NULL DEFAULT NULL,
  `updated_at` timestamp NULL DEFAULT NULL,
  `deleted_at` timestamp NULL DEFAULT NULL
) ENGINE=InnoDB DEFAULT CHARSET=utf8mb4 COLLATE=utf8mb4_unicode_ci;

--
-- Dumping data for table `restaurants`
--

INSERT INTO `restaurants` (`id`, `company_id`, `name`, `description`, `address`, `phone`, `email`, `restaurant_type`, `format`, `is_active`, `opening_time`, `closing_time`, `currency`, `created_at`, `updated_at`, `deleted_at`) VALUES
(1, 1, 'مطعم وجبات سريعة', NULL, '1', NULL, NULL, 'fast_food', 'both', 1, '07:19:00', '13:19:00', 'SAR', '2025-12-09 16:19:39', '2025-12-09 16:19:39', NULL),
(2, 11, 'مطعم رقم 1', NULL, 'الرياض', '123456', NULL, 'restaurant', 'both', 1, NULL, NULL, 'SAR', '2025-12-20 16:14:13', '2025-12-20 16:14:13', NULL);

-- --------------------------------------------------------

--
-- Table structure for table `restaurant_branches`
--

CREATE TABLE `restaurant_branches` (
  `id` bigint(20) UNSIGNED NOT NULL,
  `restaurant_id` bigint(20) UNSIGNED NOT NULL,
  `company_id` bigint(20) UNSIGNED NOT NULL,
  `name` varchar(255) NOT NULL,
  `address` varchar(255) DEFAULT NULL,
  `phone` varchar(255) DEFAULT NULL,
  `chart_of_account_id` bigint(20) UNSIGNED DEFAULT NULL,
  `is_active` tinyint(1) NOT NULL DEFAULT 1,
  `created_at` timestamp NULL DEFAULT NULL,
  `updated_at` timestamp NULL DEFAULT NULL,
  `deleted_at` timestamp NULL DEFAULT NULL
) ENGINE=InnoDB DEFAULT CHARSET=utf8mb4 COLLATE=utf8mb4_unicode_ci;

--
-- Dumping data for table `restaurant_branches`
--

INSERT INTO `restaurant_branches` (`id`, `restaurant_id`, `company_id`, `name`, `address`, `phone`, `chart_of_account_id`, `is_active`, `created_at`, `updated_at`, `deleted_at`) VALUES
(1, 1, 1, 'فرع رقم 1', 'الرياض', NULL, 12, 1, '2025-12-10 08:02:52', '2025-12-10 08:02:52', NULL),
(2, 2, 11, 'الفرع الرئيسي', 'الرياض', '123456789', NULL, 1, '2025-12-20 16:15:01', '2025-12-20 16:15:01', NULL);

-- --------------------------------------------------------

--
-- Table structure for table `restaurant_invoices`
--

CREATE TABLE `restaurant_invoices` (
  `id` bigint(20) UNSIGNED NOT NULL,
  `order_id` bigint(20) UNSIGNED NOT NULL,
  `branch_id` bigint(20) UNSIGNED NOT NULL,
  `pos_terminal_id` bigint(20) UNSIGNED DEFAULT NULL,
  `company_id` bigint(20) UNSIGNED NOT NULL,
  `invoice_number` varchar(255) NOT NULL,
  `invoice_date` timestamp NOT NULL DEFAULT current_timestamp() ON UPDATE current_timestamp(),
  `customer_id` bigint(20) UNSIGNED DEFAULT NULL,
  `status` enum('draft','sent','paid','cancelled') NOT NULL DEFAULT 'draft',
  `subtotal` decimal(10,2) NOT NULL,
  `tax_amount` decimal(10,2) NOT NULL,
  `discount_amount` decimal(10,2) NOT NULL DEFAULT 0.00,
  `total_amount` decimal(10,2) NOT NULL,
  `paid_amount` decimal(10,2) NOT NULL DEFAULT 0.00,
  `remaining_amount` decimal(10,2) NOT NULL DEFAULT 0.00,
  `payment_method` varchar(255) DEFAULT NULL,
  `notes` text DEFAULT NULL,
  `journal_entry_id` bigint(20) UNSIGNED DEFAULT NULL,
  `created_at` timestamp NULL DEFAULT NULL,
  `updated_at` timestamp NULL DEFAULT NULL,
  `deleted_at` timestamp NULL DEFAULT NULL
) ENGINE=InnoDB DEFAULT CHARSET=utf8mb4 COLLATE=utf8mb4_unicode_ci;

--
-- Dumping data for table `restaurant_invoices`
--

INSERT INTO `restaurant_invoices` (`id`, `order_id`, `branch_id`, `pos_terminal_id`, `company_id`, `invoice_number`, `invoice_date`, `customer_id`, `status`, `subtotal`, `tax_amount`, `discount_amount`, `total_amount`, `paid_amount`, `remaining_amount`, `payment_method`, `notes`, `journal_entry_id`, `created_at`, `updated_at`, `deleted_at`) VALUES
(4, 37, 1, NULL, 1, 'INV-202512-0001', '2025-12-11 06:53:37', NULL, 'paid', 40.00, 6.00, 0.00, 46.00, 0.00, 0.00, NULL, NULL, NULL, '2025-12-11 06:53:37', '2025-12-11 06:53:37', NULL),
(5, 38, 1, NULL, 1, 'INV-202512-0002', '2025-12-11 08:43:07', NULL, 'paid', 40.00, 6.00, 0.00, 46.00, 0.00, 0.00, NULL, NULL, NULL, '2025-12-11 08:43:07', '2025-12-11 08:43:07', NULL),
(6, 43, 1, NULL, 1, 'INV-202512-0003', '2025-12-11 09:05:08', NULL, 'paid', 45.00, 6.75, 0.00, 51.75, 0.00, 0.00, NULL, NULL, NULL, '2025-12-11 09:05:08', '2025-12-11 09:05:08', NULL),
(7, 44, 1, 1, 1, 'INV-20251211-0004', '2025-12-11 18:07:15', NULL, 'paid', 40.00, 6.00, 0.00, 46.00, 0.00, 0.00, NULL, NULL, NULL, '2025-12-11 18:07:15', '2025-12-11 18:07:15', NULL),
(8, 46, 1, 1, 1, 'INV-20251211-0005', '2025-12-11 18:22:54', NULL, 'paid', 120.00, 18.00, 0.00, 138.00, 0.00, 0.00, NULL, NULL, NULL, '2025-12-11 18:22:54', '2025-12-11 18:22:54', NULL),
(9, 47, 2, 2, 11, 'INV-20251220-0001', '2025-12-20 17:12:13', NULL, 'paid', 85.00, 12.75, 0.00, 97.75, 0.00, 0.00, NULL, NULL, NULL, '2025-12-20 17:12:13', '2025-12-20 17:12:13', NULL),
(10, 48, 2, 2, 11, 'INV-20251220-0002', '2025-12-20 17:23:50', NULL, 'paid', 5.00, 0.75, 0.00, 5.75, 0.00, 0.00, NULL, NULL, NULL, '2025-12-20 17:23:50', '2025-12-20 17:23:50', NULL),
(11, 49, 2, 2, 11, 'INV-20251220-0003', '2025-12-20 20:06:54', NULL, 'paid', 40.00, 6.00, 0.00, 46.00, 0.00, 0.00, NULL, NULL, NULL, '2025-12-20 20:06:54', '2025-12-20 20:06:54', NULL),
(12, 53, 2, 2, 11, 'INV-20251221-0001', '2025-12-21 15:49:41', NULL, 'paid', 40.00, 6.00, 0.00, 46.00, 0.00, 0.00, NULL, NULL, NULL, '2025-12-21 15:49:41', '2025-12-21 15:49:41', NULL),
(13, 57, 2, 2, 11, 'INV-20251221-0002', '2025-12-21 17:48:40', NULL, 'paid', 45.00, 6.75, 0.00, 51.75, 0.00, 0.00, NULL, NULL, NULL, '2025-12-21 17:48:40', '2025-12-21 17:48:40', NULL),
(14, 61, 2, NULL, 11, 'INV-20251221-0003', '2025-12-21 17:53:58', NULL, 'paid', 40.00, 6.00, 0.00, 46.00, 0.00, 0.00, NULL, NULL, NULL, '2025-12-21 17:53:58', '2025-12-21 17:53:58', NULL),
(15, 63, 2, NULL, 11, 'INV-20251221-0004', '2025-12-21 18:37:39', NULL, 'paid', 40.00, 6.00, 0.00, 46.00, 0.00, 0.00, NULL, NULL, NULL, '2025-12-21 18:37:39', '2025-12-21 18:37:39', NULL),
(16, 65, 2, NULL, 11, 'INV-20251221-0005', '2025-12-21 18:56:58', NULL, 'paid', 90.00, 13.50, 0.00, 103.50, 0.00, 0.00, NULL, NULL, NULL, '2025-12-21 18:56:58', '2025-12-21 18:56:58', NULL),
(17, 67, 2, NULL, 11, 'INV-20251221-0006', '2025-12-21 19:22:20', 6, 'paid', 40.00, 6.00, 0.00, 46.00, 46.00, 0.00, 'cash', NULL, NULL, '2025-12-21 19:22:20', '2025-12-21 19:22:20', NULL),
(19, 70, 2, NULL, 11, 'INV-20251221-0007', '2025-12-21 19:48:43', 6, 'paid', 120.00, 18.00, 0.00, 138.00, 138.00, 0.00, 'cash', NULL, 23, '2025-12-21 19:48:43', '2025-12-21 19:48:43', NULL),
(20, 72, 2, NULL, 11, 'INV-20251221-0008', '2025-12-21 20:02:02', 6, 'paid', 10.00, 1.50, 0.00, 11.50, 11.50, 0.00, 'cash', NULL, 24, '2025-12-21 20:02:01', '2025-12-21 20:02:02', NULL),
(21, 73, 2, NULL, 11, 'INV-20251221-0009', '2025-12-21 20:27:48', 6, 'paid', 45.00, 6.75, 0.00, 51.75, 51.75, 0.00, 'cash', NULL, 25, '2025-12-21 20:27:47', '2025-12-21 20:27:48', NULL),
(26, 75, 2, NULL, 11, 'INV-20251221-0010', '2025-12-21 20:56:19', 6, 'paid', 40.00, 6.00, 0.00, 46.00, 46.00, 0.00, 'cash', NULL, 29, '2025-12-21 20:56:19', '2025-12-21 20:56:19', NULL);

-- --------------------------------------------------------

--
-- Table structure for table `restaurant_orders`
--

CREATE TABLE `restaurant_orders` (
  `id` bigint(20) UNSIGNED NOT NULL,
  `branch_id` bigint(20) UNSIGNED NOT NULL,
  `pos_terminal_id` bigint(20) UNSIGNED DEFAULT NULL,
  `company_id` bigint(20) UNSIGNED NOT NULL,
  `table_id` bigint(20) UNSIGNED DEFAULT NULL,
  `order_number` varchar(255) NOT NULL,
  `staff_id` bigint(20) UNSIGNED DEFAULT NULL,
  `customer_id` bigint(20) UNSIGNED DEFAULT NULL,
  `status` enum('pending','in_progress','completed','cancelled') NOT NULL DEFAULT 'pending',
  `order_date` timestamp NOT NULL DEFAULT current_timestamp() ON UPDATE current_timestamp(),
  `notes` text DEFAULT NULL,
  `subtotal` decimal(10,2) NOT NULL DEFAULT 0.00,
  `tax_amount` decimal(10,2) NOT NULL DEFAULT 0.00,
  `discount_amount` decimal(10,2) NOT NULL DEFAULT 0.00,
  `total_amount` decimal(10,2) NOT NULL DEFAULT 0.00,
  `payment_method` varchar(255) DEFAULT NULL,
  `created_at` timestamp NULL DEFAULT NULL,
  `updated_at` timestamp NULL DEFAULT NULL,
  `deleted_at` timestamp NULL DEFAULT NULL
) ENGINE=InnoDB DEFAULT CHARSET=utf8mb4 COLLATE=utf8mb4_unicode_ci;

--
-- Dumping data for table `restaurant_orders`
--

INSERT INTO `restaurant_orders` (`id`, `branch_id`, `pos_terminal_id`, `company_id`, `table_id`, `order_number`, `staff_id`, `customer_id`, `status`, `order_date`, `notes`, `subtotal`, `tax_amount`, `discount_amount`, `total_amount`, `payment_method`, `created_at`, `updated_at`, `deleted_at`) VALUES
(1, 1, NULL, 1, NULL, 'ORD-20251210-0001', 1, NULL, 'pending', '2025-12-10 09:18:19', NULL, 0.00, 0.00, 0.00, 0.00, NULL, '2025-12-10 09:18:19', '2025-12-10 09:18:19', NULL),
(2, 1, NULL, 1, 1, 'ORD-20251210-0002', 1, NULL, 'pending', '2025-12-10 09:28:58', NULL, 0.00, 0.00, 0.00, 0.00, NULL, '2025-12-10 09:28:58', '2025-12-10 09:28:58', NULL),
(3, 1, NULL, 1, NULL, 'ORD-20251210-0003', 1, NULL, 'pending', '2025-12-10 09:31:39', NULL, 0.00, 0.00, 0.00, 0.00, NULL, '2025-12-10 09:31:39', '2025-12-10 09:31:39', NULL),
(4, 1, NULL, 1, NULL, 'ORD-20251210-0004', 1, NULL, 'pending', '2025-12-10 09:37:40', NULL, 40.00, 6.00, 0.00, 46.00, NULL, '2025-12-10 09:37:39', '2025-12-10 09:37:40', NULL),
(5, 1, NULL, 1, NULL, 'ORD-20251210-0005', 1, NULL, 'pending', '2025-12-10 09:44:19', NULL, 40.00, 6.00, 0.00, 46.00, NULL, '2025-12-10 09:44:15', '2025-12-10 09:44:19', NULL),
(6, 1, NULL, 1, NULL, 'ORD-20251210-0006', 1, NULL, 'pending', '2025-12-10 09:44:52', NULL, 85.00, 12.75, 0.00, 97.75, NULL, '2025-12-10 09:44:17', '2025-12-10 09:44:52', NULL),
(7, 1, NULL, 1, NULL, 'ORD-20251210-0007', 1, NULL, 'pending', '2025-12-10 09:58:21', NULL, 40.00, 6.00, 0.00, 46.00, NULL, '2025-12-10 09:58:18', '2025-12-10 09:58:21', NULL),
(8, 1, NULL, 1, NULL, 'ORD-20251210-0008', 1, NULL, 'pending', '2025-12-10 09:58:41', NULL, 85.00, 12.75, 0.00, 97.75, NULL, '2025-12-10 09:58:19', '2025-12-10 09:58:41', NULL),
(9, 1, NULL, 1, NULL, 'ORD-20251210-0009', 1, NULL, 'pending', '2025-12-10 11:56:54', NULL, 130.00, 19.50, 0.00, 149.50, NULL, '2025-12-10 11:56:28', '2025-12-10 11:56:54', NULL),
(10, 1, NULL, 1, NULL, 'ORD-20251210-0010', 1, NULL, 'pending', '2025-12-10 11:57:59', NULL, 85.00, 12.75, 0.00, 97.75, NULL, '2025-12-10 11:57:55', '2025-12-10 11:57:59', NULL),
(11, 1, NULL, 1, NULL, 'ORD-20251210-0011', 1, NULL, 'pending', '2025-12-10 12:06:57', NULL, 85.00, 12.75, 0.00, 97.75, NULL, '2025-12-10 12:06:53', '2025-12-10 12:06:57', NULL),
(12, 1, NULL, 1, NULL, 'ORD-20251210-0012', 1, NULL, 'pending', '2025-12-10 12:08:00', NULL, 85.00, 12.75, 0.00, 97.75, NULL, '2025-12-10 12:07:55', '2025-12-10 12:08:00', NULL),
(13, 1, NULL, 1, NULL, 'ORD-20251210-0013', 1, NULL, 'pending', '2025-12-10 12:20:45', NULL, 85.00, 12.75, 0.00, 97.75, NULL, '2025-12-10 12:20:43', '2025-12-10 12:20:45', NULL),
(14, 1, NULL, 1, NULL, 'ORD-20251210-0014', 1, NULL, 'pending', '2025-12-10 12:38:50', NULL, 295.00, 44.25, 0.00, 339.25, NULL, '2025-12-10 12:37:56', '2025-12-10 12:38:50', NULL),
(15, 1, NULL, 1, NULL, 'ORD-20251210-0015', 1, NULL, 'pending', '2025-12-10 12:44:52', NULL, 125.00, 18.75, 0.00, 143.75, NULL, '2025-12-10 12:43:55', '2025-12-10 12:44:52', NULL),
(16, 1, NULL, 1, NULL, 'ORD-20251210-0016', 1, NULL, 'pending', '2025-12-10 12:52:13', NULL, 85.00, 12.75, 0.00, 97.75, NULL, '2025-12-10 12:52:07', '2025-12-10 12:52:13', NULL),
(17, 1, NULL, 1, NULL, 'ORD-20251210-0017', 1, NULL, 'pending', '2025-12-10 13:05:13', NULL, 85.00, 12.75, 0.00, 97.75, NULL, '2025-12-10 13:05:08', '2025-12-10 13:05:13', NULL),
(18, 1, NULL, 1, NULL, 'ORD-20251210-0018', 1, NULL, 'pending', '2025-12-10 13:05:55', NULL, 40.00, 6.00, 0.00, 46.00, NULL, '2025-12-10 13:05:53', '2025-12-10 13:05:55', NULL),
(19, 1, NULL, 1, NULL, 'ORD-20251210-0019', 1, NULL, 'pending', '2025-12-10 13:05:56', NULL, 45.00, 6.75, 0.00, 51.75, NULL, '2025-12-10 13:05:54', '2025-12-10 13:05:56', NULL),
(20, 1, NULL, 1, NULL, 'ORD-20251210-0020', 1, NULL, 'pending', '2025-12-10 13:59:48', NULL, 40.00, 6.00, 0.00, 46.00, NULL, '2025-12-10 13:59:46', '2025-12-10 13:59:48', NULL),
(21, 1, NULL, 1, NULL, 'ORD-20251210-0021', 1, NULL, 'pending', '2025-12-10 14:05:01', NULL, 90.00, 13.50, 0.00, 103.50, NULL, '2025-12-10 13:59:47', '2025-12-10 14:05:01', NULL),
(22, 1, NULL, 1, NULL, 'ORD-20251210-0022', 1, NULL, 'pending', '2025-12-10 14:11:03', NULL, 85.00, 12.75, 0.00, 97.75, NULL, '2025-12-10 14:11:00', '2025-12-10 14:11:03', NULL),
(23, 1, NULL, 1, NULL, 'ORD-20251210-0023', 1, NULL, 'pending', '2025-12-10 14:11:58', NULL, 40.00, 6.00, 0.00, 46.00, NULL, '2025-12-10 14:11:57', '2025-12-10 14:11:58', NULL),
(24, 1, NULL, 1, NULL, 'ORD-20251210-0024', 1, NULL, 'pending', '2025-12-10 14:16:37', NULL, 45.00, 6.75, 0.00, 51.75, NULL, '2025-12-10 14:16:36', '2025-12-10 14:16:37', NULL),
(25, 1, NULL, 1, NULL, 'ORD-20251210-0025', 1, NULL, 'pending', '2025-12-10 14:54:24', NULL, 40.00, 6.00, 0.00, 46.00, NULL, '2025-12-10 14:54:22', '2025-12-10 14:54:24', NULL),
(26, 1, NULL, 1, NULL, 'ORD-20251210-0026', 1, NULL, 'pending', '2025-12-10 14:54:25', NULL, 45.00, 6.75, 0.00, 51.75, NULL, '2025-12-10 14:54:23', '2025-12-10 14:54:25', NULL),
(27, 1, NULL, 1, NULL, 'ORD-20251210-0027', 1, NULL, 'pending', '2025-12-10 15:15:01', NULL, 40.00, 6.00, 0.00, 46.00, NULL, '2025-12-10 15:15:00', '2025-12-10 15:15:01', NULL),
(28, 1, NULL, 1, NULL, 'ORD-20251210-0028', 1, NULL, 'pending', '2025-12-10 16:24:43', NULL, 40.00, 6.00, 0.00, 46.00, NULL, '2025-12-10 16:24:41', '2025-12-10 16:24:43', NULL),
(29, 1, NULL, 1, NULL, 'ORD-20251210-0029', 1, NULL, 'pending', '2025-12-10 16:30:21', NULL, 40.00, 6.00, 0.00, 46.00, NULL, '2025-12-10 16:30:19', '2025-12-10 16:30:21', NULL),
(30, 1, NULL, 1, NULL, 'ORD-20251210-0030', 1, NULL, 'completed', '2025-12-10 16:38:26', NULL, 40.00, 6.00, 0.00, 46.00, NULL, '2025-12-10 16:38:11', '2025-12-10 16:38:26', NULL),
(31, 1, NULL, 1, NULL, 'ORD-20251210-0031', 1, NULL, 'completed', '2025-12-10 16:50:19', NULL, 40.00, 6.00, 0.00, 46.00, NULL, '2025-12-10 16:50:05', '2025-12-10 16:50:19', NULL),
(32, 1, NULL, 1, NULL, 'ORD-20251210-0032', 1, NULL, 'completed', '2025-12-10 17:01:22', NULL, 85.00, 12.75, 0.00, 97.75, NULL, '2025-12-10 17:00:36', '2025-12-10 17:01:22', NULL),
(33, 1, NULL, 1, NULL, 'ORD-20251210-0033', 1, NULL, 'completed', '2025-12-10 17:16:37', NULL, 40.00, 6.00, 0.00, 46.00, NULL, '2025-12-10 17:16:27', '2025-12-10 17:16:37', NULL),
(34, 1, NULL, 1, NULL, 'ORD-20251210-0034', 1, NULL, 'completed', '2025-12-10 17:29:12', NULL, 40.00, 6.00, 0.00, 46.00, NULL, '2025-12-10 17:28:55', '2025-12-10 17:29:12', NULL),
(35, 1, NULL, 1, NULL, 'ORD-20251210-0035', 1, NULL, 'completed', '2025-12-10 17:31:55', NULL, 40.00, 6.00, 0.00, 46.00, NULL, '2025-12-10 17:31:31', '2025-12-10 17:31:55', NULL),
(36, 1, NULL, 1, NULL, 'ORD-20251210-0036', 1, NULL, 'completed', '2025-12-10 17:37:11', NULL, 40.00, 6.00, 0.00, 46.00, NULL, '2025-12-10 17:37:02', '2025-12-10 17:37:11', NULL),
(37, 1, NULL, 1, NULL, 'ORD-20251211-0001', 1, NULL, 'completed', '2025-12-11 06:53:37', NULL, 40.00, 6.00, 0.00, 46.00, 'cash', '2025-12-11 06:53:12', '2025-12-11 06:53:37', NULL),
(38, 1, NULL, 1, NULL, 'ORD-20251211-0002', 1, NULL, 'completed', '2025-12-11 08:43:07', NULL, 40.00, 6.00, 0.00, 46.00, 'cash', '2025-12-11 08:40:01', '2025-12-11 08:43:07', NULL),
(39, 1, NULL, 1, NULL, 'ORD-20251211-0003', 1, NULL, 'pending', '2025-12-11 08:44:41', NULL, 40.00, 6.00, 0.00, 46.00, NULL, '2025-12-11 08:44:40', '2025-12-11 08:44:41', NULL),
(40, 1, NULL, 1, NULL, 'ORD-20251211-0004', 1, NULL, 'pending', '2025-12-11 08:52:25', NULL, 40.00, 6.00, 0.00, 46.00, NULL, '2025-12-11 08:52:23', '2025-12-11 08:52:25', NULL),
(41, 1, NULL, 1, NULL, 'ORD-20251211-0005', 1, NULL, 'completed', '2025-12-11 08:52:56', NULL, 45.00, 6.75, 0.00, 51.75, NULL, '2025-12-11 08:52:24', '2025-12-11 08:52:56', NULL),
(42, 1, NULL, 1, NULL, 'ORD-20251211-0006', 1, NULL, 'pending', '2025-12-11 09:05:03', NULL, 40.00, 6.00, 0.00, 46.00, NULL, '2025-12-11 09:05:01', '2025-12-11 09:05:03', NULL),
(43, 1, NULL, 1, NULL, 'ORD-20251211-0007', 1, NULL, 'completed', '2025-12-11 09:05:08', NULL, 45.00, 6.75, 0.00, 51.75, 'cash', '2025-12-11 09:05:02', '2025-12-11 09:05:08', NULL),
(44, 1, 1, 1, NULL, 'ORD-20251211-0008', 1, NULL, 'completed', '2025-12-11 18:07:15', NULL, 40.00, 6.00, 0.00, 46.00, 'cash', '2025-12-11 18:06:05', '2025-12-11 18:07:15', NULL),
(45, 1, 1, 1, NULL, 'ORD-20251211-0009', 1, NULL, 'pending', '2025-12-11 18:14:40', NULL, 85.00, 12.75, 0.00, 97.75, NULL, '2025-12-11 18:14:33', '2025-12-11 18:14:40', NULL),
(46, 1, 1, 1, NULL, 'ORD-20251211-0010', 1, NULL, 'completed', '2025-12-11 18:22:54', NULL, 120.00, 18.00, 0.00, 138.00, 'cash', '2025-12-11 18:22:24', '2025-12-11 18:22:54', NULL),
(47, 2, 2, 11, NULL, 'ORD-20251220-0001', 9, NULL, 'completed', '2025-12-20 17:12:13', NULL, 85.00, 12.75, 0.00, 97.75, 'cash', '2025-12-20 17:08:43', '2025-12-20 17:12:13', NULL),
(48, 2, 2, 11, NULL, 'ORD-20251220-0002', 9, NULL, 'completed', '2025-12-20 17:23:50', NULL, 5.00, 0.75, 0.00, 5.75, 'cash', '2025-12-20 17:20:32', '2025-12-20 17:23:50', NULL),
(49, 2, 2, 11, NULL, 'ORD-20251220-0003', 9, NULL, 'completed', '2025-12-20 20:06:54', NULL, 40.00, 6.00, 0.00, 46.00, 'cash', '2025-12-20 17:24:02', '2025-12-20 20:06:54', NULL),
(50, 2, 2, 11, NULL, 'ORD-20251220-0004', 9, NULL, 'completed', '2025-12-20 17:24:23', NULL, 40.00, 6.00, 0.00, 46.00, NULL, '2025-12-20 17:24:18', '2025-12-20 17:24:23', NULL),
(51, 2, 2, 11, NULL, 'ORD-20251220-0005', 9, NULL, 'completed', '2025-12-20 17:27:47', NULL, 40.00, 6.00, 0.00, 46.00, NULL, '2025-12-20 17:27:40', '2025-12-20 17:27:47', NULL),
(52, 2, 2, 11, NULL, 'ORD-20251220-0006', 9, NULL, 'completed', '2025-12-20 17:45:54', NULL, 45.00, 6.75, 0.00, 51.75, NULL, '2025-12-20 17:45:39', '2025-12-20 17:45:54', NULL),
(53, 2, 2, 11, NULL, 'ORD-20251221-0001', 9, NULL, 'completed', '2025-12-21 15:49:41', NULL, 40.00, 6.00, 0.00, 46.00, 'cash', '2025-12-21 15:49:17', '2025-12-21 15:49:41', NULL),
(54, 2, 2, 11, NULL, 'ORD-20251221-0002', 9, NULL, 'pending', '2025-12-21 17:25:24', NULL, 40.00, 6.00, 0.00, 46.00, NULL, '2025-12-21 17:25:23', '2025-12-21 17:25:24', NULL),
(55, 2, 2, 11, NULL, 'ORD-20251221-0003', 9, NULL, 'pending', '2025-12-21 17:26:58', NULL, 40.00, 6.00, 0.00, 46.00, NULL, '2025-12-21 17:26:57', '2025-12-21 17:26:58', NULL),
(56, 2, 2, 11, NULL, 'ORD-20251221-0004', 9, NULL, 'pending', '2025-12-21 17:33:43', NULL, 40.00, 6.00, 0.00, 46.00, NULL, '2025-12-21 17:33:42', '2025-12-21 17:33:43', NULL),
(57, 2, 2, 11, NULL, 'ORD-20251221-0005', 9, NULL, 'completed', '2025-12-21 17:48:40', NULL, 45.00, 6.75, 0.00, 51.75, 'cash', '2025-12-21 17:36:10', '2025-12-21 17:48:40', NULL),
(58, 2, 2, 11, NULL, 'ORD-20251221-0006', 9, NULL, 'pending', '2025-12-21 17:46:26', NULL, 40.00, 6.00, 0.00, 46.00, NULL, '2025-12-21 17:46:25', '2025-12-21 17:46:26', NULL),
(59, 2, NULL, 11, 2, 'ORD-20251221-0007', 9, 5, 'pending', '2025-12-21 17:47:05', NULL, 40.00, 6.00, 0.00, 46.00, 'cash', '2025-12-21 17:47:05', '2025-12-21 17:47:05', NULL),
(60, 2, 2, 11, NULL, 'ORD-20251221-0008', 9, NULL, 'pending', '2025-12-21 17:52:34', NULL, 40.00, 6.00, 0.00, 46.00, NULL, '2025-12-21 17:52:32', '2025-12-21 17:52:34', NULL),
(61, 2, NULL, 11, 2, 'ORD-20251221-0009', 9, 5, 'completed', '2025-12-21 17:53:58', NULL, 40.00, 6.00, 0.00, 46.00, 'cash', '2025-12-21 17:52:51', '2025-12-21 17:53:58', NULL),
(62, 2, 2, 11, 2, 'ORD-20251221-0010', 9, NULL, 'pending', '2025-12-21 18:36:57', NULL, 40.00, 6.00, 0.00, 46.00, NULL, '2025-12-21 18:36:55', '2025-12-21 18:36:57', NULL),
(63, 2, NULL, 11, 2, 'ORD-20251221-0011', 9, 5, 'completed', '2025-12-21 18:37:39', NULL, 40.00, 6.00, 0.00, 46.00, 'cash', '2025-12-21 18:37:01', '2025-12-21 18:37:39', NULL),
(64, 2, 2, 11, NULL, 'ORD-20251221-0012', 9, NULL, 'pending', '2025-12-21 18:54:19', NULL, 90.00, 13.50, 0.00, 103.50, NULL, '2025-12-21 18:54:17', '2025-12-21 18:54:19', NULL),
(65, 2, NULL, 11, 2, 'ORD-20251221-0013', 9, 6, 'completed', '2025-12-21 18:56:58', NULL, 90.00, 13.50, 0.00, 103.50, 'cash', '2025-12-21 18:56:07', '2025-12-21 18:56:58', NULL),
(66, 2, 2, 11, NULL, 'ORD-20251221-0014', 9, NULL, 'pending', '2025-12-21 19:17:27', NULL, 40.00, 6.00, 0.00, 46.00, NULL, '2025-12-21 19:17:26', '2025-12-21 19:17:27', NULL),
(67, 2, NULL, 11, 2, 'ORD-20251221-0015', 9, 6, 'completed', '2025-12-21 19:22:20', NULL, 40.00, 6.00, 0.00, 46.00, 'cash', '2025-12-21 19:18:00', '2025-12-21 19:22:20', NULL),
(68, 2, 2, 11, NULL, 'ORD-20251221-0016', 9, NULL, 'pending', '2025-12-21 19:37:56', NULL, 80.00, 12.00, 0.00, 92.00, NULL, '2025-12-21 19:37:53', '2025-12-21 19:37:56', NULL),
(69, 2, 2, 11, NULL, 'ORD-20251221-0017', 9, NULL, 'pending', '2025-12-21 19:37:57', NULL, 40.00, 6.00, 0.00, 46.00, NULL, '2025-12-21 19:37:54', '2025-12-21 19:37:57', NULL),
(70, 2, NULL, 11, 2, 'ORD-20251221-0018', 9, 6, 'completed', '2025-12-21 19:48:43', NULL, 120.00, 18.00, 0.00, 138.00, 'cash', '2025-12-21 19:38:13', '2025-12-21 19:48:43', NULL),
(71, 2, 2, 11, NULL, 'ORD-20251221-0019', 9, NULL, 'pending', '2025-12-21 20:12:22', NULL, 55.00, 8.25, 0.00, 63.25, NULL, '2025-12-21 20:01:00', '2025-12-21 20:12:22', NULL),
(72, 2, NULL, 11, 2, 'ORD-20251221-0020', 9, 6, 'completed', '2025-12-21 20:02:01', NULL, 10.00, 1.50, 0.00, 11.50, 'cash', '2025-12-21 20:01:33', '2025-12-21 20:02:01', NULL),
(73, 2, NULL, 11, 2, 'ORD-20251221-0021', 9, 6, 'completed', '2025-12-21 20:27:47', NULL, 45.00, 6.75, 0.00, 51.75, 'cash', '2025-12-21 20:12:38', '2025-12-21 20:27:47', NULL),
(74, 2, 2, 11, 2, 'ORD-20251221-0022', 9, NULL, 'pending', '2025-12-21 20:42:28', NULL, 40.00, 6.00, 0.00, 46.00, NULL, '2025-12-21 20:42:27', '2025-12-21 20:42:28', NULL),
(75, 2, NULL, 11, 2, 'ORD-20251221-0023', 9, 6, 'completed', '2025-12-21 20:56:19', NULL, 40.00, 6.00, 0.00, 46.00, 'cash', '2025-12-21 20:42:32', '2025-12-21 20:56:19', NULL),
(76, 2, 2, 11, NULL, 'ORD-20251222-0001', 9, NULL, 'pending', '2025-12-22 06:35:07', NULL, 40.00, 6.00, 0.00, 46.00, NULL, '2025-12-22 06:35:05', '2025-12-22 06:35:07', NULL);

-- --------------------------------------------------------

--
-- Table structure for table `restaurant_order_items`
--

CREATE TABLE `restaurant_order_items` (
  `id` bigint(20) UNSIGNED NOT NULL,
  `order_id` bigint(20) UNSIGNED NOT NULL,
  `menu_item_id` bigint(20) UNSIGNED NOT NULL,
  `quantity` decimal(8,2) NOT NULL,
  `unit_price` decimal(10,2) NOT NULL,
  `special_notes` text DEFAULT NULL,
  `status` enum('pending','in_kitchen','ready','served','cancelled') NOT NULL DEFAULT 'pending',
  `created_at` timestamp NULL DEFAULT NULL,
  `updated_at` timestamp NULL DEFAULT NULL,
  `deleted_at` timestamp NULL DEFAULT NULL
) ENGINE=InnoDB DEFAULT CHARSET=utf8mb4 COLLATE=utf8mb4_unicode_ci;

--
-- Dumping data for table `restaurant_order_items`
--

INSERT INTO `restaurant_order_items` (`id`, `order_id`, `menu_item_id`, `quantity`, `unit_price`, `special_notes`, `status`, `created_at`, `updated_at`, `deleted_at`) VALUES
(1, 4, 1, 1.00, 40.00, NULL, 'pending', '2025-12-10 09:37:40', '2025-12-10 09:37:40', NULL),
(2, 5, 1, 1.00, 40.00, NULL, 'pending', '2025-12-10 09:44:18', '2025-12-10 09:44:18', NULL),
(3, 6, 2, 1.00, 45.00, NULL, 'pending', '2025-12-10 09:44:20', '2025-12-10 09:44:20', NULL),
(4, 6, 1, 1.00, 40.00, NULL, 'pending', '2025-12-10 09:44:52', '2025-12-10 09:44:52', NULL),
(5, 7, 1, 1.00, 40.00, NULL, 'pending', '2025-12-10 09:58:21', '2025-12-10 09:58:21', NULL),
(6, 8, 2, 1.00, 45.00, NULL, 'pending', '2025-12-10 09:58:23', '2025-12-10 09:58:23', NULL),
(7, 8, 1, 1.00, 40.00, NULL, 'pending', '2025-12-10 09:58:40', '2025-12-10 09:58:40', NULL),
(8, 9, 1, 1.00, 40.00, NULL, 'pending', '2025-12-10 11:56:29', '2025-12-10 11:56:29', NULL),
(9, 9, 2, 1.00, 45.00, NULL, 'pending', '2025-12-10 11:56:33', '2025-12-10 11:56:33', NULL),
(10, 9, 2, 1.00, 45.00, NULL, 'pending', '2025-12-10 11:56:54', '2025-12-10 11:56:54', NULL),
(11, 10, 1, 1.00, 40.00, NULL, 'pending', '2025-12-10 11:57:56', '2025-12-10 11:57:56', NULL),
(12, 10, 2, 1.00, 45.00, NULL, 'pending', '2025-12-10 11:57:59', '2025-12-10 11:57:59', NULL),
(13, 11, 1, 1.00, 40.00, NULL, 'pending', '2025-12-10 12:06:54', '2025-12-10 12:06:54', NULL),
(14, 11, 2, 1.00, 45.00, NULL, 'pending', '2025-12-10 12:06:57', '2025-12-10 12:06:57', NULL),
(15, 12, 1, 1.00, 40.00, NULL, 'pending', '2025-12-10 12:07:56', '2025-12-10 12:07:56', NULL),
(16, 12, 2, 1.00, 45.00, NULL, 'pending', '2025-12-10 12:08:00', '2025-12-10 12:08:00', NULL),
(17, 13, 1, 1.00, 40.00, NULL, 'pending', '2025-12-10 12:20:44', '2025-12-10 12:20:44', NULL),
(18, 13, 2, 1.00, 45.00, NULL, 'pending', '2025-12-10 12:20:45', '2025-12-10 12:20:45', NULL),
(19, 14, 1, 1.00, 40.00, NULL, 'pending', '2025-12-10 12:37:57', '2025-12-10 12:37:57', NULL),
(20, 14, 2, 1.00, 45.00, NULL, 'pending', '2025-12-10 12:38:01', '2025-12-10 12:38:01', NULL),
(21, 14, 2, 1.00, 45.00, NULL, 'pending', '2025-12-10 12:38:08', '2025-12-10 12:38:08', NULL),
(22, 14, 2, 1.00, 45.00, NULL, 'pending', '2025-12-10 12:38:16', '2025-12-10 12:38:16', NULL),
(23, 14, 1, 1.00, 40.00, NULL, 'pending', '2025-12-10 12:38:22', '2025-12-10 12:38:22', NULL),
(24, 14, 1, 1.00, 40.00, NULL, 'pending', '2025-12-10 12:38:43', '2025-12-10 12:38:43', NULL),
(25, 14, 1, 1.00, 40.00, NULL, 'pending', '2025-12-10 12:38:49', '2025-12-10 12:38:49', NULL),
(26, 15, 1, 1.00, 40.00, NULL, 'pending', '2025-12-10 12:43:56', '2025-12-10 12:43:56', NULL),
(27, 15, 2, 1.00, 45.00, NULL, 'pending', '2025-12-10 12:44:00', '2025-12-10 12:44:00', NULL),
(28, 15, 1, 1.00, 40.00, NULL, 'pending', '2025-12-10 12:44:52', '2025-12-10 12:44:52', NULL),
(29, 16, 2, 1.00, 45.00, NULL, 'pending', '2025-12-10 12:52:09', '2025-12-10 12:52:09', NULL),
(30, 16, 1, 1.00, 40.00, NULL, 'pending', '2025-12-10 12:52:13', '2025-12-10 12:52:13', NULL),
(31, 17, 1, 1.00, 40.00, NULL, 'pending', '2025-12-10 13:05:08', '2025-12-10 13:05:08', NULL),
(32, 17, 2, 1.00, 45.00, NULL, 'pending', '2025-12-10 13:05:13', '2025-12-10 13:05:13', NULL),
(33, 18, 1, 1.00, 40.00, NULL, 'pending', '2025-12-10 13:05:55', '2025-12-10 13:05:55', NULL),
(34, 19, 2, 1.00, 45.00, NULL, 'pending', '2025-12-10 13:05:56', '2025-12-10 13:05:56', NULL),
(35, 20, 1, 1.00, 40.00, NULL, 'pending', '2025-12-10 13:59:48', '2025-12-10 13:59:48', NULL),
(36, 21, 2, 1.00, 45.00, NULL, 'pending', '2025-12-10 13:59:49', '2025-12-10 13:59:49', NULL),
(37, 21, 2, 1.00, 45.00, NULL, 'pending', '2025-12-10 14:05:01', '2025-12-10 14:05:01', NULL),
(38, 22, 1, 1.00, 40.00, NULL, 'pending', '2025-12-10 14:11:01', '2025-12-10 14:11:08', '2025-12-10 14:11:08'),
(39, 22, 2, 1.00, 45.00, NULL, 'pending', '2025-12-10 14:11:03', '2025-12-10 14:11:08', '2025-12-10 14:11:08'),
(40, 22, 1, 1.00, 40.00, NULL, 'pending', '2025-12-10 14:11:08', '2025-12-10 14:11:08', NULL),
(41, 22, 2, 1.00, 45.00, NULL, 'pending', '2025-12-10 14:11:09', '2025-12-10 14:11:09', NULL),
(42, 23, 1, 1.00, 40.00, NULL, 'pending', '2025-12-10 14:11:58', '2025-12-10 14:12:01', '2025-12-10 14:12:01'),
(43, 23, 1, 1.00, 40.00, NULL, 'pending', '2025-12-10 14:12:02', '2025-12-10 14:12:02', NULL),
(44, 24, 2, 1.00, 45.00, NULL, 'pending', '2025-12-10 14:16:37', '2025-12-10 14:16:54', '2025-12-10 14:16:54'),
(45, 24, 2, 1.00, 45.00, NULL, 'pending', '2025-12-10 14:16:54', '2025-12-10 14:16:54', NULL),
(46, 25, 1, 1.00, 40.00, NULL, 'pending', '2025-12-10 14:54:24', '2025-12-10 14:54:24', NULL),
(47, 26, 2, 1.00, 45.00, NULL, 'pending', '2025-12-10 14:54:25', '2025-12-10 14:54:33', '2025-12-10 14:54:33'),
(48, 26, 1, 1.00, 40.00, NULL, 'pending', '2025-12-10 14:54:33', '2025-12-10 14:55:00', '2025-12-10 14:55:00'),
(49, 26, 2, 1.00, 45.00, NULL, 'pending', '2025-12-10 14:54:33', '2025-12-10 14:55:00', '2025-12-10 14:55:00'),
(50, 26, 1, 1.00, 40.00, NULL, 'pending', '2025-12-10 14:55:00', '2025-12-10 14:56:51', '2025-12-10 14:56:51'),
(51, 26, 2, 1.00, 45.00, NULL, 'pending', '2025-12-10 14:55:00', '2025-12-10 14:56:51', '2025-12-10 14:56:51'),
(52, 26, 1, 1.00, 40.00, NULL, 'pending', '2025-12-10 14:56:51', '2025-12-10 14:56:51', NULL),
(53, 26, 2, 1.00, 45.00, NULL, 'pending', '2025-12-10 14:56:51', '2025-12-10 14:56:51', NULL),
(54, 27, 1, 1.00, 40.00, NULL, 'pending', '2025-12-10 15:15:01', '2025-12-10 15:15:06', '2025-12-10 15:15:06'),
(55, 27, 1, 1.00, 40.00, NULL, 'pending', '2025-12-10 15:15:06', '2025-12-10 15:17:53', '2025-12-10 15:17:53'),
(56, 27, 1, 1.00, 40.00, NULL, 'pending', '2025-12-10 15:17:53', '2025-12-10 15:17:53', NULL),
(57, 28, 1, 1.00, 40.00, NULL, 'pending', '2025-12-10 16:24:42', '2025-12-10 16:24:42', NULL),
(58, 29, 1, 1.00, 40.00, NULL, 'pending', '2025-12-10 16:30:20', '2025-12-10 16:30:20', NULL),
(59, 30, 1, 1.00, 40.00, NULL, 'pending', '2025-12-10 16:38:13', '2025-12-10 16:38:13', NULL),
(60, 31, 1, 1.00, 40.00, NULL, 'pending', '2025-12-10 16:50:06', '2025-12-10 16:50:06', NULL),
(61, 32, 1, 1.00, 40.00, NULL, 'pending', '2025-12-10 17:00:38', '2025-12-10 17:00:38', NULL),
(62, 32, 2, 1.00, 45.00, NULL, 'pending', '2025-12-10 17:00:55', '2025-12-10 17:00:55', NULL),
(63, 33, 1, 1.00, 40.00, NULL, 'pending', '2025-12-10 17:16:28', '2025-12-10 17:16:28', NULL),
(64, 34, 1, 1.00, 40.00, NULL, 'pending', '2025-12-10 17:28:56', '2025-12-10 17:28:56', NULL),
(65, 35, 1, 1.00, 40.00, NULL, 'pending', '2025-12-10 17:31:32', '2025-12-10 17:31:32', NULL),
(66, 36, 1, 1.00, 40.00, NULL, 'pending', '2025-12-10 17:37:03', '2025-12-10 17:37:03', NULL),
(67, 37, 1, 1.00, 40.00, NULL, 'pending', '2025-12-11 06:53:14', '2025-12-11 06:53:14', NULL),
(68, 38, 1, 1.00, 40.00, NULL, 'pending', '2025-12-11 08:40:02', '2025-12-11 08:40:02', NULL),
(69, 39, 1, 1.00, 40.00, NULL, 'pending', '2025-12-11 08:44:41', '2025-12-11 08:44:41', NULL),
(70, 40, 1, 1.00, 40.00, NULL, 'pending', '2025-12-11 08:52:25', '2025-12-11 08:52:25', NULL),
(71, 41, 2, 1.00, 45.00, NULL, 'pending', '2025-12-11 08:52:26', '2025-12-11 08:52:26', NULL),
(72, 42, 1, 1.00, 40.00, NULL, 'pending', '2025-12-11 09:05:03', '2025-12-11 09:05:03', NULL),
(73, 43, 2, 1.00, 45.00, NULL, 'pending', '2025-12-11 09:05:04', '2025-12-11 09:05:04', NULL),
(74, 44, 1, 1.00, 40.00, NULL, 'pending', '2025-12-11 18:06:06', '2025-12-11 18:06:06', NULL),
(75, 45, 2, 1.00, 45.00, NULL, 'pending', '2025-12-11 18:14:34', '2025-12-11 18:14:34', NULL),
(76, 45, 1, 1.00, 40.00, NULL, 'pending', '2025-12-11 18:14:40', '2025-12-11 18:14:40', NULL),
(77, 46, 1, 1.00, 40.00, NULL, 'pending', '2025-12-11 18:22:25', '2025-12-11 18:22:25', NULL),
(78, 46, 1, 1.00, 40.00, NULL, 'pending', '2025-12-11 18:22:26', '2025-12-11 18:22:26', NULL),
(79, 46, 1, 1.00, 40.00, NULL, 'pending', '2025-12-11 18:22:27', '2025-12-11 18:22:27', NULL),
(80, 47, 1, 1.00, 40.00, NULL, 'pending', '2025-12-20 17:08:44', '2025-12-20 17:08:44', NULL),
(81, 47, 2, 1.00, 45.00, NULL, 'pending', '2025-12-20 17:08:45', '2025-12-20 17:08:45', NULL),
(82, 48, 4, 1.00, 5.00, NULL, 'pending', '2025-12-20 17:20:33', '2025-12-20 17:20:33', NULL),
(83, 49, 3, 1.00, 40.00, NULL, 'pending', '2025-12-20 17:24:03', '2025-12-20 17:24:03', NULL),
(84, 50, 1, 1.00, 40.00, NULL, 'pending', '2025-12-20 17:24:19', '2025-12-20 17:24:19', NULL),
(85, 51, 1, 1.00, 40.00, NULL, 'pending', '2025-12-20 17:27:41', '2025-12-20 17:27:41', NULL),
(86, 52, 2, 1.00, 45.00, NULL, 'pending', '2025-12-20 17:45:40', '2025-12-20 17:45:40', NULL),
(87, 53, 1, 1.00, 40.00, NULL, 'pending', '2025-12-21 15:49:18', '2025-12-21 15:49:18', NULL),
(88, 54, 1, 1.00, 40.00, NULL, 'pending', '2025-12-21 17:25:24', '2025-12-21 17:25:24', NULL),
(89, 55, 1, 1.00, 40.00, NULL, 'pending', '2025-12-21 17:26:58', '2025-12-21 17:26:58', NULL),
(90, 56, 3, 1.00, 40.00, NULL, 'pending', '2025-12-21 17:33:43', '2025-12-21 17:33:43', NULL),
(91, 57, 2, 1.00, 45.00, NULL, 'pending', '2025-12-21 17:36:11', '2025-12-21 17:36:11', NULL),
(92, 58, 1, 1.00, 40.00, NULL, 'pending', '2025-12-21 17:46:26', '2025-12-21 17:46:26', NULL),
(93, 59, 1, 1.00, 40.00, NULL, 'pending', '2025-12-21 17:47:05', '2025-12-21 17:47:05', NULL),
(94, 60, 1, 1.00, 40.00, NULL, 'pending', '2025-12-21 17:52:34', '2025-12-21 17:52:34', NULL),
(95, 61, 1, 1.00, 40.00, NULL, 'pending', '2025-12-21 17:52:51', '2025-12-21 17:52:51', NULL),
(96, 62, 1, 1.00, 40.00, NULL, 'pending', '2025-12-21 18:36:57', '2025-12-21 18:36:57', NULL),
(97, 63, 1, 1.00, 40.00, NULL, 'pending', '2025-12-21 18:37:01', '2025-12-21 18:37:01', NULL),
(98, 64, 2, 1.00, 45.00, NULL, 'pending', '2025-12-21 18:54:18', '2025-12-21 18:54:18', NULL),
(99, 64, 2, 1.00, 45.00, NULL, 'pending', '2025-12-21 18:54:19', '2025-12-21 18:54:19', NULL),
(100, 65, 2, 2.00, 45.00, NULL, 'pending', '2025-12-21 18:56:07', '2025-12-21 18:56:07', NULL),
(101, 66, 1, 1.00, 40.00, NULL, 'pending', '2025-12-21 19:17:27', '2025-12-21 19:17:27', NULL),
(102, 67, 1, 1.00, 40.00, NULL, 'pending', '2025-12-21 19:18:00', '2025-12-21 19:18:00', NULL),
(103, 68, 1, 1.00, 40.00, NULL, 'pending', '2025-12-21 19:37:55', '2025-12-21 19:37:55', NULL),
(104, 68, 1, 1.00, 40.00, NULL, 'pending', '2025-12-21 19:37:56', '2025-12-21 19:37:56', NULL),
(105, 69, 1, 1.00, 40.00, NULL, 'pending', '2025-12-21 19:37:57', '2025-12-21 19:37:57', NULL),
(106, 70, 1, 3.00, 40.00, NULL, 'pending', '2025-12-21 19:38:13', '2025-12-21 19:38:13', NULL),
(107, 71, 4, 1.00, 5.00, NULL, 'pending', '2025-12-21 20:01:01', '2025-12-21 20:01:01', NULL),
(108, 71, 4, 1.00, 5.00, NULL, 'pending', '2025-12-21 20:01:02', '2025-12-21 20:01:02', NULL),
(109, 72, 4, 2.00, 5.00, NULL, 'pending', '2025-12-21 20:01:33', '2025-12-21 20:01:33', NULL),
(110, 71, 2, 1.00, 45.00, NULL, 'pending', '2025-12-21 20:12:22', '2025-12-21 20:12:22', NULL),
(111, 73, 2, 1.00, 45.00, NULL, 'pending', '2025-12-21 20:12:38', '2025-12-21 20:12:38', NULL),
(112, 74, 1, 1.00, 40.00, NULL, 'pending', '2025-12-21 20:42:28', '2025-12-21 20:42:28', NULL),
(113, 75, 1, 1.00, 40.00, NULL, 'pending', '2025-12-21 20:42:32', '2025-12-21 20:42:32', NULL),
(114, 76, 1, 1.00, 40.00, NULL, 'pending', '2025-12-22 06:35:07', '2025-12-22 06:35:07', NULL);

-- --------------------------------------------------------

--
-- Table structure for table `restaurant_payments`
--

CREATE TABLE `restaurant_payments` (
  `id` bigint(20) UNSIGNED NOT NULL,
  `invoice_id` bigint(20) UNSIGNED NOT NULL,
  `restaurant_invoice_id` bigint(20) UNSIGNED DEFAULT NULL,
  `branch_id` bigint(20) UNSIGNED NOT NULL,
  `company_id` bigint(20) UNSIGNED NOT NULL,
  `treasury_id` bigint(20) UNSIGNED DEFAULT NULL,
  `amount` decimal(10,2) NOT NULL,
  `payment_method` enum('cash','card','transfer','check','other') NOT NULL DEFAULT 'cash',
  `reference_number` varchar(255) DEFAULT NULL,
  `payment_number` varchar(255) DEFAULT NULL,
  `payment_date` timestamp NOT NULL DEFAULT current_timestamp() ON UPDATE current_timestamp(),
  `notes` text DEFAULT NULL,
  `journal_entry_id` bigint(20) UNSIGNED DEFAULT NULL,
  `created_at` timestamp NULL DEFAULT NULL,
  `updated_at` timestamp NULL DEFAULT NULL,
  `deleted_at` timestamp NULL DEFAULT NULL
) ENGINE=InnoDB DEFAULT CHARSET=utf8mb4 COLLATE=utf8mb4_unicode_ci;

--
-- Dumping data for table `restaurant_payments`
--

INSERT INTO `restaurant_payments` (`id`, `invoice_id`, `restaurant_invoice_id`, `branch_id`, `company_id`, `treasury_id`, `amount`, `payment_method`, `reference_number`, `payment_number`, `payment_date`, `notes`, `journal_entry_id`, `created_at`, `updated_at`, `deleted_at`) VALUES
(1, 4, 4, 1, 1, NULL, 46.00, 'cash', 'PAY-1765436017', NULL, '2025-12-21 20:54:56', NULL, NULL, '2025-12-11 06:53:37', '2025-12-11 06:53:37', NULL),
(2, 5, 5, 1, 1, NULL, 46.00, 'cash', 'PAY-1765442587', NULL, '2025-12-21 20:54:56', NULL, NULL, '2025-12-11 08:43:07', '2025-12-11 08:43:07', NULL),
(3, 6, 6, 1, 1, NULL, 97.75, 'cash', 'PAY-1765443908', NULL, '2025-12-21 20:54:56', NULL, NULL, '2025-12-11 09:05:08', '2025-12-11 09:05:08', NULL),
(4, 7, 7, 1, 1, NULL, 46.00, 'cash', 'PAY-1765476435', NULL, '2025-12-21 20:54:56', NULL, NULL, '2025-12-11 18:07:15', '2025-12-11 18:07:15', NULL),
(5, 8, 8, 1, 1, NULL, 138.00, 'cash', 'PAY-1765477374', NULL, '2025-12-21 20:54:56', NULL, NULL, '2025-12-11 18:22:54', '2025-12-11 18:22:54', NULL),
(6, 9, 9, 2, 11, NULL, 97.75, 'cash', 'PAY-1766250733', NULL, '2025-12-21 20:54:56', NULL, NULL, '2025-12-20 17:12:13', '2025-12-20 17:12:13', NULL),
(7, 10, 10, 2, 11, NULL, 5.75, 'cash', 'PAY-1766251430', NULL, '2025-12-21 20:54:56', NULL, NULL, '2025-12-20 17:23:50', '2025-12-20 17:23:50', NULL),
(8, 11, 11, 2, 11, NULL, 46.00, 'cash', 'PAY-1766261214', NULL, '2025-12-21 20:54:56', NULL, NULL, '2025-12-20 20:06:54', '2025-12-20 20:06:54', NULL),
(9, 12, 12, 2, 11, NULL, 46.00, 'cash', 'PAY-1766332182', NULL, '2025-12-21 20:54:56', NULL, NULL, '2025-12-21 15:49:42', '2025-12-21 15:49:42', NULL),
(10, 13, 13, 2, 11, NULL, 51.75, 'cash', 'PAY-1766339320', NULL, '2025-12-21 20:54:56', NULL, NULL, '2025-12-21 17:48:40', '2025-12-21 17:48:40', NULL),
(11, 14, 14, 2, 11, NULL, 46.00, 'cash', 'PAY-1766339638', NULL, '2025-12-21 20:54:56', NULL, NULL, '2025-12-21 17:53:58', '2025-12-21 17:53:58', NULL),
(12, 15, 15, 2, 11, NULL, 46.00, 'cash', 'PAY-1766342259', NULL, '2025-12-21 20:54:56', NULL, NULL, '2025-12-21 18:37:39', '2025-12-21 18:37:39', NULL),
(13, 16, 16, 2, 11, NULL, 103.50, 'cash', 'PAY-1766343418', NULL, '2025-12-21 20:54:56', NULL, NULL, '2025-12-21 18:56:58', '2025-12-21 18:56:58', NULL),
(14, 17, 17, 2, 11, NULL, 46.00, 'cash', 'PAY-1766344940', NULL, '2025-12-21 20:54:56', NULL, NULL, '2025-12-21 19:22:20', '2025-12-21 19:22:20', NULL),
(15, 19, 19, 2, 11, NULL, 138.00, 'cash', 'PAY-1766346523', NULL, '2025-12-21 20:54:56', NULL, NULL, '2025-12-21 19:48:43', '2025-12-21 19:48:43', NULL),
(16, 20, 20, 2, 11, NULL, 11.50, 'cash', 'PAY-1766347322', NULL, '2025-12-21 20:54:56', NULL, NULL, '2025-12-21 20:02:02', '2025-12-21 20:02:02', NULL),
(17, 21, 21, 2, 11, NULL, 51.75, 'cash', 'PAY-1766348868', NULL, '2025-12-21 20:54:56', NULL, NULL, '2025-12-21 20:27:48', '2025-12-21 20:27:48', NULL),
(18, 26, 26, 2, 11, 10, 46.00, 'cash', 'RPI-202512-0013', 'PAY-20251221235619', '2025-12-21 20:56:19', NULL, 30, '2025-12-21 20:56:19', '2025-12-21 20:56:19', NULL);

-- --------------------------------------------------------

--
-- Table structure for table `restaurant_pos_terminals`
--

CREATE TABLE `restaurant_pos_terminals` (
  `id` bigint(20) UNSIGNED NOT NULL,
  `company_id` bigint(20) UNSIGNED NOT NULL,
  `branch_id` bigint(20) UNSIGNED NOT NULL,
  `name` varchar(255) NOT NULL,
  `code` varchar(255) NOT NULL,
  `description` text DEFAULT NULL,
  `treasury_id` bigint(20) UNSIGNED DEFAULT NULL,
  `warehouse_id` bigint(20) UNSIGNED DEFAULT NULL,
  `staff_user_id` bigint(20) UNSIGNED DEFAULT NULL,
  `default_customer_id` bigint(20) UNSIGNED DEFAULT NULL,
  `default_warehouse_id` bigint(20) UNSIGNED DEFAULT NULL,
  `default_payment_method` enum('cash','transfer','card','check','other') NOT NULL DEFAULT 'cash',
  `receipt_printer_name` varchar(255) DEFAULT NULL,
  `enable_discount` tinyint(1) NOT NULL DEFAULT 1,
  `enable_tax` tinyint(1) NOT NULL DEFAULT 1,
  `is_active` tinyint(1) NOT NULL DEFAULT 1,
  `last_used_at` timestamp NULL DEFAULT NULL,
  `notes` text DEFAULT NULL,
  `deleted_at` timestamp NULL DEFAULT NULL,
  `created_at` timestamp NULL DEFAULT NULL,
  `updated_at` timestamp NULL DEFAULT NULL
) ENGINE=InnoDB DEFAULT CHARSET=utf8mb4 COLLATE=utf8mb4_unicode_ci;

--
-- Dumping data for table `restaurant_pos_terminals`
--

INSERT INTO `restaurant_pos_terminals` (`id`, `company_id`, `branch_id`, `name`, `code`, `description`, `treasury_id`, `warehouse_id`, `staff_user_id`, `default_customer_id`, `default_warehouse_id`, `default_payment_method`, `receipt_printer_name`, `enable_discount`, `enable_tax`, `is_active`, `last_used_at`, `notes`, `deleted_at`, `created_at`, `updated_at`) VALUES
(1, 1, 1, 'نقطة اساسية', 'POS-001-001', NULL, 7, NULL, 1, NULL, NULL, 'cash', NULL, 1, 1, 1, '2025-12-11 17:58:07', NULL, NULL, '2025-12-11 14:32:50', '2025-12-11 17:58:07'),
(2, 11, 2, 'كاشير 1', 'POS-0001', NULL, 10, 4, 9, 6, NULL, 'cash', NULL, 1, 1, 1, '2025-12-22 06:34:50', NULL, NULL, '2025-12-20 17:03:09', '2025-12-22 06:34:50');

-- --------------------------------------------------------

--
-- Table structure for table `restaurant_staff`
--

CREATE TABLE `restaurant_staff` (
  `id` bigint(20) UNSIGNED NOT NULL,
  `restaurant_id` bigint(20) UNSIGNED NOT NULL,
  `company_id` bigint(20) UNSIGNED NOT NULL,
  `user_id` bigint(20) UNSIGNED NOT NULL,
  `position` enum('waiter','chef','cashier','manager','kitchen_staff','other') NOT NULL DEFAULT 'waiter',
  `salary` decimal(10,2) DEFAULT NULL,
  `employment_status` enum('active','inactive','on_leave') NOT NULL DEFAULT 'active',
  `employment_date` date NOT NULL,
  `created_at` timestamp NULL DEFAULT NULL,
  `updated_at` timestamp NULL DEFAULT NULL,
  `deleted_at` timestamp NULL DEFAULT NULL
) ENGINE=InnoDB DEFAULT CHARSET=utf8mb4 COLLATE=utf8mb4_unicode_ci;

-- --------------------------------------------------------

--
-- Table structure for table `restaurant_tables`
--

CREATE TABLE `restaurant_tables` (
  `id` bigint(20) UNSIGNED NOT NULL,
  `branch_id` bigint(20) UNSIGNED NOT NULL,
  `company_id` bigint(20) UNSIGNED NOT NULL,
  `table_number` varchar(255) NOT NULL,
  `capacity` int(11) NOT NULL DEFAULT 4,
  `location` varchar(255) DEFAULT NULL,
  `status` enum('available','occupied','reserved','under_maintenance') NOT NULL DEFAULT 'available',
  `last_used_at` timestamp NULL DEFAULT NULL,
  `created_at` timestamp NULL DEFAULT NULL,
  `updated_at` timestamp NULL DEFAULT NULL,
  `deleted_at` timestamp NULL DEFAULT NULL
) ENGINE=InnoDB DEFAULT CHARSET=utf8mb4 COLLATE=utf8mb4_unicode_ci;

--
-- Dumping data for table `restaurant_tables`
--

INSERT INTO `restaurant_tables` (`id`, `branch_id`, `company_id`, `table_number`, `capacity`, `location`, `status`, `last_used_at`, `created_at`, `updated_at`, `deleted_at`) VALUES
(1, 1, 1, 'طاولة رقم 1', 4, NULL, 'occupied', NULL, '2025-12-10 08:08:04', '2025-12-10 09:28:58', NULL),
(2, 2, 11, '1', 6, NULL, 'available', NULL, '2025-12-20 16:15:41', '2025-12-21 20:56:19', NULL);

-- --------------------------------------------------------

--
-- Table structure for table `roles`
--

CREATE TABLE `roles` (
  `id` bigint(20) UNSIGNED NOT NULL,
  `company_id` bigint(20) UNSIGNED NOT NULL,
  `name` varchar(255) NOT NULL,
  `description` varchar(255) DEFAULT NULL,
  `is_active` tinyint(1) NOT NULL DEFAULT 1,
  `created_at` timestamp NULL DEFAULT NULL,
  `updated_at` timestamp NULL DEFAULT NULL
) ENGINE=InnoDB DEFAULT CHARSET=utf8mb4 COLLATE=utf8mb4_unicode_ci;

--
-- Dumping data for table `roles`
--

INSERT INTO `roles` (`id`, `company_id`, `name`, `description`, `is_active`, `created_at`, `updated_at`) VALUES
(1, 1, 'super_admin', 'المدير الرئيسي للنظام - يملك جميع الصلاحيات', 1, '2025-10-21 14:46:13', '2025-10-21 14:46:13'),
(2, 1, 'admin', 'المدير العام - يملك جميع الصلاحيات', 1, '2025-10-21 14:48:22', '2025-11-10 08:06:59'),
(3, 1, 'project_manager', 'مدير المشاريع', 1, '2025-11-10 08:07:49', '2025-11-10 08:07:49'),
(4, 1, 'accountant', 'المحاسب', 1, '2025-11-10 08:07:57', '2025-11-10 08:07:57'),
(5, 1, 'hr_manager', 'مدير الموارد البشرية', 1, '2025-11-10 08:08:14', '2025-11-10 08:08:14'),
(6, 1, 'user', 'مستخدم عادي', 1, '2025-11-10 08:08:17', '2025-11-10 08:08:17'),
(7, 2, 'manager_company', 'مدير الشركة له كامل الصلاحيات', 1, '2025-11-29 17:32:14', '2025-11-29 17:32:14'),
(8, 3, 'مدير الشركة الرئيسي', 'له كل الصلاحيات علي الشركة', 1, '2025-11-30 15:40:18', '2025-11-30 15:40:18'),
(9, 10, 'مدير الشركة بكل الصلاحيات', 'مدير الشركة بكل الصلاحيات', 1, '2025-12-01 08:16:49', '2025-12-01 08:16:49'),
(10, 11, 'مدير الشركة مع كامل الصلاحيات', 'مدير الشركة مع كامل الصلاحيات', 1, '2025-12-02 06:33:21', '2025-12-02 06:33:21'),
(11, 12, 'مدير الشركة مع كامل الصلاحيات', 'مدير الشركة مع كامل الصلاحيات', 1, '2025-12-07 07:43:08', '2025-12-07 07:43:08'),
(12, 13, 'مدير الشركة الرئيسي', 'دور مدير الشركة الرئيسي - يمتلك جميع الصلاحيات', 1, '2025-12-07 08:47:38', '2025-12-07 08:47:38'),
(13, 14, 'مدير الشركة الرئيسي', 'دور مدير الشركة الرئيسي - يمتلك جميع الصلاحيات', 1, '2025-12-07 10:04:06', '2025-12-07 10:04:06'),
(14, 1, 'pos_manager', 'مدير نقاط البيع', 1, '2025-12-11 10:42:57', '2025-12-11 10:42:57'),
(15, 1, 'pos_operator', 'مشغل نقطة البيع', 1, '2025-12-11 10:43:18', '2025-12-11 10:43:18'),
(16, 2, 'admin', 'المدير العام - يملك جميع الصلاحيات', 1, '2025-12-11 10:43:20', '2025-12-11 10:43:20'),
(17, 2, 'project_manager', 'مدير المشاريع', 1, '2025-12-11 10:44:39', '2025-12-11 10:44:39'),
(18, 2, 'accountant', 'المحاسب', 1, '2025-12-11 10:44:40', '2025-12-11 10:44:40'),
(19, 2, 'hr_manager', 'مدير الموارد البشرية', 1, '2025-12-11 10:44:42', '2025-12-11 10:44:42'),
(20, 2, 'pos_manager', 'مدير نقاط البيع', 1, '2025-12-11 10:44:43', '2025-12-11 10:44:43'),
(21, 2, 'pos_operator', 'مشغل نقطة البيع', 1, '2025-12-11 10:44:50', '2025-12-11 10:44:50'),
(22, 2, 'user', 'مستخدم عادي', 1, '2025-12-11 10:44:51', '2025-12-11 10:44:51'),
(23, 3, 'admin', 'المدير العام - يملك جميع الصلاحيات', 1, '2025-12-11 10:44:51', '2025-12-11 10:44:51'),
(24, 3, 'project_manager', 'مدير المشاريع', 1, '2025-12-11 10:45:56', '2025-12-11 10:45:56'),
(25, 3, 'accountant', 'المحاسب', 1, '2025-12-11 10:45:57', '2025-12-11 10:45:57'),
(26, 3, 'hr_manager', 'مدير الموارد البشرية', 1, '2025-12-11 10:45:58', '2025-12-11 10:45:58'),
(27, 3, 'pos_manager', 'مدير نقاط البيع', 1, '2025-12-11 10:45:59', '2025-12-11 10:45:59'),
(28, 3, 'pos_operator', 'مشغل نقطة البيع', 1, '2025-12-11 10:46:09', '2025-12-11 10:46:09'),
(29, 3, 'user', 'مستخدم عادي', 1, '2025-12-11 10:46:09', '2025-12-11 10:46:09'),
(30, 7, 'admin', 'المدير العام - يملك جميع الصلاحيات', 1, '2025-12-11 10:46:10', '2025-12-11 10:46:10'),
(31, 7, 'project_manager', 'مدير المشاريع', 1, '2025-12-11 10:47:34', '2025-12-11 10:47:34'),
(32, 7, 'accountant', 'المحاسب', 1, '2025-12-11 10:47:35', '2025-12-11 10:47:35'),
(33, 7, 'hr_manager', 'مدير الموارد البشرية', 1, '2025-12-11 10:47:38', '2025-12-11 10:47:38'),
(34, 7, 'pos_manager', 'مدير نقاط البيع', 1, '2025-12-11 10:47:39', '2025-12-11 10:47:39'),
(35, 7, 'pos_operator', 'مشغل نقطة البيع', 1, '2025-12-11 10:47:46', '2025-12-11 10:47:46'),
(36, 7, 'user', 'مستخدم عادي', 1, '2025-12-11 10:47:47', '2025-12-11 10:47:47'),
(37, 10, 'admin', 'المدير العام - يملك جميع الصلاحيات', 1, '2025-12-11 10:47:48', '2025-12-11 10:47:48'),
(38, 10, 'project_manager', 'مدير المشاريع', 1, '2025-12-11 10:48:46', '2025-12-11 10:48:46'),
(39, 10, 'accountant', 'المحاسب', 1, '2025-12-11 10:48:48', '2025-12-11 10:48:48'),
(40, 10, 'hr_manager', 'مدير الموارد البشرية', 1, '2025-12-11 10:48:50', '2025-12-11 10:48:50'),
(41, 10, 'pos_manager', 'مدير نقاط البيع', 1, '2025-12-11 10:48:51', '2025-12-11 10:48:51'),
(42, 10, 'pos_operator', 'مشغل نقطة البيع', 1, '2025-12-11 10:48:59', '2025-12-11 10:48:59'),
(43, 10, 'user', 'مستخدم عادي', 1, '2025-12-11 10:49:00', '2025-12-11 10:49:00'),
(44, 11, 'admin', 'المدير العام - يملك جميع الصلاحيات', 1, '2025-12-11 10:49:00', '2025-12-11 10:49:00'),
(45, 11, 'project_manager', 'مدير المشاريع', 1, '2025-12-11 10:50:26', '2025-12-11 10:50:26'),
(46, 11, 'accountant', 'المحاسب', 1, '2025-12-11 10:50:28', '2025-12-11 10:50:28'),
(47, 11, 'hr_manager', 'مدير الموارد البشرية', 1, '2025-12-11 10:50:30', '2025-12-11 10:50:30'),
(48, 11, 'pos_manager', 'مدير نقاط البيع', 1, '2025-12-11 10:50:31', '2025-12-11 10:50:31'),
(49, 11, 'pos_operator', 'مشغل نقطة البيع', 1, '2025-12-11 10:50:37', '2025-12-11 10:50:37'),
(50, 11, 'user', 'مستخدم عادي', 1, '2025-12-11 10:50:38', '2025-12-11 10:50:38'),
(51, 12, 'admin', 'المدير العام - يملك جميع الصلاحيات', 1, '2025-12-11 10:50:38', '2025-12-11 10:50:38'),
(52, 12, 'project_manager', 'مدير المشاريع', 1, '2025-12-11 10:51:46', '2025-12-11 10:51:46'),
(53, 12, 'accountant', 'المحاسب', 1, '2025-12-11 10:51:47', '2025-12-11 10:51:47'),
(54, 12, 'hr_manager', 'مدير الموارد البشرية', 1, '2025-12-11 10:51:48', '2025-12-11 10:51:48'),
(55, 12, 'pos_manager', 'مدير نقاط البيع', 1, '2025-12-11 10:51:49', '2025-12-11 10:51:49'),
(56, 12, 'pos_operator', 'مشغل نقطة البيع', 1, '2025-12-11 10:51:56', '2025-12-11 10:51:56'),
(57, 12, 'user', 'مستخدم عادي', 1, '2025-12-11 10:51:57', '2025-12-11 10:51:57'),
(58, 13, 'admin', 'المدير العام - يملك جميع الصلاحيات', 1, '2025-12-11 10:51:57', '2025-12-11 10:51:57'),
(59, 13, 'project_manager', 'مدير المشاريع', 1, '2025-12-11 10:53:19', '2025-12-11 10:53:19'),
(60, 13, 'accountant', 'المحاسب', 1, '2025-12-11 10:53:20', '2025-12-11 10:53:20'),
(61, 13, 'hr_manager', 'مدير الموارد البشرية', 1, '2025-12-11 10:53:23', '2025-12-11 10:53:23'),
(62, 13, 'pos_manager', 'مدير نقاط البيع', 1, '2025-12-11 10:53:23', '2025-12-11 10:53:23'),
(63, 13, 'pos_operator', 'مشغل نقطة البيع', 1, '2025-12-11 10:53:30', '2025-12-11 10:53:30'),
(64, 13, 'user', 'مستخدم عادي', 1, '2025-12-11 10:53:31', '2025-12-11 10:53:31'),
(65, 14, 'admin', 'المدير العام - يملك جميع الصلاحيات', 1, '2025-12-11 10:53:31', '2025-12-11 10:53:31'),
(66, 14, 'project_manager', 'مدير المشاريع', 1, '2025-12-11 10:55:18', '2025-12-11 10:55:18'),
(67, 14, 'accountant', 'المحاسب', 1, '2025-12-11 10:55:21', '2025-12-11 10:55:21'),
(68, 14, 'hr_manager', 'مدير الموارد البشرية', 1, '2025-12-11 10:55:25', '2025-12-11 10:55:25'),
(69, 14, 'pos_manager', 'مدير نقاط البيع', 1, '2025-12-11 10:55:28', '2025-12-11 10:55:28'),
(70, 14, 'pos_operator', 'مشغل نقطة البيع', 1, '2025-12-11 10:55:41', '2025-12-11 10:55:41'),
(71, 14, 'user', 'مستخدم عادي', 1, '2025-12-11 10:55:43', '2025-12-11 10:55:43'),
(72, 15, 'مدير الشركة الرئيسي', 'دور مدير الشركة الرئيسي - يمتلك جميع الصلاحيات', 1, '2025-12-19 17:19:39', '2025-12-19 17:19:39'),
(73, 16, 'مدير الشركة الرئيسي', 'دور مدير الشركة الرئيسي - يمتلك جميع الصلاحيات', 1, '2026-01-04 14:52:19', '2026-01-04 14:52:19'),
(74, 17, 'مدير الشركة الرئيسي', 'دور مدير الشركة الرئيسي - يمتلك جميع الصلاحيات', 1, '2026-01-09 14:46:28', '2026-01-09 14:46:28'),
(75, 15, 'admin', 'المدير العام - يملك جميع الصلاحيات', 1, '2026-01-16 18:12:35', '2026-01-16 18:12:35'),
(76, 18, 'مدير الشركة الرئيسي', 'دور مدير الشركة الرئيسي - يمتلك جميع الصلاحيات', 1, '2026-01-20 04:32:49', '2026-01-20 04:32:49'),
(77, 19, 'مدير الشركة الرئيسي', 'دور مدير الشركة الرئيسي - يمتلك جميع الصلاحيات', 1, '2026-03-01 02:12:33', '2026-03-01 02:12:33');

-- --------------------------------------------------------

--
-- Table structure for table `role_permission`
--

CREATE TABLE `role_permission` (
  `role_id` bigint(20) UNSIGNED NOT NULL,
  `permission_id` bigint(20) UNSIGNED NOT NULL,
  `value` tinyint(1) NOT NULL DEFAULT 1
) ENGINE=InnoDB DEFAULT CHARSET=utf8mb4 COLLATE=utf8mb4_unicode_ci;

--
-- Dumping data for table `role_permission`
--

INSERT INTO `role_permission` (`role_id`, `permission_id`, `value`) VALUES
(1, 1, 1),
(1, 2, 1),
(1, 3, 1),
(1, 4, 1),
(1, 5, 1),
(1, 6, 1),
(1, 7, 1),
(1, 8, 1),
(1, 9, 1),
(1, 10, 1),
(1, 11, 1),
(1, 12, 1),
(1, 13, 1),
(1, 14, 1),
(1, 15, 1),
(1, 16, 1),
(1, 17, 1),
(1, 18, 1),
(1, 19, 1),
(1, 20, 1),
(1, 21, 1),
(1, 22, 1),
(1, 23, 1),
(1, 24, 1),
(1, 25, 1),
(1, 26, 1),
(1, 27, 1),
(1, 28, 1),
(1, 29, 1),
(1, 30, 1),
(1, 31, 1),
(1, 32, 1),
(1, 33, 1),
(1, 34, 1),
(1, 35, 1),
(1, 36, 1),
(1, 37, 1),
(1, 38, 1),
(1, 39, 1),
(1, 40, 1),
(1, 41, 1),
(1, 42, 1),
(1, 43, 1),
(1, 44, 1),
(1, 45, 1),
(1, 46, 1),
(1, 47, 1),
(1, 48, 1),
(1, 49, 1),
(1, 50, 1),
(1, 51, 1),
(1, 52, 1),
(1, 53, 1),
(1, 54, 1),
(1, 55, 1),
(1, 56, 1),
(1, 57, 1),
(1, 58, 1),
(1, 59, 1),
(1, 60, 1),
(1, 61, 1),
(1, 92, 1),
(1, 93, 1),
(1, 94, 1),
(1, 95, 1),
(1, 96, 1),
(1, 97, 1),
(1, 98, 1),
(1, 99, 1),
(1, 100, 1),
(1, 101, 1),
(1, 102, 1),
(1, 103, 1),
(1, 104, 1),
(1, 105, 1),
(1, 106, 1),
(1, 107, 1),
(1, 108, 1),
(1, 109, 1),
(1, 110, 1),
(1, 111, 1),
(1, 112, 1),
(1, 113, 1),
(1, 114, 1),
(1, 115, 1),
(1, 116, 1),
(1, 117, 1),
(1, 118, 1),
(1, 119, 1),
(1, 120, 1),
(1, 121, 1),
(1, 122, 1),
(1, 123, 1),
(1, 124, 1),
(1, 125, 1),
(1, 126, 1),
(1, 127, 1),
(1, 128, 1),
(1, 129, 1),
(1, 130, 1),
(1, 131, 1),
(1, 132, 1),
(1, 133, 1),
(1, 134, 1),
(1, 135, 1),
(1, 136, 1),
(1, 137, 1),
(1, 138, 1),
(1, 139, 1),
(1, 140, 1),
(1, 141, 1),
(1, 142, 1),
(1, 143, 1),
(1, 144, 1),
(1, 145, 1),
(1, 146, 1),
(1, 147, 1),
(1, 148, 1),
(1, 149, 1),
(1, 150, 1),
(1, 151, 1),
(1, 152, 1),
(1, 153, 1),
(1, 154, 1),
(1, 159, 1),
(1, 160, 1),
(1, 161, 1),
(1, 162, 1),
(1, 163, 1),
(1, 164, 1),
(1, 165, 1),
(1, 166, 1),
(1, 167, 1),
(1, 168, 1),
(1, 169, 1),
(1, 170, 1),
(1, 171, 1),
(1, 176, 1),
(1, 177, 1),
(1, 178, 1),
(1, 179, 1),
(1, 180, 1),
(1, 181, 1),
(1, 182, 1),
(1, 183, 1),
(1, 184, 1),
(1, 190, 1),
(1, 191, 1),
(1, 192, 1),
(1, 193, 1),
(1, 194, 1),
(1, 195, 1),
(1, 196, 1),
(1, 197, 1),
(1, 198, 1),
(1, 199, 1),
(1, 200, 1),
(1, 201, 1),
(1, 202, 1),
(1, 203, 1),
(1, 204, 1),
(1, 205, 1),
(1, 206, 1),
(1, 207, 1),
(1, 208, 1),
(1, 209, 1),
(1, 210, 1),
(1, 211, 1),
(1, 212, 1),
(1, 213, 1),
(1, 214, 1),
(1, 215, 1),
(1, 216, 1),
(1, 217, 1),
(1, 218, 1),
(1, 220, 1),
(1, 221, 1),
(1, 222, 1),
(1, 223, 1),
(1, 224, 1),
(1, 225, 1),
(1, 226, 1),
(1, 227, 1),
(1, 228, 1),
(1, 229, 1),
(1, 230, 1),
(1, 231, 1),
(1, 232, 1),
(1, 233, 1),
(1, 234, 1),
(1, 235, 1),
(1, 236, 1),
(1, 237, 1),
(1, 238, 1),
(1, 239, 1),
(1, 240, 1),
(1, 241, 1),
(1, 242, 1),
(1, 243, 1),
(1, 244, 1),
(1, 245, 1),
(1, 246, 1),
(1, 247, 1),
(1, 248, 1),
(1, 249, 1),
(1, 250, 1),
(1, 251, 1),
(1, 252, 1),
(1, 253, 1),
(1, 254, 1),
(1, 255, 1),
(1, 256, 1),
(1, 257, 1),
(1, 258, 1),
(1, 259, 1),
(1, 260, 1),
(1, 261, 1),
(1, 262, 1),
(1, 263, 1),
(1, 264, 1),
(1, 265, 1),
(1, 266, 1),
(1, 267, 1),
(1, 268, 1),
(1, 269, 1),
(1, 270, 1),
(1, 271, 1),
(1, 272, 1),
(1, 273, 1),
(1, 274, 1),
(1, 275, 1),
(1, 276, 1),
(1, 277, 1),
(1, 278, 1),
(1, 279, 1),
(1, 280, 1),
(1, 281, 1),
(1, 282, 1),
(1, 283, 1),
(1, 284, 1),
(1, 285, 1),
(1, 286, 1),
(1, 287, 1),
(1, 288, 1),
(1, 289, 1),
(1, 290, 1),
(1, 291, 1),
(1, 292, 1),
(1, 293, 1),
(1, 294, 1),
(1, 295, 1),
(1, 296, 1),
(1, 297, 1),
(1, 298, 1),
(1, 299, 1),
(1, 300, 1),
(1, 301, 1),
(1, 302, 1),
(1, 303, 1),
(1, 304, 1),
(1, 305, 1),
(1, 306, 1),
(1, 307, 1),
(1, 308, 1),
(1, 309, 1),
(1, 310, 1),
(1, 311, 1),
(1, 312, 1),
(1, 313, 1),
(1, 314, 1),
(1, 315, 1),
(1, 316, 1),
(1, 317, 1),
(1, 318, 1),
(1, 319, 1),
(1, 320, 1),
(1, 321, 1),
(1, 322, 1),
(1, 323, 1),
(1, 324, 1),
(1, 325, 1),
(1, 326, 1),
(1, 354, 1),
(1, 355, 1),
(1, 356, 1),
(1, 362, 1),
(1, 363, 1),
(1, 364, 1),
(1, 365, 1),
(1, 376, 1),
(1, 378, 1),
(1, 379, 1),
(1, 380, 1),
(1, 381, 1),
(1, 382, 1),
(1, 383, 1),
(1, 384, 1),
(1, 385, 1),
(1, 386, 1),
(1, 387, 1),
(1, 388, 1),
(1, 389, 1),
(1, 390, 1),
(1, 391, 1),
(1, 392, 1),
(1, 393, 1),
(1, 394, 1),
(1, 395, 1),
(1, 396, 1),
(1, 397, 1),
(1, 398, 1),
(1, 399, 1),
(1, 400, 1),
(1, 401, 1),
(1, 402, 1),
(1, 403, 1),
(1, 404, 1),
(1, 405, 1),
(1, 406, 1),
(1, 407, 1),
(1, 408, 1),
(1, 411, 1),
(1, 412, 1),
(1, 413, 1),
(1, 414, 1),
(1, 415, 1),
(1, 416, 1),
(1, 417, 1),
(1, 418, 1),
(1, 419, 1),
(1, 420, 1),
(1, 421, 1),
(1, 486, 1),
(1, 487, 1),
(1, 488, 1),
(1, 489, 1),
(1, 490, 1),
(1, 491, 1),
(1, 492, 1),
(1, 493, 1),
(1, 494, 1),
(1, 495, 1),
(1, 496, 1),
(1, 497, 1),
(1, 498, 1),
(1, 499, 1),
(1, 500, 1),
(1, 501, 1),
(1, 502, 1),
(1, 503, 1),
(1, 504, 1),
(1, 505, 1),
(1, 506, 1),
(1, 507, 1),
(1, 508, 1),
(1, 509, 1),
(1, 510, 1),
(1, 511, 1),
(1, 512, 1),
(1, 513, 1),
(1, 514, 1),
(1, 515, 1),
(1, 516, 1),
(1, 517, 1),
(1, 530, 1),
(1, 531, 1),
(1, 532, 1),
(1, 533, 1),
(1, 534, 1),
(1, 535, 1),
(1, 536, 1),
(1, 537, 1),
(1, 538, 1),
(1, 539, 1),
(1, 540, 1),
(1, 541, 1),
(1, 543, 1),
(1, 544, 1),
(1, 545, 1),
(1, 546, 1),
(1, 547, 1),
(1, 548, 1),
(1, 549, 1),
(1, 550, 1),
(1, 551, 1),
(1, 552, 1),
(1, 553, 1),
(1, 554, 1),
(1, 555, 1),
(1, 556, 1),
(1, 557, 1),
(1, 558, 1),
(1, 559, 1),
(1, 560, 1),
(1, 561, 1),
(1, 562, 1),
(1, 563, 1),
(1, 564, 1),
(1, 565, 1),
(1, 566, 1),
(1, 567, 1),
(1, 568, 1),
(1, 569, 1),
(1, 570, 1),
(1, 571, 1),
(1, 572, 1),
(1, 573, 1),
(1, 574, 1),
(1, 575, 1),
(1, 576, 1),
(1, 577, 1),
(1, 578, 1),
(1, 579, 1),
(1, 580, 1),
(1, 581, 1),
(1, 582, 1),
(1, 583, 1),
(1, 584, 1),
(1, 585, 1),
(1, 586, 1),
(1, 587, 1),
(1, 588, 1),
(1, 589, 1),
(1, 590, 1),
(1, 591, 1),
(1, 592, 1),
(1, 593, 1),
(1, 594, 1),
(1, 595, 1),
(1, 596, 1),
(1, 597, 1),
(1, 598, 1),
(1, 599, 1),
(1, 600, 1),
(1, 601, 1),
(1, 602, 1),
(1, 603, 1),
(1, 604, 1),
(1, 605, 1),
(1, 606, 1),
(1, 607, 1),
(1, 608, 1),
(1, 609, 1),
(1, 610, 1),
(1, 611, 1),
(1, 612, 1),
(1, 613, 1),
(1, 614, 1),
(1, 615, 1),
(1, 616, 1),
(1, 617, 1),
(1, 618, 1),
(1, 619, 1),
(1, 620, 1),
(1, 621, 1),
(1, 626, 1),
(1, 649, 1),
(1, 650, 1),
(1, 651, 1),
(1, 652, 1),
(1, 653, 1),
(1, 654, 1),
(1, 655, 1),
(1, 656, 1),
(1, 657, 1),
(1, 658, 1),
(1, 659, 1),
(1, 660, 1),
(1, 661, 1),
(1, 662, 1),
(1, 663, 1),
(1, 664, 1),
(1, 665, 1),
(1, 666, 1),
(1, 667, 1),
(1, 668, 1),
(1, 669, 1),
(1, 670, 1),
(1, 671, 1),
(1, 672, 1),
(1, 673, 1),
(1, 674, 1),
(1, 675, 1),
(1, 676, 1),
(1, 677, 1),
(1, 678, 1),
(1, 679, 1),
(1, 680, 1),
(1, 681, 1),
(1, 682, 1),
(1, 683, 1),
(1, 684, 1),
(1, 685, 1),
(1, 686, 1),
(1, 687, 1),
(1, 688, 1),
(1, 689, 1),
(1, 690, 1),
(1, 691, 1),
(1, 692, 1),
(1, 693, 1),
(1, 694, 1),
(1, 695, 1),
(1, 696, 1),
(1, 697, 1),
(1, 698, 1),
(1, 699, 1),
(1, 700, 1),
(1, 701, 1),
(1, 702, 1),
(1, 703, 1),
(1, 704, 1),
(1, 705, 1),
(1, 706, 1),
(1, 707, 1),
(1, 708, 1),
(1, 709, 1),
(1, 710, 1),
(1, 711, 1),
(1, 712, 1),
(1, 713, 1),
(1, 714, 1),
(1, 715, 1),
(1, 716, 1),
(1, 717, 1),
(1, 718, 1),
(1, 719, 1),
(1, 720, 1),
(1, 721, 1),
(1, 722, 1),
(1, 723, 1),
(1, 724, 1),
(1, 725, 1),
(1, 726, 1),
(1, 727, 1),
(1, 728, 1),
(1, 729, 1),
(1, 730, 1),
(1, 731, 1),
(1, 732, 1),
(1, 733, 1),
(1, 734, 1),
(1, 735, 1),
(1, 736, 1),
(1, 737, 1),
(1, 738, 1),
(1, 739, 1),
(1, 740, 1),
(1, 741, 1),
(1, 742, 1),
(1, 743, 1),
(1, 744, 1),
(1, 745, 1),
(1, 746, 1),
(1, 747, 1),
(1, 748, 1),
(1, 749, 1),
(1, 750, 1),
(1, 751, 1),
(1, 752, 1),
(1, 753, 1),
(1, 754, 1),
(1, 755, 1),
(1, 756, 1),
(1, 757, 1),
(1, 758, 1),
(1, 759, 1),
(1, 760, 1),
(1, 761, 1),
(1, 762, 1),
(1, 763, 1),
(1, 764, 1),
(1, 765, 1),
(1, 766, 1),
(1, 767, 1),
(1, 768, 1),
(1, 769, 1),
(1, 770, 1),
(1, 771, 1),
(1, 772, 1),
(1, 773, 1),
(1, 774, 1),
(1, 775, 1),
(1, 776, 1),
(1, 777, 1),
(1, 778, 1),
(1, 779, 1),
(1, 780, 1),
(1, 781, 1),
(1, 782, 1),
(1, 783, 1),
(1, 784, 1),
(1, 785, 1),
(1, 786, 1),
(1, 787, 1),
(1, 788, 1),
(1, 789, 1),
(2, 1, 1),
(2, 2, 1),
(2, 3, 1),
(2, 4, 1),
(2, 5, 1),
(2, 6, 1),
(2, 7, 1),
(2, 8, 1),
(2, 9, 1),
(2, 10, 1),
(2, 11, 1),
(2, 12, 1),
(2, 13, 1),
(2, 14, 1),
(2, 15, 1),
(2, 16, 1),
(2, 17, 1),
(2, 18, 1),
(2, 19, 1),
(2, 20, 1),
(2, 21, 1),
(2, 22, 1),
(2, 23, 1),
(2, 24, 1),
(2, 25, 1),
(2, 26, 1),
(2, 27, 1),
(2, 28, 1),
(2, 29, 1),
(2, 30, 1),
(2, 31, 1),
(2, 32, 1),
(2, 33, 1),
(2, 34, 1),
(2, 35, 1),
(2, 36, 1),
(2, 37, 1),
(2, 38, 1),
(2, 39, 1),
(2, 40, 1),
(2, 41, 1),
(2, 42, 1),
(2, 43, 1),
(2, 44, 1),
(2, 45, 1),
(2, 46, 1),
(2, 47, 1),
(2, 48, 1),
(2, 49, 1),
(2, 50, 1),
(2, 51, 1),
(2, 52, 1),
(2, 53, 1),
(2, 54, 1),
(2, 55, 1),
(2, 56, 1),
(2, 57, 1),
(2, 58, 1),
(2, 59, 1),
(2, 60, 1),
(2, 61, 1),
(2, 92, 1),
(2, 93, 1),
(2, 94, 1),
(2, 95, 1),
(2, 96, 1),
(2, 97, 1),
(2, 98, 1),
(2, 99, 1),
(2, 100, 1),
(2, 101, 1),
(2, 102, 1),
(2, 103, 1),
(2, 104, 1),
(2, 105, 1),
(2, 106, 1),
(2, 107, 1),
(2, 108, 1),
(2, 109, 1),
(2, 110, 1),
(2, 111, 1),
(2, 112, 1),
(2, 113, 1),
(2, 114, 1),
(2, 115, 1),
(2, 116, 1),
(2, 117, 1),
(2, 118, 1),
(2, 119, 1),
(2, 120, 1),
(2, 121, 1),
(2, 122, 1),
(2, 123, 1),
(2, 124, 1),
(2, 125, 1),
(2, 126, 1),
(2, 127, 1),
(2, 128, 1),
(2, 129, 1),
(2, 130, 1),
(2, 131, 1),
(2, 132, 1),
(2, 133, 1),
(2, 134, 1),
(2, 135, 1),
(2, 136, 1),
(2, 137, 1),
(2, 138, 1),
(2, 139, 1),
(2, 140, 1),
(2, 141, 1),
(2, 142, 1),
(2, 143, 1),
(2, 144, 1),
(2, 145, 1),
(2, 146, 1),
(2, 147, 1),
(2, 148, 1),
(2, 149, 1),
(2, 150, 1),
(2, 151, 1),
(2, 152, 1),
(2, 153, 1),
(2, 154, 1),
(2, 159, 1),
(2, 160, 1),
(2, 161, 1),
(2, 162, 1),
(2, 163, 1),
(2, 164, 1),
(2, 165, 1),
(2, 166, 1),
(2, 167, 1),
(2, 168, 1),
(2, 169, 1),
(2, 170, 1),
(2, 171, 1),
(2, 176, 1),
(2, 177, 1),
(2, 178, 1),
(2, 179, 1),
(2, 180, 1),
(2, 181, 1),
(2, 182, 1),
(2, 183, 1),
(2, 184, 1),
(2, 190, 1),
(2, 191, 1),
(2, 192, 1),
(2, 193, 1),
(2, 194, 1),
(2, 195, 1),
(2, 196, 1),
(2, 197, 1),
(2, 198, 1),
(2, 199, 1),
(2, 200, 1),
(2, 201, 1),
(2, 202, 1),
(2, 203, 1),
(2, 204, 1),
(2, 205, 1),
(2, 206, 1),
(2, 207, 1),
(2, 208, 1),
(2, 209, 1),
(2, 210, 1),
(2, 211, 1),
(2, 212, 1),
(2, 213, 1),
(2, 214, 1),
(2, 215, 1),
(2, 216, 1),
(2, 217, 1),
(2, 218, 1),
(2, 220, 1),
(2, 221, 1),
(2, 222, 1),
(2, 223, 1),
(2, 224, 1),
(2, 225, 1),
(2, 226, 1),
(2, 227, 1),
(2, 228, 1),
(2, 229, 1),
(2, 230, 1),
(2, 231, 1),
(2, 232, 1),
(2, 233, 1),
(2, 234, 1),
(2, 235, 1),
(2, 236, 1),
(2, 237, 1),
(2, 238, 1),
(2, 239, 1),
(2, 240, 1),
(2, 241, 1),
(2, 242, 1),
(2, 243, 1),
(2, 244, 1),
(2, 245, 1),
(2, 246, 1),
(2, 247, 1),
(2, 248, 1),
(2, 249, 1),
(2, 250, 1),
(2, 251, 1),
(2, 252, 1),
(2, 253, 1),
(2, 254, 1),
(2, 255, 1),
(2, 256, 1),
(2, 257, 1),
(2, 258, 1),
(2, 259, 1),
(2, 260, 1),
(2, 261, 1),
(2, 262, 1),
(2, 263, 1),
(2, 264, 1),
(2, 265, 1),
(2, 266, 1),
(2, 267, 1),
(2, 268, 1),
(2, 269, 1),
(2, 270, 1),
(2, 271, 1),
(2, 272, 1),
(2, 273, 1),
(2, 274, 1),
(2, 275, 1),
(2, 276, 1),
(2, 277, 1),
(2, 278, 1),
(2, 279, 1),
(2, 280, 1),
(2, 281, 1),
(2, 282, 1),
(2, 283, 1),
(2, 284, 1),
(2, 285, 1),
(2, 286, 1),
(2, 287, 1),
(2, 288, 1),
(2, 289, 1),
(2, 290, 1),
(2, 291, 1),
(2, 292, 1),
(2, 293, 1),
(2, 294, 1),
(2, 295, 1),
(2, 296, 1),
(2, 297, 1),
(2, 298, 1),
(2, 299, 1),
(2, 300, 1),
(2, 301, 1),
(2, 302, 1),
(2, 303, 1),
(2, 304, 1),
(2, 305, 1),
(2, 306, 1),
(2, 307, 1),
(2, 308, 1),
(2, 309, 1),
(2, 310, 1),
(2, 311, 1),
(2, 312, 1),
(2, 313, 1),
(2, 314, 1),
(2, 315, 1),
(2, 316, 1),
(2, 317, 1),
(2, 318, 1),
(2, 319, 1),
(2, 320, 1),
(2, 321, 1),
(2, 322, 1),
(2, 323, 1),
(2, 324, 1),
(2, 325, 1),
(2, 326, 1),
(2, 354, 1),
(2, 355, 1),
(2, 356, 1),
(2, 362, 1),
(2, 363, 1),
(2, 364, 1),
(2, 365, 1),
(2, 376, 1),
(2, 378, 1),
(2, 379, 1),
(2, 380, 1),
(2, 381, 1),
(2, 382, 1),
(2, 383, 1),
(2, 384, 1),
(2, 385, 1),
(2, 386, 1),
(2, 387, 1),
(2, 388, 1),
(2, 389, 1),
(2, 390, 1),
(2, 391, 1),
(2, 392, 1),
(2, 393, 1),
(2, 394, 1),
(2, 395, 1),
(2, 396, 1),
(2, 397, 1),
(2, 398, 1),
(2, 399, 1),
(2, 400, 1),
(2, 401, 1),
(2, 402, 1),
(2, 403, 1),
(2, 404, 1),
(2, 405, 1),
(2, 406, 1),
(2, 407, 1),
(2, 408, 1),
(2, 411, 1),
(2, 412, 1),
(2, 413, 1),
(2, 414, 1),
(2, 415, 1),
(2, 416, 1),
(2, 417, 1),
(2, 418, 1),
(2, 419, 1),
(2, 420, 1),
(2, 421, 1),
(2, 486, 1),
(2, 487, 1),
(2, 488, 1),
(2, 489, 1),
(2, 490, 1),
(2, 491, 1),
(2, 492, 1),
(2, 493, 1),
(2, 494, 1),
(2, 495, 1),
(2, 496, 1),
(2, 497, 1),
(2, 498, 1),
(2, 499, 1),
(2, 500, 1),
(2, 501, 1),
(2, 502, 1),
(2, 503, 1),
(2, 504, 1),
(2, 505, 1),
(2, 506, 1),
(2, 507, 1),
(2, 508, 1),
(2, 509, 1),
(2, 510, 1),
(2, 511, 1),
(2, 512, 1),
(2, 513, 1),
(2, 514, 1),
(2, 515, 1),
(2, 516, 1),
(2, 517, 1),
(2, 530, 1),
(2, 531, 1),
(2, 532, 1),
(2, 533, 1),
(2, 534, 1),
(2, 535, 1),
(2, 536, 1),
(2, 537, 1),
(2, 538, 1),
(2, 539, 1),
(2, 540, 1),
(2, 541, 1),
(2, 543, 1),
(2, 544, 1),
(2, 545, 1),
(2, 546, 1),
(2, 547, 1),
(2, 548, 1),
(2, 549, 1),
(2, 550, 1),
(2, 551, 1),
(2, 552, 1),
(2, 553, 1),
(2, 554, 1),
(2, 555, 1),
(2, 556, 1),
(2, 557, 1),
(2, 558, 1),
(2, 559, 1),
(2, 560, 1),
(2, 561, 1),
(2, 562, 1),
(2, 563, 1),
(2, 564, 1),
(2, 565, 1),
(2, 566, 1),
(2, 567, 1),
(2, 568, 1),
(2, 569, 1),
(2, 570, 1),
(2, 571, 1),
(2, 572, 1),
(2, 573, 1),
(2, 574, 1),
(2, 575, 1),
(2, 576, 1),
(2, 577, 1),
(2, 578, 1),
(2, 579, 1),
(2, 580, 1),
(2, 581, 1),
(2, 582, 1),
(2, 583, 1),
(2, 584, 1),
(2, 585, 1),
(2, 586, 1),
(2, 587, 1),
(2, 588, 1),
(2, 589, 1),
(2, 590, 1),
(2, 591, 1),
(2, 592, 1),
(2, 593, 1),
(2, 594, 1),
(2, 595, 1),
(2, 596, 1),
(2, 597, 1),
(2, 598, 1),
(2, 599, 1),
(2, 600, 1),
(2, 601, 1),
(2, 602, 1),
(2, 603, 1),
(2, 604, 1),
(2, 605, 1),
(2, 606, 1),
(2, 607, 1),
(2, 608, 1),
(2, 609, 1),
(2, 610, 1),
(2, 611, 1),
(2, 612, 1),
(2, 613, 1),
(2, 614, 1),
(2, 615, 1),
(2, 616, 1),
(2, 617, 1),
(2, 618, 1),
(2, 619, 1),
(2, 620, 1),
(2, 621, 1),
(2, 626, 1),
(2, 649, 1),
(2, 650, 1),
(2, 651, 1),
(2, 652, 1),
(2, 653, 1),
(2, 654, 1),
(2, 655, 1),
(2, 656, 1),
(2, 657, 1),
(2, 658, 1),
(2, 659, 1),
(2, 660, 1),
(2, 661, 1),
(2, 662, 1),
(2, 663, 1),
(2, 664, 1),
(2, 665, 1),
(2, 666, 1),
(2, 667, 1),
(2, 668, 1),
(2, 669, 1),
(2, 670, 1),
(2, 671, 1),
(2, 672, 1),
(2, 673, 1),
(2, 674, 1),
(2, 675, 1),
(2, 676, 1),
(2, 677, 1),
(2, 678, 1),
(2, 679, 1),
(2, 680, 1),
(2, 681, 1),
(2, 682, 1),
(2, 683, 1),
(2, 684, 1),
(2, 685, 1),
(2, 686, 1),
(2, 687, 1),
(2, 688, 1),
(2, 689, 1),
(2, 690, 1),
(2, 691, 1),
(2, 692, 1),
(2, 693, 1),
(2, 694, 1),
(2, 695, 1),
(2, 696, 1),
(2, 697, 1),
(2, 698, 1),
(2, 699, 1),
(2, 700, 1),
(2, 701, 1),
(2, 702, 1),
(2, 703, 1),
(2, 704, 1),
(2, 705, 1),
(2, 706, 1),
(2, 707, 1),
(2, 708, 1),
(2, 709, 1),
(2, 710, 1),
(2, 711, 1),
(2, 712, 1),
(2, 713, 1),
(2, 714, 1),
(2, 715, 1),
(2, 716, 1),
(2, 717, 1),
(2, 718, 1),
(2, 719, 1),
(2, 720, 1),
(2, 721, 1),
(2, 722, 1),
(2, 723, 1),
(2, 724, 1),
(2, 725, 1),
(2, 726, 1),
(2, 727, 1),
(2, 728, 1),
(2, 729, 1),
(2, 730, 1),
(2, 731, 1),
(2, 732, 1),
(2, 733, 1),
(2, 734, 1),
(2, 735, 1),
(2, 736, 1),
(2, 737, 1),
(2, 738, 1),
(2, 739, 1),
(2, 740, 1),
(2, 741, 1),
(2, 742, 1),
(2, 743, 1),
(2, 744, 1),
(2, 745, 1),
(2, 746, 1),
(2, 747, 1),
(2, 748, 1),
(2, 749, 1),
(2, 750, 1),
(2, 751, 1),
(2, 752, 1),
(2, 753, 1),
(2, 754, 1),
(2, 755, 1),
(2, 756, 1),
(2, 757, 1),
(2, 758, 1),
(2, 759, 1),
(2, 760, 1),
(2, 761, 1),
(2, 762, 1),
(2, 763, 1),
(2, 764, 1),
(2, 765, 1),
(2, 766, 1),
(2, 767, 1),
(2, 768, 1),
(2, 769, 1),
(2, 770, 1),
(2, 771, 1),
(2, 772, 1),
(2, 773, 1),
(2, 774, 1),
(2, 775, 1),
(2, 776, 1),
(2, 777, 1),
(2, 778, 1),
(2, 779, 1),
(2, 780, 1),
(2, 781, 1),
(2, 782, 1),
(2, 783, 1),
(2, 784, 1),
(2, 785, 1),
(2, 786, 1),
(2, 787, 1),
(2, 788, 1),
(2, 789, 1),
(2, 790, 1),
(2, 791, 1),
(2, 792, 1),
(2, 793, 1),
(2, 794, 1),
(2, 795, 1),
(2, 796, 1),
(2, 797, 1),
(2, 798, 1),
(2, 799, 1),
(2, 800, 1),
(2, 801, 1),
(2, 802, 1),
(2, 803, 1),
(2, 804, 1),
(2, 805, 1),
(2, 806, 1),
(2, 807, 1),
(2, 808, 1),
(2, 809, 1),
(2, 810, 1),
(2, 811, 1),
(2, 812, 1),
(2, 813, 1),
(2, 814, 1),
(2, 815, 1),
(2, 816, 1),
(2, 817, 1),
(2, 818, 1),
(2, 819, 1),
(2, 820, 1),
(2, 821, 1),
(2, 822, 1),
(2, 823, 1),
(2, 824, 1),
(2, 825, 1),
(2, 826, 1),
(2, 827, 1),
(2, 828, 1),
(2, 829, 1),
(2, 830, 1),
(2, 831, 1),
(2, 832, 1),
(2, 833, 1),
(2, 834, 1),
(2, 835, 1),
(2, 836, 1),
(2, 837, 1),
(2, 838, 1),
(2, 839, 1),
(2, 840, 1),
(2, 841, 1),
(2, 842, 1),
(2, 843, 1),
(2, 844, 1),
(2, 845, 1),
(2, 846, 1),
(2, 847, 1),
(2, 848, 1),
(2, 849, 1),
(2, 850, 1),
(2, 851, 1),
(2, 852, 1),
(2, 853, 1),
(2, 854, 1),
(2, 855, 1),
(2, 856, 1),
(2, 861, 1),
(2, 862, 1),
(2, 863, 1),
(2, 864, 1),
(3, 242, 1),
(3, 387, 1),
(3, 388, 1),
(3, 389, 1),
(3, 390, 1),
(4, 42, 1),
(4, 43, 1),
(4, 44, 1),
(4, 45, 1),
(4, 46, 1),
(4, 47, 1),
(4, 48, 1),
(4, 49, 1),
(4, 50, 1),
(4, 51, 1),
(4, 52, 1),
(4, 53, 1),
(4, 54, 1),
(4, 55, 1),
(4, 56, 1),
(4, 57, 1),
(4, 58, 1),
(4, 59, 1),
(4, 60, 1),
(4, 61, 1),
(4, 151, 1),
(4, 152, 1),
(4, 153, 1),
(4, 154, 1),
(4, 242, 1),
(4, 243, 1),
(4, 244, 1),
(4, 245, 1),
(4, 246, 1),
(4, 853, 1),
(4, 854, 1),
(4, 855, 1),
(4, 856, 1),
(4, 861, 1),
(4, 862, 1),
(4, 863, 1),
(4, 864, 1),
(5, 242, 1),
(5, 247, 1),
(5, 248, 1),
(5, 249, 1),
(5, 250, 1),
(6, 242, 1),
(7, 1, 1),
(7, 2, 1),
(7, 3, 1),
(7, 4, 1),
(7, 5, 1),
(7, 6, 1),
(7, 7, 1),
(7, 8, 1),
(7, 9, 1),
(7, 10, 1),
(7, 11, 1),
(7, 12, 1),
(7, 13, 1),
(7, 14, 1),
(7, 15, 1),
(7, 16, 1),
(7, 17, 1),
(7, 18, 1),
(7, 19, 1),
(7, 20, 1),
(7, 21, 1),
(7, 22, 1),
(7, 23, 1),
(7, 24, 1),
(7, 25, 1),
(7, 26, 1),
(7, 27, 1),
(7, 28, 1),
(7, 29, 1),
(7, 30, 1),
(7, 31, 1),
(7, 32, 1),
(7, 33, 1),
(7, 34, 1),
(7, 35, 1),
(7, 36, 1),
(7, 37, 1),
(7, 38, 1),
(7, 39, 1),
(7, 40, 1),
(7, 41, 1),
(7, 42, 1),
(7, 43, 1),
(7, 44, 1),
(7, 45, 1),
(7, 46, 1),
(7, 47, 1),
(7, 48, 1),
(7, 49, 1),
(7, 50, 1),
(7, 51, 1),
(7, 52, 1),
(7, 53, 1),
(7, 54, 1),
(7, 55, 1),
(7, 56, 1),
(7, 57, 1),
(7, 58, 1),
(7, 59, 1),
(7, 60, 1),
(7, 61, 1),
(7, 92, 1),
(7, 93, 1),
(7, 94, 1),
(7, 95, 1),
(7, 96, 1),
(7, 97, 1),
(7, 98, 1),
(7, 99, 1),
(7, 100, 1),
(7, 101, 1),
(7, 102, 1),
(7, 103, 1),
(7, 104, 1),
(7, 105, 1),
(7, 106, 1),
(7, 107, 1),
(7, 108, 1),
(7, 109, 1),
(7, 110, 1),
(7, 111, 1),
(7, 112, 1),
(7, 113, 1),
(7, 114, 1),
(7, 115, 1),
(7, 116, 1),
(7, 117, 1),
(7, 118, 1),
(7, 119, 1),
(7, 120, 1),
(7, 121, 1),
(7, 122, 1),
(7, 123, 1),
(7, 124, 1),
(7, 125, 1),
(7, 126, 1),
(7, 127, 1),
(7, 128, 1),
(7, 129, 1),
(7, 130, 1),
(7, 131, 1),
(7, 132, 1),
(7, 133, 1),
(7, 134, 1),
(7, 135, 1),
(7, 136, 1),
(7, 137, 1),
(7, 138, 1),
(7, 139, 1),
(7, 140, 1),
(7, 141, 1),
(7, 142, 1),
(7, 143, 1),
(7, 144, 1),
(7, 145, 1),
(7, 146, 1),
(7, 147, 1),
(7, 148, 1),
(7, 149, 1),
(7, 150, 1),
(7, 151, 1),
(7, 152, 1),
(7, 153, 1),
(7, 154, 1),
(7, 159, 1),
(7, 160, 1),
(7, 161, 1),
(7, 162, 1),
(7, 163, 1),
(7, 164, 1),
(7, 165, 1),
(7, 166, 1),
(7, 167, 1),
(7, 168, 1),
(7, 169, 1),
(7, 170, 1),
(7, 171, 1),
(7, 176, 1),
(7, 177, 1),
(7, 178, 1),
(7, 179, 1),
(7, 180, 1),
(7, 181, 1),
(7, 182, 1),
(7, 183, 1),
(7, 184, 1),
(7, 190, 1),
(7, 191, 1),
(7, 192, 1),
(7, 193, 1),
(7, 194, 1),
(7, 195, 1),
(7, 196, 1),
(7, 197, 1),
(7, 198, 1),
(7, 199, 1),
(7, 200, 1),
(7, 201, 1),
(7, 202, 1),
(7, 203, 1),
(7, 204, 1),
(7, 205, 1),
(7, 206, 1),
(7, 207, 1),
(7, 208, 1),
(7, 209, 1),
(7, 210, 1),
(7, 211, 1),
(7, 212, 1),
(7, 213, 1),
(7, 214, 1),
(7, 215, 1),
(7, 216, 1),
(7, 217, 1),
(7, 218, 1),
(7, 220, 1),
(7, 221, 1),
(7, 222, 1),
(7, 223, 1),
(7, 224, 1),
(7, 225, 1),
(7, 226, 1),
(7, 227, 1),
(7, 228, 1),
(7, 229, 1),
(7, 230, 1),
(7, 231, 1),
(7, 232, 1),
(7, 233, 1),
(7, 234, 1),
(7, 235, 1),
(7, 236, 1),
(7, 237, 1),
(7, 238, 1),
(7, 239, 1),
(7, 240, 1),
(7, 242, 1),
(7, 243, 1),
(7, 244, 1),
(7, 245, 1),
(7, 246, 1),
(7, 247, 1),
(7, 248, 1),
(7, 249, 1),
(7, 250, 1),
(7, 251, 1),
(7, 252, 1),
(7, 253, 1),
(7, 254, 1),
(7, 255, 1),
(7, 256, 1),
(7, 257, 1),
(7, 258, 1),
(7, 259, 1),
(7, 260, 1),
(7, 261, 1),
(7, 262, 1),
(7, 263, 1),
(7, 264, 1),
(7, 265, 1),
(7, 266, 1),
(7, 267, 1),
(7, 268, 1),
(7, 269, 1),
(7, 270, 1),
(7, 271, 1),
(7, 272, 1),
(7, 273, 1),
(7, 274, 1),
(7, 275, 1),
(7, 276, 1),
(7, 277, 1),
(7, 278, 1),
(7, 279, 1),
(7, 280, 1),
(7, 281, 1),
(7, 282, 1),
(7, 283, 1),
(7, 284, 1),
(7, 285, 1),
(7, 286, 1),
(7, 287, 1),
(7, 288, 1),
(7, 289, 1),
(7, 290, 1),
(7, 291, 1),
(7, 292, 1),
(7, 293, 1),
(7, 294, 1),
(7, 295, 1),
(7, 296, 1),
(7, 297, 1),
(7, 298, 1),
(7, 299, 1),
(7, 300, 1),
(7, 301, 1),
(7, 302, 1),
(7, 303, 1),
(7, 304, 1),
(7, 305, 1),
(7, 306, 1),
(7, 307, 1),
(7, 308, 1),
(7, 309, 1),
(7, 310, 1),
(7, 311, 1),
(7, 312, 1),
(7, 313, 1),
(7, 314, 1),
(7, 315, 1),
(7, 316, 1),
(7, 317, 1),
(7, 318, 1),
(7, 319, 1),
(7, 320, 1),
(7, 321, 1),
(7, 322, 1),
(7, 323, 1),
(7, 324, 1),
(7, 325, 1),
(7, 326, 1),
(7, 354, 1),
(7, 355, 1),
(7, 356, 1),
(7, 362, 1),
(7, 363, 1),
(7, 364, 1),
(7, 365, 1),
(7, 376, 1),
(7, 378, 1),
(7, 379, 1),
(7, 380, 1),
(7, 381, 1),
(7, 382, 1),
(7, 383, 1),
(7, 384, 1),
(7, 385, 1),
(7, 386, 1),
(7, 387, 1),
(7, 388, 1),
(7, 389, 1),
(7, 390, 1),
(7, 399, 1),
(7, 400, 1),
(7, 401, 1),
(7, 402, 1),
(7, 403, 1),
(7, 404, 1),
(7, 405, 1),
(7, 406, 1),
(7, 407, 1),
(7, 408, 1),
(7, 411, 1),
(7, 412, 1),
(7, 413, 1),
(7, 414, 1),
(7, 415, 1),
(7, 416, 1),
(7, 417, 1),
(7, 418, 1),
(7, 419, 1),
(7, 420, 1),
(7, 421, 1),
(7, 530, 1),
(7, 531, 1),
(7, 532, 1),
(7, 533, 1),
(7, 534, 1),
(7, 535, 1),
(7, 536, 1),
(7, 537, 1),
(7, 538, 1),
(7, 539, 1),
(7, 540, 1),
(7, 541, 1),
(7, 543, 1),
(7, 544, 1),
(7, 545, 1),
(7, 546, 1),
(7, 547, 1),
(7, 548, 1),
(7, 549, 1),
(7, 550, 1),
(7, 551, 1),
(7, 552, 1),
(7, 553, 1),
(7, 554, 1),
(7, 555, 1),
(7, 556, 1),
(7, 557, 1),
(7, 558, 1),
(7, 559, 1),
(7, 560, 1),
(7, 561, 1),
(7, 562, 1),
(7, 563, 1),
(7, 564, 1),
(7, 565, 1),
(7, 566, 1),
(7, 567, 1),
(7, 568, 1),
(7, 569, 1),
(7, 570, 1),
(7, 571, 1),
(7, 572, 1),
(7, 573, 1),
(7, 574, 1),
(7, 575, 1),
(7, 576, 1),
(7, 577, 1),
(7, 578, 1),
(7, 579, 1),
(7, 580, 1),
(7, 581, 1),
(7, 582, 1),
(7, 583, 1),
(7, 584, 1),
(7, 585, 1),
(7, 586, 1),
(7, 587, 1),
(7, 588, 1),
(7, 589, 1),
(7, 590, 1),
(7, 591, 1),
(7, 592, 1),
(7, 593, 1),
(7, 594, 1),
(7, 595, 1),
(7, 596, 1),
(7, 597, 1),
(7, 598, 1),
(7, 599, 1),
(7, 600, 1),
(7, 601, 1),
(7, 602, 1),
(7, 603, 1),
(7, 604, 1),
(7, 605, 1),
(7, 606, 1),
(7, 607, 1),
(7, 608, 1),
(7, 609, 1),
(7, 610, 1),
(7, 611, 1),
(7, 612, 1),
(7, 613, 1),
(7, 614, 1),
(7, 615, 1),
(7, 616, 1),
(7, 617, 1),
(7, 618, 1),
(7, 619, 1),
(7, 620, 1),
(7, 621, 1),
(7, 626, 1),
(7, 649, 1),
(7, 650, 1),
(7, 651, 1),
(7, 652, 1),
(7, 653, 1),
(7, 654, 1),
(7, 655, 1),
(7, 656, 1),
(7, 657, 1),
(7, 658, 1),
(7, 659, 1),
(7, 660, 1),
(7, 661, 1),
(7, 662, 1),
(7, 663, 1),
(7, 664, 1),
(7, 665, 1),
(7, 666, 1),
(7, 667, 1),
(7, 668, 1),
(7, 669, 1),
(7, 670, 1),
(7, 671, 1),
(7, 672, 1),
(8, 1, 1),
(8, 2, 1),
(8, 3, 1),
(8, 4, 1),
(8, 5, 1),
(8, 6, 1),
(8, 7, 1),
(8, 8, 1),
(8, 9, 1),
(8, 10, 1),
(8, 11, 1),
(8, 12, 1),
(8, 13, 1),
(8, 14, 1),
(8, 15, 1),
(8, 16, 1),
(8, 17, 1),
(8, 18, 1),
(8, 19, 1),
(8, 20, 1),
(8, 21, 1),
(8, 22, 1),
(8, 23, 1),
(8, 24, 1),
(8, 25, 1),
(8, 26, 1),
(8, 27, 1),
(8, 28, 1),
(8, 29, 1),
(8, 30, 1),
(8, 31, 1),
(8, 32, 1),
(8, 33, 1),
(8, 34, 1),
(8, 35, 1),
(8, 36, 1),
(8, 37, 1),
(8, 38, 1),
(8, 39, 1),
(8, 40, 1),
(8, 41, 1),
(8, 42, 1),
(8, 43, 1),
(8, 44, 1),
(8, 45, 1),
(8, 46, 1),
(8, 47, 1),
(8, 48, 1),
(8, 49, 1),
(8, 50, 1),
(8, 51, 1),
(8, 52, 1),
(8, 53, 1),
(8, 54, 1),
(8, 55, 1),
(8, 56, 1),
(8, 57, 1),
(8, 58, 1),
(8, 59, 1),
(8, 60, 1),
(8, 61, 1),
(8, 92, 1),
(8, 93, 1),
(8, 94, 1),
(8, 95, 1),
(8, 96, 1),
(8, 97, 1),
(8, 98, 1),
(8, 99, 1),
(8, 100, 1),
(8, 101, 1),
(8, 102, 1),
(8, 103, 1),
(8, 104, 1),
(8, 105, 1),
(8, 106, 1),
(8, 107, 1),
(8, 108, 1),
(8, 109, 1),
(8, 110, 1),
(8, 111, 1),
(8, 112, 1),
(8, 113, 1),
(8, 114, 1),
(8, 115, 1),
(8, 116, 1),
(8, 117, 1),
(8, 118, 1),
(8, 119, 1),
(8, 120, 1),
(8, 121, 1),
(8, 122, 1),
(8, 123, 1),
(8, 124, 1),
(8, 125, 1),
(8, 126, 1),
(8, 127, 1),
(8, 128, 1),
(8, 129, 1),
(8, 130, 1),
(8, 131, 1),
(8, 132, 1),
(8, 133, 1),
(8, 134, 1),
(8, 135, 1),
(8, 136, 1),
(8, 137, 1),
(8, 138, 1),
(8, 139, 1),
(8, 140, 1),
(8, 141, 1),
(8, 142, 1),
(8, 143, 1),
(8, 144, 1),
(8, 145, 1),
(8, 146, 1),
(8, 147, 1),
(8, 148, 1),
(8, 149, 1),
(8, 150, 1),
(8, 151, 1),
(8, 152, 1),
(8, 153, 1),
(8, 154, 1),
(8, 159, 1),
(8, 160, 1),
(8, 161, 1),
(8, 162, 1),
(8, 163, 1),
(8, 164, 1),
(8, 165, 1),
(8, 166, 1),
(8, 167, 1),
(8, 168, 1),
(8, 169, 1),
(8, 170, 1),
(8, 171, 1),
(8, 176, 1),
(8, 177, 1),
(8, 178, 1),
(8, 179, 1),
(8, 180, 1),
(8, 181, 1),
(8, 182, 1),
(8, 183, 1),
(8, 184, 1),
(8, 190, 1),
(8, 191, 1),
(8, 192, 1),
(8, 193, 1),
(8, 194, 1),
(8, 195, 1),
(8, 196, 1),
(8, 197, 1),
(8, 198, 1),
(8, 199, 1),
(8, 200, 1),
(8, 201, 1),
(8, 202, 1),
(8, 203, 1),
(8, 204, 1),
(8, 205, 1),
(8, 206, 1),
(8, 207, 1),
(8, 208, 1),
(8, 209, 1),
(8, 210, 1),
(8, 211, 1),
(8, 212, 1),
(8, 213, 1),
(8, 214, 1),
(8, 215, 1),
(8, 216, 1),
(8, 217, 1),
(8, 218, 1),
(8, 220, 1),
(8, 221, 1),
(8, 222, 1),
(8, 223, 1),
(8, 224, 1),
(8, 225, 1),
(8, 226, 1),
(8, 227, 1),
(8, 228, 1),
(8, 229, 1),
(8, 230, 1),
(8, 231, 1),
(8, 232, 1),
(8, 233, 1),
(8, 234, 1),
(8, 235, 1),
(8, 236, 1),
(8, 237, 1),
(8, 238, 1),
(8, 239, 1),
(8, 240, 1),
(8, 241, 1),
(8, 242, 1),
(8, 243, 1),
(8, 244, 1),
(8, 245, 1),
(8, 246, 1),
(8, 247, 1),
(8, 248, 1),
(8, 249, 1),
(8, 250, 1),
(8, 251, 1),
(8, 252, 1),
(8, 253, 1),
(8, 254, 1),
(8, 255, 1),
(8, 256, 1),
(8, 257, 1),
(8, 258, 1),
(8, 259, 1),
(8, 260, 1),
(8, 261, 1),
(8, 262, 1),
(8, 263, 1),
(8, 264, 1),
(8, 265, 1),
(8, 266, 1),
(8, 267, 1),
(8, 268, 1),
(8, 269, 1),
(8, 270, 1),
(8, 271, 1),
(8, 272, 1),
(8, 273, 1),
(8, 274, 1),
(8, 275, 1),
(8, 276, 1),
(8, 277, 1),
(8, 278, 1),
(8, 279, 1),
(8, 280, 1),
(8, 281, 1),
(8, 282, 1),
(8, 283, 1),
(8, 284, 1),
(8, 285, 1),
(8, 286, 1),
(8, 287, 1),
(8, 288, 1),
(8, 289, 1),
(8, 290, 1),
(8, 291, 1),
(8, 292, 1),
(8, 293, 1),
(8, 294, 1),
(8, 295, 1),
(8, 296, 1),
(8, 297, 1),
(8, 298, 1),
(8, 299, 1),
(8, 300, 1),
(8, 301, 1),
(8, 302, 1),
(8, 303, 1),
(8, 304, 1),
(8, 305, 1),
(8, 306, 1),
(8, 307, 1),
(8, 308, 1),
(8, 309, 1),
(8, 310, 1),
(8, 311, 1),
(8, 312, 1),
(8, 313, 1),
(8, 314, 1),
(8, 315, 1),
(8, 316, 1),
(8, 317, 1),
(8, 318, 1),
(8, 319, 1),
(8, 320, 1),
(8, 321, 1),
(8, 322, 1),
(8, 323, 1),
(8, 324, 1),
(8, 325, 1),
(8, 326, 1),
(8, 354, 1),
(8, 355, 1),
(8, 356, 1),
(8, 362, 1),
(8, 363, 1),
(8, 364, 1),
(8, 365, 1),
(8, 376, 1),
(8, 378, 1),
(8, 379, 1),
(8, 380, 1),
(8, 381, 1),
(8, 382, 1),
(8, 383, 1),
(8, 384, 1),
(8, 385, 1),
(8, 386, 1),
(8, 387, 1),
(8, 388, 1),
(8, 389, 1),
(8, 390, 1),
(8, 391, 1),
(8, 392, 1),
(8, 393, 1),
(8, 394, 1),
(8, 395, 1),
(8, 396, 1),
(8, 397, 1),
(8, 398, 1),
(8, 399, 1),
(8, 400, 1),
(8, 401, 1),
(8, 402, 1),
(8, 403, 1),
(8, 404, 1),
(8, 405, 1),
(8, 406, 1),
(8, 407, 1),
(8, 408, 1),
(8, 411, 1),
(8, 412, 1),
(8, 413, 1),
(8, 414, 1),
(8, 415, 1),
(8, 416, 1),
(8, 417, 1),
(8, 418, 1),
(8, 419, 1),
(8, 420, 1),
(8, 421, 1),
(8, 486, 1),
(8, 487, 1),
(8, 488, 1),
(8, 489, 1),
(8, 490, 1),
(8, 491, 1),
(8, 492, 1),
(8, 493, 1),
(8, 494, 1),
(8, 495, 1),
(8, 496, 1),
(8, 497, 1),
(8, 498, 1),
(8, 499, 1),
(8, 500, 1),
(8, 501, 1),
(8, 502, 1),
(8, 503, 1),
(8, 504, 1),
(8, 505, 1),
(8, 506, 1),
(8, 507, 1),
(8, 508, 1),
(8, 509, 1),
(8, 510, 1),
(8, 511, 1),
(8, 512, 1),
(8, 513, 1),
(8, 514, 1),
(8, 515, 1),
(8, 516, 1),
(8, 517, 1),
(8, 530, 1),
(8, 531, 1),
(8, 532, 1),
(8, 533, 1),
(8, 534, 1),
(8, 535, 1),
(8, 536, 1),
(8, 537, 1),
(8, 538, 1),
(8, 539, 1),
(8, 540, 1),
(8, 541, 1),
(8, 543, 1),
(8, 544, 1),
(8, 545, 1),
(8, 546, 1),
(8, 547, 1),
(8, 548, 1),
(8, 549, 1),
(8, 550, 1),
(8, 551, 1),
(8, 552, 1),
(8, 553, 1),
(8, 554, 1),
(8, 555, 1),
(8, 556, 1),
(8, 557, 1),
(8, 558, 1),
(8, 559, 1),
(8, 560, 1),
(8, 561, 1),
(8, 562, 1),
(8, 563, 1),
(8, 564, 1),
(8, 565, 1),
(8, 566, 1),
(8, 567, 1),
(8, 568, 1),
(8, 569, 1),
(8, 570, 1),
(8, 571, 1),
(8, 572, 1),
(8, 573, 1),
(8, 574, 1),
(8, 575, 1),
(8, 576, 1),
(8, 577, 1),
(8, 578, 1),
(8, 579, 1),
(8, 580, 1),
(8, 581, 1),
(8, 582, 1),
(8, 583, 1),
(8, 584, 1),
(8, 585, 1),
(8, 586, 1),
(8, 587, 1),
(8, 588, 1),
(8, 589, 1),
(8, 590, 1),
(8, 591, 1),
(8, 592, 1),
(8, 593, 1),
(8, 594, 1),
(8, 595, 1),
(8, 596, 1),
(8, 597, 1),
(8, 598, 1),
(8, 599, 1),
(8, 600, 1),
(8, 601, 1),
(8, 602, 1),
(8, 603, 1),
(8, 604, 1),
(8, 605, 1),
(8, 606, 1),
(8, 607, 1),
(8, 608, 1),
(8, 609, 1),
(8, 610, 1),
(8, 611, 1),
(8, 612, 1),
(8, 613, 1),
(8, 614, 1),
(8, 615, 1),
(8, 616, 1),
(8, 617, 1),
(8, 618, 1),
(8, 619, 1),
(8, 620, 1),
(8, 621, 1),
(8, 626, 1),
(8, 649, 1),
(8, 650, 1),
(8, 651, 1),
(8, 652, 1),
(8, 653, 1),
(8, 654, 1),
(8, 655, 1),
(8, 656, 1),
(8, 657, 1),
(8, 658, 1),
(8, 659, 1),
(8, 660, 1),
(8, 661, 1),
(8, 662, 1),
(8, 663, 1),
(8, 664, 1),
(8, 665, 1),
(8, 666, 1),
(8, 667, 1),
(8, 668, 1),
(8, 669, 1),
(8, 670, 1),
(8, 671, 1),
(8, 672, 1),
(9, 1, 1),
(9, 2, 1),
(9, 3, 1),
(9, 4, 1),
(9, 5, 1),
(9, 6, 1),
(9, 7, 1),
(9, 8, 1),
(9, 9, 1),
(9, 10, 1),
(9, 11, 1),
(9, 12, 1),
(9, 13, 1),
(9, 14, 1),
(9, 15, 1),
(9, 16, 1),
(9, 17, 1),
(9, 18, 1),
(9, 19, 1),
(9, 20, 1),
(9, 21, 1),
(9, 22, 1),
(9, 23, 1),
(9, 24, 1),
(9, 25, 1),
(9, 26, 1),
(9, 27, 1),
(9, 28, 1),
(9, 29, 1),
(9, 30, 1),
(9, 31, 1),
(9, 32, 1),
(9, 33, 1),
(9, 34, 1),
(9, 35, 1),
(9, 36, 1),
(9, 37, 1),
(9, 38, 1),
(9, 39, 1),
(9, 40, 1),
(9, 41, 1),
(9, 42, 1),
(9, 43, 1),
(9, 44, 1),
(9, 45, 1),
(9, 46, 1),
(9, 47, 1),
(9, 48, 1),
(9, 49, 1),
(9, 50, 1),
(9, 51, 1),
(9, 52, 1),
(9, 53, 1),
(9, 54, 1),
(9, 55, 1),
(9, 56, 1),
(9, 57, 1),
(9, 58, 1),
(9, 59, 1),
(9, 60, 1),
(9, 61, 1),
(9, 92, 1),
(9, 93, 1),
(9, 94, 1),
(9, 95, 1),
(9, 96, 1),
(9, 97, 1),
(9, 98, 1),
(9, 99, 1),
(9, 100, 1),
(9, 101, 1),
(9, 102, 1),
(9, 103, 1),
(9, 104, 1),
(9, 105, 1),
(9, 106, 1),
(9, 107, 1),
(9, 108, 1),
(9, 109, 1),
(9, 110, 1),
(9, 111, 1),
(9, 112, 1),
(9, 113, 1),
(9, 114, 1),
(9, 115, 1),
(9, 116, 1),
(9, 117, 1),
(9, 118, 1),
(9, 119, 1),
(9, 120, 1),
(9, 121, 1),
(9, 122, 1),
(9, 123, 1),
(9, 124, 1),
(9, 125, 1),
(9, 126, 1),
(9, 127, 1),
(9, 128, 1),
(9, 129, 1),
(9, 130, 1),
(9, 131, 1),
(9, 132, 1),
(9, 133, 1),
(9, 134, 1),
(9, 135, 1),
(9, 136, 1),
(9, 137, 1),
(9, 138, 1),
(9, 139, 1),
(9, 140, 1),
(9, 141, 1),
(9, 142, 1),
(9, 143, 1),
(9, 144, 1),
(9, 145, 1),
(9, 146, 1),
(9, 147, 1),
(9, 148, 1),
(9, 149, 1),
(9, 150, 1),
(9, 151, 1),
(9, 152, 1),
(9, 153, 1),
(9, 154, 1),
(9, 159, 1),
(9, 160, 1),
(9, 161, 1),
(9, 162, 1),
(9, 163, 1),
(9, 164, 1),
(9, 165, 1),
(9, 166, 1),
(9, 167, 1),
(9, 168, 1),
(9, 169, 1),
(9, 170, 1),
(9, 171, 1),
(9, 176, 1),
(9, 177, 1),
(9, 178, 1),
(9, 179, 1),
(9, 180, 1),
(9, 181, 1),
(9, 182, 1),
(9, 183, 1),
(9, 184, 1),
(9, 190, 1),
(9, 191, 1),
(9, 192, 1),
(9, 193, 1),
(9, 194, 1),
(9, 195, 1),
(9, 196, 1),
(9, 197, 1),
(9, 198, 1),
(9, 199, 1),
(9, 200, 1),
(9, 201, 1),
(9, 202, 1),
(9, 203, 1),
(9, 204, 1),
(9, 205, 1),
(9, 206, 1),
(9, 207, 1),
(9, 208, 1),
(9, 209, 1),
(9, 210, 1),
(9, 211, 1),
(9, 212, 1),
(9, 213, 1),
(9, 214, 1),
(9, 215, 1),
(9, 216, 1),
(9, 217, 1),
(9, 218, 1),
(9, 220, 1),
(9, 221, 1),
(9, 222, 1),
(9, 223, 1),
(9, 224, 1),
(9, 225, 1),
(9, 226, 1),
(9, 227, 1),
(9, 228, 1),
(9, 229, 1),
(9, 230, 1),
(9, 231, 1),
(9, 232, 1),
(9, 233, 1),
(9, 234, 1),
(9, 235, 1),
(9, 236, 1),
(9, 237, 1),
(9, 238, 1),
(9, 239, 1),
(9, 240, 1),
(9, 241, 1),
(9, 242, 1),
(9, 243, 1),
(9, 244, 1),
(9, 245, 1),
(9, 246, 1),
(9, 247, 1),
(9, 248, 1),
(9, 249, 1),
(9, 250, 1),
(9, 251, 1),
(9, 252, 1),
(9, 253, 1),
(9, 254, 1),
(9, 255, 1),
(9, 256, 1),
(9, 257, 1),
(9, 258, 1),
(9, 259, 1),
(9, 260, 1),
(9, 261, 1),
(9, 262, 1),
(9, 263, 1),
(9, 264, 1),
(9, 265, 1),
(9, 266, 1),
(9, 267, 1),
(9, 268, 1),
(9, 269, 1),
(9, 270, 1),
(9, 271, 1),
(9, 272, 1),
(9, 273, 1),
(9, 274, 1),
(9, 275, 1),
(9, 276, 1),
(9, 277, 1),
(9, 278, 1),
(9, 279, 1),
(9, 280, 1),
(9, 281, 1),
(9, 282, 1),
(9, 283, 1),
(9, 284, 1),
(9, 285, 1),
(9, 286, 1),
(9, 287, 1),
(9, 288, 1),
(9, 289, 1),
(9, 290, 1),
(9, 291, 1),
(9, 292, 1),
(9, 293, 1),
(9, 294, 1),
(9, 295, 1),
(9, 296, 1),
(9, 297, 1),
(9, 298, 1),
(9, 299, 1),
(9, 300, 1),
(9, 301, 1),
(9, 302, 1),
(9, 303, 1),
(9, 304, 1),
(9, 305, 1),
(9, 306, 1),
(9, 307, 1),
(9, 308, 1),
(9, 309, 1),
(9, 310, 1),
(9, 311, 1),
(9, 312, 1),
(9, 313, 1),
(9, 314, 1),
(9, 315, 1),
(9, 316, 1),
(9, 317, 1),
(9, 318, 1),
(9, 319, 1),
(9, 320, 1),
(9, 321, 1),
(9, 322, 1),
(9, 323, 1),
(9, 324, 1),
(9, 325, 1),
(9, 326, 1),
(9, 354, 1),
(9, 355, 1),
(9, 356, 1),
(9, 362, 1),
(9, 363, 1),
(9, 364, 1),
(9, 365, 1),
(9, 376, 1),
(9, 378, 1),
(9, 379, 1),
(9, 380, 1),
(9, 381, 1),
(9, 382, 1),
(9, 383, 1),
(9, 384, 1),
(9, 385, 1),
(9, 386, 1),
(9, 387, 1),
(9, 388, 1),
(9, 389, 1),
(9, 390, 1),
(9, 391, 1),
(9, 392, 1),
(9, 393, 1),
(9, 394, 1),
(9, 395, 1),
(9, 396, 1),
(9, 397, 1),
(9, 398, 1),
(9, 399, 1),
(9, 400, 1),
(9, 401, 1),
(9, 402, 1),
(9, 403, 1),
(9, 404, 1),
(9, 405, 1),
(9, 406, 1),
(9, 407, 1),
(9, 408, 1),
(9, 411, 1),
(9, 412, 1),
(9, 413, 1),
(9, 414, 1),
(9, 415, 1),
(9, 416, 1),
(9, 417, 1),
(9, 418, 1),
(9, 419, 1),
(9, 420, 1),
(9, 421, 1),
(9, 486, 1),
(9, 487, 1),
(9, 488, 1),
(9, 489, 1),
(9, 490, 1),
(9, 491, 1),
(9, 492, 1),
(9, 493, 1),
(9, 494, 1),
(9, 495, 1),
(9, 496, 1),
(9, 497, 1),
(9, 498, 1),
(9, 499, 1),
(9, 500, 1),
(9, 501, 1),
(9, 502, 1),
(9, 503, 1),
(9, 504, 1),
(9, 505, 1),
(9, 506, 1),
(9, 507, 1),
(9, 508, 1),
(9, 509, 1),
(9, 510, 1),
(9, 511, 1),
(9, 512, 1),
(9, 513, 1),
(9, 514, 1),
(9, 515, 1),
(9, 516, 1),
(9, 517, 1),
(9, 530, 1),
(9, 531, 1),
(9, 532, 1),
(9, 533, 1),
(9, 534, 1),
(9, 535, 1),
(9, 536, 1),
(9, 537, 1),
(9, 538, 1),
(9, 539, 1),
(9, 540, 1),
(9, 541, 1),
(9, 543, 1),
(9, 544, 1),
(9, 545, 1),
(9, 546, 1),
(9, 547, 1),
(9, 548, 1),
(9, 549, 1),
(9, 550, 1),
(9, 551, 1),
(9, 552, 1),
(9, 553, 1),
(9, 554, 1),
(9, 555, 1),
(9, 556, 1),
(9, 557, 1),
(9, 558, 1),
(9, 559, 1),
(9, 560, 1),
(9, 561, 1),
(9, 562, 1),
(9, 563, 1),
(9, 564, 1),
(9, 565, 1),
(9, 566, 1),
(9, 567, 1),
(9, 568, 1),
(9, 569, 1),
(9, 570, 1),
(9, 571, 1),
(9, 572, 1),
(9, 573, 1),
(9, 574, 1),
(9, 575, 1),
(9, 576, 1),
(9, 577, 1),
(9, 578, 1),
(9, 579, 1),
(9, 580, 1),
(9, 581, 1),
(9, 582, 1),
(9, 583, 1),
(9, 584, 1),
(9, 585, 1),
(9, 586, 1),
(9, 587, 1),
(9, 588, 1),
(9, 589, 1),
(9, 590, 1),
(9, 591, 1),
(9, 592, 1),
(9, 593, 1),
(9, 594, 1),
(9, 595, 1),
(9, 596, 1),
(9, 597, 1),
(9, 598, 1),
(9, 599, 1),
(9, 600, 1),
(9, 601, 1),
(9, 602, 1),
(9, 603, 1),
(9, 604, 1),
(9, 605, 1),
(9, 606, 1),
(9, 607, 1),
(9, 608, 1),
(9, 609, 1),
(9, 610, 1),
(9, 611, 1),
(9, 612, 1),
(9, 613, 1),
(9, 614, 1),
(9, 615, 1),
(9, 616, 1),
(9, 617, 1),
(9, 618, 1),
(9, 619, 1),
(9, 620, 1),
(9, 621, 1),
(9, 626, 1),
(9, 649, 1),
(9, 650, 1),
(9, 651, 1),
(9, 652, 1),
(9, 653, 1),
(9, 654, 1),
(9, 655, 1),
(9, 656, 1),
(9, 657, 1),
(9, 658, 1),
(9, 659, 1),
(9, 660, 1),
(9, 661, 1),
(9, 662, 1),
(9, 663, 1),
(9, 664, 1),
(9, 665, 1),
(9, 666, 1),
(9, 667, 1),
(9, 668, 1),
(9, 669, 1),
(9, 670, 1),
(9, 671, 1),
(9, 672, 1),
(10, 1, 1),
(10, 2, 1),
(10, 3, 1),
(10, 4, 1),
(10, 5, 1),
(10, 6, 1),
(10, 7, 1),
(10, 8, 1),
(10, 9, 1),
(10, 10, 1),
(10, 11, 1),
(10, 12, 1),
(10, 13, 1),
(10, 14, 1),
(10, 15, 1),
(10, 16, 1),
(10, 17, 1),
(10, 18, 1),
(10, 19, 1),
(10, 20, 1),
(10, 21, 1),
(10, 22, 1),
(10, 23, 1),
(10, 24, 1),
(10, 25, 1),
(10, 26, 1),
(10, 27, 1),
(10, 28, 1),
(10, 29, 1),
(10, 30, 1),
(10, 31, 1),
(10, 32, 1),
(10, 33, 1),
(10, 34, 1),
(10, 35, 1),
(10, 36, 1),
(10, 37, 1),
(10, 38, 1),
(10, 39, 1),
(10, 40, 1),
(10, 41, 1),
(10, 42, 1),
(10, 43, 1),
(10, 44, 1),
(10, 45, 1),
(10, 46, 1),
(10, 47, 1),
(10, 48, 1),
(10, 49, 1),
(10, 50, 1),
(10, 51, 1),
(10, 52, 1),
(10, 53, 1),
(10, 54, 1),
(10, 55, 1),
(10, 56, 1),
(10, 57, 1),
(10, 58, 1),
(10, 59, 1),
(10, 60, 1),
(10, 61, 1),
(10, 92, 1),
(10, 93, 1),
(10, 94, 1),
(10, 95, 1),
(10, 96, 1),
(10, 97, 1),
(10, 98, 1),
(10, 99, 1),
(10, 100, 1),
(10, 101, 1),
(10, 102, 1),
(10, 103, 1),
(10, 104, 1),
(10, 105, 1),
(10, 106, 1),
(10, 107, 1),
(10, 108, 1),
(10, 109, 1),
(10, 110, 1),
(10, 111, 1),
(10, 112, 1),
(10, 113, 1),
(10, 114, 1),
(10, 115, 1),
(10, 116, 1),
(10, 117, 1),
(10, 118, 1),
(10, 119, 1),
(10, 120, 1),
(10, 121, 1),
(10, 122, 1),
(10, 123, 1),
(10, 124, 1),
(10, 125, 1),
(10, 126, 1),
(10, 127, 1),
(10, 128, 1),
(10, 129, 1),
(10, 130, 1),
(10, 131, 1),
(10, 132, 1),
(10, 133, 1),
(10, 134, 1),
(10, 135, 1),
(10, 136, 1),
(10, 137, 1),
(10, 138, 1),
(10, 139, 1),
(10, 140, 1),
(10, 141, 1),
(10, 142, 1),
(10, 143, 1),
(10, 144, 1),
(10, 145, 1),
(10, 146, 1),
(10, 147, 1),
(10, 148, 1),
(10, 149, 1),
(10, 150, 1),
(10, 151, 1),
(10, 152, 1),
(10, 153, 1),
(10, 154, 1),
(10, 159, 1),
(10, 160, 1),
(10, 161, 1),
(10, 162, 1),
(10, 163, 1),
(10, 164, 1),
(10, 165, 1),
(10, 166, 1),
(10, 167, 1),
(10, 168, 1),
(10, 169, 1),
(10, 170, 1),
(10, 171, 1),
(10, 176, 1),
(10, 177, 1),
(10, 178, 1),
(10, 179, 1),
(10, 180, 1),
(10, 181, 1),
(10, 182, 1),
(10, 183, 1),
(10, 184, 1),
(10, 190, 1),
(10, 191, 1),
(10, 192, 1),
(10, 193, 1),
(10, 194, 1),
(10, 195, 1),
(10, 196, 1),
(10, 197, 1),
(10, 198, 1),
(10, 199, 1),
(10, 200, 1),
(10, 201, 1),
(10, 202, 1),
(10, 203, 1),
(10, 204, 1),
(10, 205, 1),
(10, 206, 1),
(10, 207, 1),
(10, 208, 1),
(10, 209, 1),
(10, 210, 1),
(10, 211, 1),
(10, 212, 1),
(10, 213, 1),
(10, 214, 1),
(10, 215, 1),
(10, 216, 1),
(10, 217, 1),
(10, 218, 1),
(10, 220, 1),
(10, 221, 1),
(10, 222, 1),
(10, 223, 1),
(10, 224, 1),
(10, 225, 1),
(10, 226, 1),
(10, 227, 1),
(10, 228, 1),
(10, 229, 1),
(10, 230, 1),
(10, 231, 1),
(10, 232, 1),
(10, 233, 1),
(10, 234, 1),
(10, 235, 1),
(10, 236, 1),
(10, 237, 1),
(10, 238, 1),
(10, 239, 1),
(10, 240, 1),
(10, 241, 1),
(10, 242, 1),
(10, 243, 1),
(10, 244, 1),
(10, 245, 1),
(10, 246, 1),
(10, 247, 1),
(10, 248, 1),
(10, 249, 1),
(10, 250, 1),
(10, 251, 1),
(10, 252, 1),
(10, 253, 1),
(10, 254, 1),
(10, 255, 1),
(10, 256, 1),
(10, 257, 1),
(10, 258, 1),
(10, 259, 1),
(10, 260, 1),
(10, 261, 1),
(10, 262, 1),
(10, 263, 1),
(10, 264, 1),
(10, 265, 1),
(10, 266, 1),
(10, 267, 1),
(10, 268, 1),
(10, 269, 1),
(10, 270, 1),
(10, 271, 1),
(10, 272, 1),
(10, 273, 1),
(10, 274, 1),
(10, 275, 1),
(10, 276, 1),
(10, 277, 1),
(10, 278, 1),
(10, 279, 1),
(10, 280, 1),
(10, 281, 1),
(10, 282, 1),
(10, 283, 1),
(10, 284, 1),
(10, 285, 1),
(10, 286, 1),
(10, 287, 1),
(10, 288, 1),
(10, 289, 1),
(10, 290, 1),
(10, 291, 1),
(10, 292, 1),
(10, 293, 1),
(10, 294, 1),
(10, 295, 1),
(10, 296, 1),
(10, 297, 1),
(10, 298, 1),
(10, 299, 1),
(10, 300, 1),
(10, 301, 1),
(10, 302, 1),
(10, 303, 1),
(10, 304, 1),
(10, 305, 1),
(10, 306, 1),
(10, 307, 1),
(10, 308, 1),
(10, 309, 1),
(10, 310, 1),
(10, 311, 1),
(10, 312, 1),
(10, 313, 1),
(10, 314, 1),
(10, 315, 1),
(10, 316, 1),
(10, 317, 1),
(10, 318, 1),
(10, 319, 1),
(10, 320, 1),
(10, 321, 1),
(10, 322, 1),
(10, 323, 1),
(10, 324, 1),
(10, 325, 1),
(10, 326, 1),
(10, 354, 1),
(10, 355, 1),
(10, 356, 1),
(10, 362, 1),
(10, 363, 1),
(10, 364, 1),
(10, 365, 1),
(10, 376, 1),
(10, 378, 1),
(10, 379, 1),
(10, 380, 1),
(10, 381, 1),
(10, 382, 1),
(10, 383, 1),
(10, 384, 1),
(10, 385, 1),
(10, 386, 1),
(10, 387, 1),
(10, 388, 1),
(10, 389, 1),
(10, 390, 1),
(10, 391, 1),
(10, 392, 1),
(10, 393, 1),
(10, 394, 1),
(10, 395, 1),
(10, 396, 1),
(10, 397, 1),
(10, 398, 1),
(10, 399, 1),
(10, 400, 1),
(10, 401, 1),
(10, 402, 1),
(10, 403, 1),
(10, 404, 1),
(10, 405, 1),
(10, 406, 1),
(10, 407, 1),
(10, 408, 1),
(10, 411, 1),
(10, 412, 1),
(10, 413, 1),
(10, 414, 1),
(10, 415, 1),
(10, 416, 1),
(10, 417, 1),
(10, 418, 1),
(10, 419, 1),
(10, 420, 1),
(10, 421, 1),
(10, 486, 1),
(10, 487, 1),
(10, 488, 1),
(10, 489, 1),
(10, 490, 1),
(10, 491, 1),
(10, 492, 1),
(10, 493, 1),
(10, 494, 1),
(10, 495, 1),
(10, 496, 1),
(10, 497, 1),
(10, 498, 1),
(10, 499, 1),
(10, 500, 1),
(10, 501, 1),
(10, 502, 1),
(10, 503, 1),
(10, 504, 1),
(10, 505, 1),
(10, 506, 1),
(10, 507, 1),
(10, 508, 1),
(10, 509, 1),
(10, 510, 1),
(10, 511, 1),
(10, 512, 1),
(10, 513, 1),
(10, 514, 1),
(10, 515, 1),
(10, 516, 1),
(10, 517, 1),
(10, 530, 1),
(10, 531, 1),
(10, 532, 1),
(10, 533, 1),
(10, 534, 1),
(10, 535, 1),
(10, 536, 1),
(10, 537, 1),
(10, 538, 1),
(10, 539, 1),
(10, 540, 1),
(10, 541, 1),
(10, 543, 1),
(10, 544, 1),
(10, 545, 1),
(10, 546, 1),
(10, 547, 1),
(10, 548, 1),
(10, 549, 1),
(10, 550, 1),
(10, 551, 1),
(10, 552, 1),
(10, 553, 1),
(10, 554, 1),
(10, 555, 1),
(10, 556, 1),
(10, 557, 1),
(10, 558, 1),
(10, 559, 1),
(10, 560, 1),
(10, 561, 1),
(10, 562, 1),
(10, 563, 1),
(10, 564, 1),
(10, 565, 1),
(10, 566, 1),
(10, 567, 1),
(10, 568, 1),
(10, 569, 1),
(10, 570, 1),
(10, 571, 1),
(10, 572, 1),
(10, 573, 1),
(10, 574, 1),
(10, 575, 1),
(10, 576, 1),
(10, 577, 1),
(10, 578, 1),
(10, 579, 1),
(10, 580, 1),
(10, 581, 1),
(10, 582, 1),
(10, 583, 1),
(10, 584, 1),
(10, 585, 1),
(10, 586, 1),
(10, 587, 1),
(10, 588, 1),
(10, 589, 1),
(10, 590, 1),
(10, 591, 1),
(10, 592, 1),
(10, 593, 1),
(10, 594, 1),
(10, 595, 1),
(10, 596, 1),
(10, 597, 1),
(10, 598, 1),
(10, 599, 1),
(10, 600, 1),
(10, 601, 1),
(10, 602, 1),
(10, 603, 1),
(10, 604, 1),
(10, 605, 1),
(10, 606, 1),
(10, 607, 1),
(10, 608, 1),
(10, 609, 1),
(10, 610, 1),
(10, 611, 1),
(10, 612, 1),
(10, 613, 1),
(10, 614, 1),
(10, 615, 1),
(10, 616, 1),
(10, 617, 1),
(10, 618, 1),
(10, 619, 1),
(10, 620, 1),
(10, 621, 1),
(10, 626, 1),
(10, 649, 1),
(10, 650, 1),
(10, 651, 1),
(10, 652, 1),
(10, 653, 1),
(10, 654, 1),
(10, 655, 1),
(10, 656, 1),
(10, 657, 1),
(10, 658, 1),
(10, 659, 1),
(10, 660, 1),
(10, 661, 1),
(10, 662, 1),
(10, 663, 1),
(10, 664, 1),
(10, 665, 1),
(10, 666, 1),
(10, 667, 1),
(10, 668, 1),
(10, 669, 1),
(10, 670, 1),
(10, 671, 1),
(10, 672, 1),
(10, 673, 1),
(10, 674, 1),
(10, 675, 1),
(10, 676, 1),
(10, 677, 1),
(10, 678, 1),
(10, 717, 1),
(10, 718, 1),
(10, 719, 1),
(10, 720, 1),
(10, 721, 1),
(10, 722, 1),
(10, 723, 1),
(10, 724, 1),
(10, 725, 1),
(10, 726, 1),
(10, 727, 1),
(10, 728, 1),
(10, 729, 1),
(10, 730, 1),
(10, 731, 1),
(10, 732, 1),
(10, 733, 1),
(10, 734, 1),
(10, 735, 1),
(10, 736, 1),
(10, 737, 1),
(10, 738, 1),
(10, 739, 1),
(10, 740, 1),
(10, 741, 1),
(10, 742, 1),
(10, 743, 1),
(10, 744, 1),
(10, 745, 1),
(10, 746, 1),
(10, 747, 1),
(10, 748, 1),
(10, 749, 1),
(10, 750, 1),
(10, 751, 1),
(10, 752, 1),
(10, 753, 1),
(10, 754, 1),
(10, 755, 1),
(10, 782, 1),
(10, 783, 1),
(10, 784, 1),
(11, 1, 1),
(11, 2, 1),
(11, 3, 1),
(11, 4, 1),
(11, 5, 1),
(11, 6, 1),
(11, 7, 1),
(11, 8, 1),
(11, 9, 1),
(11, 10, 1),
(11, 11, 1),
(11, 12, 1),
(11, 13, 1),
(11, 14, 1),
(11, 15, 1),
(11, 16, 1),
(11, 17, 1),
(11, 18, 1),
(11, 19, 1),
(11, 20, 1),
(11, 21, 1),
(11, 22, 1),
(11, 23, 1),
(11, 24, 1),
(11, 25, 1),
(11, 26, 1),
(11, 27, 1),
(11, 28, 1),
(11, 29, 1),
(11, 30, 1),
(11, 31, 1),
(11, 32, 1),
(11, 33, 1),
(11, 34, 1),
(11, 35, 1),
(11, 36, 1),
(11, 37, 1),
(11, 38, 1),
(11, 39, 1),
(11, 40, 1),
(11, 41, 1),
(11, 42, 1),
(11, 43, 1),
(11, 44, 1),
(11, 45, 1),
(11, 46, 1),
(11, 47, 1),
(11, 48, 1),
(11, 49, 1),
(11, 50, 1),
(11, 51, 1),
(11, 52, 1),
(11, 53, 1),
(11, 54, 1),
(11, 55, 1),
(11, 56, 1),
(11, 57, 1),
(11, 58, 1),
(11, 59, 1),
(11, 60, 1),
(11, 61, 1),
(11, 92, 1),
(11, 93, 1),
(11, 94, 1),
(11, 95, 1),
(11, 96, 1),
(11, 97, 1),
(11, 98, 1),
(11, 99, 1),
(11, 100, 1),
(11, 101, 1),
(11, 102, 1),
(11, 103, 1),
(11, 104, 1),
(11, 105, 1),
(11, 106, 1),
(11, 107, 1),
(11, 108, 1),
(11, 109, 1),
(11, 110, 1),
(11, 111, 1),
(11, 112, 1),
(11, 113, 1),
(11, 114, 1),
(11, 115, 1),
(11, 116, 1),
(11, 117, 1),
(11, 118, 1),
(11, 119, 1),
(11, 120, 1),
(11, 121, 1),
(11, 122, 1),
(11, 123, 1),
(11, 124, 1),
(11, 125, 1),
(11, 126, 1),
(11, 127, 1),
(11, 128, 1),
(11, 129, 1),
(11, 130, 1),
(11, 131, 1),
(11, 132, 1),
(11, 133, 1),
(11, 134, 1),
(11, 135, 1),
(11, 136, 1),
(11, 137, 1),
(11, 138, 1),
(11, 139, 1),
(11, 140, 1),
(11, 141, 1),
(11, 142, 1),
(11, 143, 1),
(11, 144, 1),
(11, 145, 1),
(11, 146, 1),
(11, 147, 1),
(11, 148, 1),
(11, 149, 1),
(11, 150, 1),
(11, 151, 1),
(11, 152, 1),
(11, 153, 1),
(11, 154, 1),
(11, 159, 1),
(11, 160, 1),
(11, 161, 1),
(11, 162, 1),
(11, 163, 1),
(11, 164, 1),
(11, 165, 1),
(11, 166, 1),
(11, 167, 1),
(11, 168, 1),
(11, 169, 1),
(11, 170, 1),
(11, 171, 1),
(11, 176, 1),
(11, 177, 1),
(11, 178, 1),
(11, 179, 1),
(11, 180, 1),
(11, 181, 1),
(11, 182, 1),
(11, 183, 1),
(11, 184, 1),
(11, 190, 1),
(11, 191, 1),
(11, 192, 1),
(11, 193, 1),
(11, 194, 1),
(11, 195, 1),
(11, 196, 1),
(11, 197, 1),
(11, 198, 1),
(11, 199, 1),
(11, 200, 1),
(11, 201, 1),
(11, 202, 1),
(11, 203, 1),
(11, 204, 1),
(11, 205, 1),
(11, 206, 1),
(11, 207, 1),
(11, 208, 1),
(11, 209, 1),
(11, 210, 1),
(11, 211, 1),
(11, 212, 1),
(11, 213, 1),
(11, 214, 1),
(11, 215, 1),
(11, 216, 1),
(11, 217, 1),
(11, 218, 1),
(11, 220, 1),
(11, 221, 1),
(11, 222, 1),
(11, 223, 1),
(11, 224, 1),
(11, 225, 1),
(11, 226, 1),
(11, 227, 1),
(11, 228, 1),
(11, 229, 1),
(11, 230, 1),
(11, 231, 1),
(11, 232, 1),
(11, 233, 1),
(11, 234, 1),
(11, 235, 1),
(11, 236, 1),
(11, 237, 1),
(11, 238, 1),
(11, 239, 1),
(11, 240, 1),
(11, 241, 1),
(11, 242, 1),
(11, 243, 1),
(11, 244, 1),
(11, 245, 1),
(11, 246, 1),
(11, 247, 1),
(11, 248, 1),
(11, 249, 1),
(11, 250, 1),
(11, 251, 1),
(11, 252, 1),
(11, 253, 1),
(11, 254, 1),
(11, 255, 1),
(11, 256, 1),
(11, 257, 1),
(11, 258, 1),
(11, 259, 1),
(11, 260, 1),
(11, 261, 1),
(11, 262, 1),
(11, 263, 1),
(11, 264, 1),
(11, 265, 1),
(11, 266, 1),
(11, 267, 1),
(11, 268, 1),
(11, 269, 1),
(11, 270, 1),
(11, 271, 1),
(11, 272, 1),
(11, 273, 1),
(11, 274, 1),
(11, 275, 1),
(11, 276, 1),
(11, 277, 1),
(11, 278, 1),
(11, 279, 1),
(11, 280, 1),
(11, 281, 1),
(11, 282, 1),
(11, 283, 1),
(11, 284, 1),
(11, 285, 1),
(11, 286, 1),
(11, 287, 1),
(11, 288, 1),
(11, 289, 1),
(11, 290, 1),
(11, 291, 1),
(11, 292, 1),
(11, 293, 1),
(11, 294, 1),
(11, 295, 1),
(11, 296, 1),
(11, 297, 1),
(11, 298, 1),
(11, 299, 1),
(11, 300, 1),
(11, 301, 1),
(11, 302, 1),
(11, 303, 1),
(11, 304, 1),
(11, 305, 1),
(11, 306, 1),
(11, 307, 1),
(11, 308, 1),
(11, 309, 1),
(11, 310, 1),
(11, 311, 1),
(11, 312, 1),
(11, 313, 1),
(11, 314, 1),
(11, 315, 1),
(11, 316, 1),
(11, 317, 1),
(11, 318, 1),
(11, 319, 1),
(11, 320, 1),
(11, 321, 1),
(11, 322, 1),
(11, 323, 1),
(11, 324, 1),
(11, 325, 1),
(11, 326, 1),
(11, 354, 1),
(11, 355, 1),
(11, 356, 1),
(11, 362, 1),
(11, 363, 1),
(11, 364, 1),
(11, 365, 1),
(11, 376, 1),
(11, 378, 1),
(11, 379, 1),
(11, 380, 1),
(11, 381, 1),
(11, 382, 1),
(11, 383, 1),
(11, 384, 1),
(11, 385, 1),
(11, 386, 1),
(11, 387, 1),
(11, 388, 1),
(11, 389, 1),
(11, 390, 1),
(11, 391, 1),
(11, 392, 1),
(11, 393, 1),
(11, 394, 1),
(11, 395, 1),
(11, 396, 1),
(11, 397, 1),
(11, 398, 1),
(11, 399, 1),
(11, 400, 1),
(11, 401, 1),
(11, 402, 1),
(11, 403, 1),
(11, 404, 1),
(11, 405, 1),
(11, 406, 1),
(11, 407, 1),
(11, 408, 1),
(11, 411, 1),
(11, 412, 1),
(11, 413, 1),
(11, 414, 1),
(11, 415, 1),
(11, 416, 1),
(11, 417, 1),
(11, 418, 1),
(11, 419, 1),
(11, 420, 1),
(11, 421, 1),
(11, 486, 1),
(11, 487, 1),
(11, 488, 1),
(11, 489, 1),
(11, 490, 1),
(11, 491, 1),
(11, 492, 1),
(11, 493, 1),
(11, 494, 1),
(11, 495, 1),
(11, 496, 1),
(11, 497, 1),
(11, 498, 1),
(11, 499, 1),
(11, 500, 1),
(11, 501, 1),
(11, 502, 1),
(11, 503, 1),
(11, 504, 1),
(11, 505, 1),
(11, 506, 1),
(11, 507, 1),
(11, 508, 1),
(11, 509, 1),
(11, 510, 1),
(11, 511, 1),
(11, 512, 1),
(11, 513, 1),
(11, 514, 1),
(11, 515, 1),
(11, 516, 1),
(11, 517, 1),
(11, 530, 1),
(11, 531, 1),
(11, 532, 1),
(11, 533, 1),
(11, 534, 1),
(11, 535, 1),
(11, 536, 1),
(11, 537, 1),
(11, 538, 1),
(11, 539, 1),
(11, 540, 1),
(11, 541, 1),
(11, 543, 1),
(11, 544, 1),
(11, 545, 1),
(11, 546, 1),
(11, 547, 1),
(11, 548, 1),
(11, 549, 1),
(11, 550, 1),
(11, 551, 1),
(11, 552, 1),
(11, 553, 1),
(11, 554, 1),
(11, 555, 1),
(11, 556, 1),
(11, 557, 1),
(11, 558, 1),
(11, 559, 1),
(11, 560, 1),
(11, 561, 1),
(11, 562, 1),
(11, 563, 1),
(11, 564, 1),
(11, 565, 1),
(11, 566, 1),
(11, 567, 1),
(11, 568, 1),
(11, 569, 1),
(11, 570, 1),
(11, 571, 1),
(11, 572, 1),
(11, 573, 1),
(11, 574, 1),
(11, 575, 1),
(11, 576, 1),
(11, 577, 1),
(11, 578, 1),
(11, 579, 1),
(11, 580, 1),
(11, 581, 1),
(11, 582, 1),
(11, 583, 1),
(11, 584, 1),
(11, 585, 1),
(11, 586, 1),
(11, 587, 1),
(11, 588, 1),
(11, 589, 1),
(11, 590, 1),
(11, 591, 1),
(11, 592, 1),
(11, 593, 1),
(11, 594, 1),
(11, 595, 1),
(11, 596, 1),
(11, 597, 1),
(11, 598, 1),
(11, 599, 1),
(11, 600, 1),
(11, 601, 1),
(11, 602, 1),
(11, 603, 1),
(11, 604, 1),
(11, 605, 1),
(11, 606, 1),
(11, 607, 1),
(11, 608, 1),
(11, 609, 1),
(11, 610, 1),
(11, 611, 1),
(11, 612, 1),
(11, 613, 1),
(11, 614, 1),
(11, 615, 1),
(11, 616, 1),
(11, 617, 1),
(11, 618, 1),
(11, 619, 1),
(11, 620, 1),
(11, 621, 1),
(11, 626, 1),
(11, 649, 1),
(11, 650, 1),
(11, 651, 1),
(11, 652, 1),
(11, 653, 1),
(11, 654, 1),
(11, 655, 1),
(11, 656, 1),
(11, 657, 1),
(11, 658, 1),
(11, 659, 1),
(11, 660, 1),
(11, 661, 1),
(11, 662, 1),
(11, 663, 1),
(11, 664, 1),
(11, 665, 1),
(11, 666, 1),
(11, 667, 1),
(11, 668, 1),
(11, 669, 1),
(11, 670, 1),
(11, 671, 1),
(11, 672, 1),
(11, 673, 1),
(11, 674, 1),
(11, 675, 1),
(11, 676, 1),
(11, 677, 1),
(11, 678, 1),
(12, 32, 1),
(12, 33, 1),
(12, 34, 1),
(12, 35, 1),
(12, 36, 1),
(12, 37, 1),
(12, 38, 1),
(12, 39, 1),
(12, 40, 1),
(12, 41, 1),
(12, 92, 1),
(12, 93, 1),
(12, 94, 1),
(12, 95, 1),
(12, 96, 1),
(12, 97, 1),
(12, 98, 1),
(12, 99, 1),
(12, 100, 1),
(12, 101, 1),
(12, 102, 1),
(12, 103, 1),
(12, 104, 1),
(12, 105, 1),
(12, 106, 1),
(12, 107, 1),
(12, 108, 1),
(12, 109, 1),
(12, 110, 1),
(12, 111, 1),
(12, 112, 1),
(12, 113, 1),
(12, 114, 1),
(12, 115, 1),
(12, 116, 1),
(12, 117, 1),
(12, 118, 1),
(12, 119, 1),
(12, 120, 1),
(12, 121, 1),
(12, 122, 1),
(12, 123, 1),
(12, 124, 1),
(12, 125, 1),
(12, 126, 1),
(12, 127, 1),
(12, 128, 1),
(12, 129, 1),
(12, 130, 1),
(12, 131, 1),
(12, 132, 1),
(12, 133, 1),
(12, 134, 1),
(12, 135, 1),
(12, 136, 1),
(12, 137, 1),
(12, 138, 1),
(12, 139, 1),
(12, 140, 1),
(12, 141, 1),
(12, 142, 1),
(12, 143, 1),
(12, 144, 1),
(12, 145, 1),
(12, 146, 1),
(12, 147, 1),
(12, 148, 1),
(12, 149, 1),
(12, 150, 1),
(12, 159, 1),
(12, 160, 1),
(12, 161, 1),
(12, 162, 1),
(12, 167, 1),
(12, 176, 1),
(12, 177, 1),
(12, 178, 1),
(12, 179, 1),
(12, 184, 1),
(12, 206, 1),
(12, 207, 1),
(12, 208, 1),
(12, 209, 1),
(12, 214, 1),
(12, 215, 1),
(12, 216, 1),
(12, 217, 1),
(12, 218, 1),
(12, 220, 1),
(12, 221, 1),
(12, 222, 1),
(12, 223, 1),
(12, 224, 1),
(12, 225, 1),
(12, 230, 1),
(12, 231, 1),
(12, 232, 1),
(12, 233, 1),
(12, 234, 1),
(12, 235, 1),
(12, 236, 1),
(12, 237, 1),
(12, 238, 1),
(12, 239, 1),
(12, 240, 1),
(12, 241, 1),
(12, 242, 1),
(12, 243, 1),
(12, 244, 1),
(12, 245, 1),
(12, 246, 1),
(12, 247, 1),
(12, 248, 1),
(12, 249, 1),
(12, 250, 1),
(12, 251, 1),
(12, 252, 1),
(12, 253, 1),
(12, 254, 1),
(12, 259, 1),
(12, 260, 1),
(12, 261, 1),
(12, 262, 1),
(12, 282, 1),
(12, 283, 1),
(12, 284, 1),
(12, 285, 1),
(12, 286, 1),
(12, 287, 1),
(12, 290, 1),
(12, 291, 1),
(12, 292, 1),
(12, 293, 1),
(12, 316, 1),
(12, 317, 1),
(12, 318, 1),
(12, 319, 1),
(12, 320, 1),
(12, 321, 1),
(12, 322, 1),
(12, 323, 1),
(12, 324, 1),
(12, 325, 1),
(12, 326, 1),
(12, 356, 1),
(12, 376, 1),
(12, 386, 1),
(12, 399, 1),
(12, 400, 1),
(12, 401, 1),
(12, 402, 1),
(12, 403, 1),
(12, 418, 1),
(12, 419, 1),
(12, 420, 1),
(12, 421, 1),
(12, 513, 1),
(12, 514, 1),
(12, 573, 1),
(12, 574, 1),
(12, 579, 1),
(12, 580, 1),
(12, 581, 1),
(12, 582, 1),
(12, 583, 1),
(12, 584, 1),
(12, 585, 1),
(12, 586, 1),
(12, 587, 1),
(12, 588, 1),
(12, 620, 1),
(12, 626, 1),
(12, 649, 1),
(12, 650, 1),
(12, 651, 1),
(12, 652, 1),
(12, 653, 1),
(12, 654, 1),
(12, 655, 1),
(12, 656, 1),
(12, 657, 1),
(12, 658, 1),
(12, 659, 1),
(12, 660, 1),
(12, 661, 1),
(12, 662, 1),
(12, 668, 1),
(12, 669, 1),
(12, 670, 1),
(12, 671, 1),
(12, 672, 1),
(12, 673, 1),
(12, 674, 1),
(12, 675, 1),
(12, 676, 1),
(12, 677, 1),
(12, 678, 1),
(13, 1, 1),
(13, 2, 1),
(13, 3, 1),
(13, 4, 1),
(13, 5, 1),
(13, 6, 1),
(13, 7, 1),
(13, 8, 1),
(13, 9, 1),
(13, 10, 1),
(13, 11, 1),
(13, 12, 1),
(13, 13, 1),
(13, 14, 1),
(13, 15, 1),
(13, 16, 1),
(13, 17, 1),
(13, 18, 1),
(13, 19, 1),
(13, 20, 1),
(13, 21, 1),
(13, 22, 1),
(13, 23, 1),
(13, 24, 1),
(13, 25, 1),
(13, 26, 1),
(13, 27, 1),
(13, 28, 1),
(13, 29, 1),
(13, 30, 1),
(13, 31, 1),
(13, 32, 1),
(13, 33, 1),
(13, 34, 1),
(13, 35, 1),
(13, 36, 1),
(13, 37, 1),
(13, 38, 1),
(13, 39, 1),
(13, 40, 1),
(13, 41, 1),
(13, 42, 1),
(13, 43, 1),
(13, 44, 1),
(13, 45, 1),
(13, 46, 1),
(13, 47, 1),
(13, 48, 1),
(13, 49, 1),
(13, 50, 1),
(13, 51, 1),
(13, 52, 1),
(13, 53, 1),
(13, 54, 1),
(13, 55, 1),
(13, 56, 1),
(13, 57, 1),
(13, 58, 1),
(13, 59, 1),
(13, 60, 1),
(13, 61, 1),
(13, 92, 1),
(13, 93, 1),
(13, 94, 1),
(13, 95, 1),
(13, 96, 1),
(13, 97, 1),
(13, 98, 1),
(13, 99, 1),
(13, 100, 1),
(13, 101, 1),
(13, 102, 1),
(13, 103, 1),
(13, 104, 1),
(13, 105, 1),
(13, 106, 1),
(13, 107, 1),
(13, 108, 1),
(13, 109, 1),
(13, 110, 1),
(13, 111, 1),
(13, 112, 1),
(13, 113, 1),
(13, 114, 1),
(13, 115, 1),
(13, 116, 1),
(13, 117, 1),
(13, 118, 1),
(13, 119, 1),
(13, 120, 1),
(13, 121, 1),
(13, 122, 1),
(13, 123, 1),
(13, 124, 1),
(13, 125, 1),
(13, 126, 1),
(13, 127, 1),
(13, 128, 1),
(13, 129, 1),
(13, 130, 1),
(13, 131, 1),
(13, 132, 1),
(13, 133, 1),
(13, 134, 1),
(13, 135, 1),
(13, 136, 1),
(13, 137, 1),
(13, 138, 1),
(13, 139, 1),
(13, 140, 1),
(13, 141, 1),
(13, 142, 1),
(13, 143, 1),
(13, 144, 1),
(13, 145, 1),
(13, 146, 1),
(13, 147, 1),
(13, 148, 1),
(13, 149, 1),
(13, 150, 1),
(13, 151, 1),
(13, 152, 1),
(13, 153, 1),
(13, 154, 1),
(13, 159, 1),
(13, 160, 1),
(13, 161, 1),
(13, 162, 1),
(13, 163, 1),
(13, 164, 1),
(13, 165, 1),
(13, 166, 1),
(13, 167, 1),
(13, 168, 1),
(13, 169, 1),
(13, 170, 1),
(13, 171, 1),
(13, 176, 1),
(13, 177, 1),
(13, 178, 1),
(13, 179, 1),
(13, 180, 1),
(13, 181, 1),
(13, 182, 1),
(13, 183, 1),
(13, 184, 1),
(13, 190, 1),
(13, 191, 1),
(13, 192, 1),
(13, 193, 1),
(13, 194, 1),
(13, 195, 1),
(13, 196, 1),
(13, 197, 1),
(13, 198, 1),
(13, 199, 1),
(13, 200, 1),
(13, 201, 1),
(13, 202, 1),
(13, 203, 1),
(13, 204, 1),
(13, 205, 1),
(13, 206, 1),
(13, 207, 1),
(13, 208, 1),
(13, 209, 1),
(13, 210, 1),
(13, 211, 1),
(13, 212, 1),
(13, 213, 1),
(13, 214, 1),
(13, 215, 1),
(13, 216, 1),
(13, 217, 1),
(13, 218, 1),
(13, 220, 1),
(13, 221, 1),
(13, 222, 1),
(13, 223, 1),
(13, 224, 1),
(13, 225, 1),
(13, 226, 1),
(13, 227, 1),
(13, 228, 1),
(13, 229, 1),
(13, 230, 1),
(13, 231, 1),
(13, 232, 1),
(13, 233, 1),
(13, 234, 1),
(13, 235, 1),
(13, 236, 1),
(13, 237, 1),
(13, 238, 1),
(13, 239, 1),
(13, 240, 1),
(13, 241, 1),
(13, 242, 1),
(13, 243, 1),
(13, 244, 1),
(13, 245, 1),
(13, 246, 1),
(13, 247, 1),
(13, 248, 1),
(13, 249, 1),
(13, 250, 1),
(13, 251, 1),
(13, 252, 1),
(13, 253, 1),
(13, 254, 1),
(13, 255, 1),
(13, 256, 1),
(13, 257, 1),
(13, 258, 1),
(13, 259, 1),
(13, 260, 1),
(13, 261, 1),
(13, 262, 1),
(13, 263, 1),
(13, 264, 1),
(13, 265, 1),
(13, 266, 1),
(13, 267, 1),
(13, 268, 1),
(13, 269, 1),
(13, 270, 1),
(13, 271, 1),
(13, 272, 1),
(13, 273, 1),
(13, 274, 1),
(13, 275, 1),
(13, 276, 1),
(13, 277, 1),
(13, 278, 1),
(13, 279, 1),
(13, 280, 1),
(13, 281, 1),
(13, 282, 1),
(13, 283, 1),
(13, 284, 1),
(13, 285, 1),
(13, 286, 1),
(13, 287, 1),
(13, 288, 1),
(13, 289, 1),
(13, 290, 1),
(13, 291, 1),
(13, 292, 1),
(13, 293, 1),
(13, 294, 1),
(13, 295, 1),
(13, 296, 1),
(13, 297, 1),
(13, 298, 1),
(13, 299, 1),
(13, 300, 1),
(13, 301, 1),
(13, 302, 1),
(13, 303, 1),
(13, 304, 1),
(13, 305, 1),
(13, 306, 1),
(13, 307, 1),
(13, 308, 1),
(13, 309, 1),
(13, 310, 1),
(13, 311, 1),
(13, 312, 1),
(13, 313, 1),
(13, 314, 1),
(13, 315, 1),
(13, 316, 1),
(13, 317, 1),
(13, 318, 1),
(13, 319, 1),
(13, 320, 1),
(13, 321, 1),
(13, 322, 1),
(13, 323, 1),
(13, 324, 1),
(13, 325, 1),
(13, 326, 1),
(13, 354, 1),
(13, 355, 1),
(13, 356, 1),
(13, 362, 1),
(13, 363, 1),
(13, 364, 1),
(13, 365, 1),
(13, 376, 1),
(13, 378, 1),
(13, 379, 1),
(13, 380, 1),
(13, 381, 1),
(13, 382, 1),
(13, 383, 1),
(13, 384, 1),
(13, 385, 1),
(13, 386, 1),
(13, 387, 1),
(13, 388, 1),
(13, 389, 1),
(13, 390, 1),
(13, 391, 1),
(13, 392, 1),
(13, 393, 1),
(13, 394, 1),
(13, 395, 1),
(13, 396, 1),
(13, 397, 1),
(13, 398, 1),
(13, 399, 1),
(13, 400, 1),
(13, 401, 1),
(13, 402, 1),
(13, 403, 1),
(13, 404, 1),
(13, 405, 1),
(13, 406, 1),
(13, 407, 1),
(13, 408, 1),
(13, 411, 1),
(13, 412, 1),
(13, 413, 1),
(13, 414, 1),
(13, 415, 1),
(13, 416, 1),
(13, 417, 1),
(13, 418, 1),
(13, 419, 1),
(13, 420, 1),
(13, 421, 1),
(13, 486, 1),
(13, 487, 1),
(13, 488, 1),
(13, 489, 1),
(13, 490, 1),
(13, 491, 1),
(13, 492, 1),
(13, 493, 1),
(13, 494, 1),
(13, 495, 1),
(13, 496, 1),
(13, 497, 1),
(13, 498, 1),
(13, 499, 1),
(13, 500, 1),
(13, 501, 1),
(13, 502, 1),
(13, 503, 1),
(13, 504, 1),
(13, 505, 1),
(13, 506, 1),
(13, 507, 1),
(13, 508, 1),
(13, 509, 1),
(13, 510, 1),
(13, 511, 1),
(13, 512, 1),
(13, 513, 1),
(13, 514, 1),
(13, 515, 1),
(13, 516, 1),
(13, 517, 1),
(13, 530, 1),
(13, 531, 1),
(13, 532, 1),
(13, 533, 1),
(13, 534, 1),
(13, 535, 1),
(13, 536, 1),
(13, 537, 1),
(13, 538, 1),
(13, 539, 1),
(13, 540, 1),
(13, 541, 1),
(13, 543, 1),
(13, 544, 1),
(13, 545, 1),
(13, 546, 1),
(13, 547, 1),
(13, 548, 1),
(13, 549, 1),
(13, 550, 1),
(13, 551, 1),
(13, 552, 1),
(13, 553, 1),
(13, 554, 1),
(13, 555, 1),
(13, 556, 1),
(13, 557, 1),
(13, 558, 1),
(13, 559, 1),
(13, 560, 1),
(13, 561, 1),
(13, 562, 1),
(13, 563, 1),
(13, 564, 1),
(13, 565, 1),
(13, 566, 1),
(13, 567, 1),
(13, 568, 1),
(13, 569, 1),
(13, 570, 1),
(13, 571, 1),
(13, 572, 1),
(13, 573, 1),
(13, 574, 1),
(13, 575, 1),
(13, 576, 1),
(13, 577, 1),
(13, 578, 1),
(13, 579, 1),
(13, 580, 1),
(13, 581, 1),
(13, 582, 1),
(13, 583, 1),
(13, 584, 1),
(13, 585, 1),
(13, 586, 1),
(13, 587, 1),
(13, 588, 1),
(13, 589, 1),
(13, 590, 1),
(13, 591, 1),
(13, 592, 1),
(13, 593, 1),
(13, 594, 1),
(13, 595, 1),
(13, 596, 1),
(13, 597, 1),
(13, 598, 1),
(13, 599, 1),
(13, 600, 1),
(13, 601, 1),
(13, 602, 1),
(13, 603, 1),
(13, 604, 1),
(13, 605, 1),
(13, 606, 1),
(13, 607, 1),
(13, 608, 1),
(13, 609, 1),
(13, 610, 1),
(13, 611, 1),
(13, 612, 1),
(13, 613, 1),
(13, 614, 1),
(13, 615, 1),
(13, 616, 1),
(13, 617, 1),
(13, 618, 1),
(13, 619, 1),
(13, 620, 1),
(13, 621, 1),
(13, 626, 1),
(13, 649, 1),
(13, 650, 1),
(13, 651, 1),
(13, 652, 1),
(13, 653, 1),
(13, 654, 1),
(13, 655, 1),
(13, 656, 1),
(13, 657, 1),
(13, 658, 1),
(13, 659, 1),
(13, 660, 1),
(13, 661, 1),
(13, 662, 1),
(13, 663, 1),
(13, 664, 1),
(13, 665, 1),
(13, 666, 1),
(13, 667, 1),
(13, 668, 1),
(13, 669, 1),
(13, 670, 1),
(13, 671, 1),
(13, 672, 1),
(13, 673, 1),
(13, 674, 1),
(13, 675, 1),
(13, 676, 1),
(13, 677, 1),
(13, 678, 1),
(14, 42, 1),
(14, 43, 1),
(14, 44, 1),
(14, 45, 1),
(14, 46, 1),
(14, 47, 1),
(14, 48, 1),
(14, 49, 1),
(14, 50, 1),
(14, 51, 1),
(14, 52, 1),
(14, 53, 1),
(14, 54, 1),
(14, 55, 1),
(14, 56, 1),
(14, 57, 1),
(14, 58, 1),
(14, 59, 1),
(14, 60, 1),
(14, 61, 1),
(14, 242, 1),
(14, 243, 1),
(14, 244, 1),
(14, 245, 1),
(14, 246, 1),
(14, 717, 1),
(14, 718, 1),
(14, 719, 1),
(14, 720, 1),
(14, 721, 1),
(14, 722, 1),
(14, 723, 1),
(14, 724, 1),
(14, 725, 1);
INSERT INTO `role_permission` (`role_id`, `permission_id`, `value`) VALUES
(14, 726, 1),
(14, 727, 1),
(14, 728, 1),
(14, 729, 1),
(14, 730, 1),
(14, 731, 1),
(14, 732, 1),
(14, 733, 1),
(14, 734, 1),
(14, 735, 1),
(14, 736, 1),
(14, 737, 1),
(14, 738, 1),
(14, 739, 1),
(14, 740, 1),
(14, 741, 1),
(14, 742, 1),
(14, 743, 1),
(14, 744, 1),
(14, 745, 1),
(14, 746, 1),
(14, 747, 1),
(14, 748, 1),
(14, 749, 1),
(14, 750, 1),
(14, 751, 1),
(14, 752, 1),
(14, 753, 1),
(14, 754, 1),
(14, 755, 1),
(15, 733, 1),
(15, 734, 1),
(15, 736, 1),
(15, 737, 1),
(15, 742, 1),
(15, 744, 1),
(15, 745, 1),
(16, 1, 1),
(16, 2, 1),
(16, 3, 1),
(16, 4, 1),
(16, 5, 1),
(16, 6, 1),
(16, 7, 1),
(16, 8, 1),
(16, 9, 1),
(16, 10, 1),
(16, 11, 1),
(16, 12, 1),
(16, 13, 1),
(16, 14, 1),
(16, 15, 1),
(16, 16, 1),
(16, 17, 1),
(16, 18, 1),
(16, 19, 1),
(16, 20, 1),
(16, 21, 1),
(16, 22, 1),
(16, 23, 1),
(16, 24, 1),
(16, 25, 1),
(16, 26, 1),
(16, 27, 1),
(16, 28, 1),
(16, 29, 1),
(16, 30, 1),
(16, 31, 1),
(16, 32, 1),
(16, 33, 1),
(16, 34, 1),
(16, 35, 1),
(16, 36, 1),
(16, 37, 1),
(16, 38, 1),
(16, 39, 1),
(16, 40, 1),
(16, 41, 1),
(16, 42, 1),
(16, 43, 1),
(16, 44, 1),
(16, 45, 1),
(16, 46, 1),
(16, 47, 1),
(16, 48, 1),
(16, 49, 1),
(16, 50, 1),
(16, 51, 1),
(16, 52, 1),
(16, 53, 1),
(16, 54, 1),
(16, 55, 1),
(16, 56, 1),
(16, 57, 1),
(16, 58, 1),
(16, 59, 1),
(16, 60, 1),
(16, 61, 1),
(16, 92, 1),
(16, 93, 1),
(16, 94, 1),
(16, 95, 1),
(16, 96, 1),
(16, 97, 1),
(16, 98, 1),
(16, 99, 1),
(16, 100, 1),
(16, 101, 1),
(16, 102, 1),
(16, 103, 1),
(16, 104, 1),
(16, 105, 1),
(16, 106, 1),
(16, 107, 1),
(16, 108, 1),
(16, 109, 1),
(16, 110, 1),
(16, 111, 1),
(16, 112, 1),
(16, 113, 1),
(16, 114, 1),
(16, 115, 1),
(16, 116, 1),
(16, 117, 1),
(16, 118, 1),
(16, 119, 1),
(16, 120, 1),
(16, 121, 1),
(16, 122, 1),
(16, 123, 1),
(16, 124, 1),
(16, 125, 1),
(16, 126, 1),
(16, 127, 1),
(16, 128, 1),
(16, 129, 1),
(16, 130, 1),
(16, 131, 1),
(16, 132, 1),
(16, 133, 1),
(16, 134, 1),
(16, 135, 1),
(16, 136, 1),
(16, 137, 1),
(16, 138, 1),
(16, 139, 1),
(16, 140, 1),
(16, 141, 1),
(16, 142, 1),
(16, 143, 1),
(16, 144, 1),
(16, 145, 1),
(16, 146, 1),
(16, 147, 1),
(16, 148, 1),
(16, 149, 1),
(16, 150, 1),
(16, 151, 1),
(16, 152, 1),
(16, 153, 1),
(16, 154, 1),
(16, 159, 1),
(16, 160, 1),
(16, 161, 1),
(16, 162, 1),
(16, 163, 1),
(16, 164, 1),
(16, 165, 1),
(16, 166, 1),
(16, 167, 1),
(16, 168, 1),
(16, 169, 1),
(16, 170, 1),
(16, 171, 1),
(16, 176, 1),
(16, 177, 1),
(16, 178, 1),
(16, 179, 1),
(16, 180, 1),
(16, 181, 1),
(16, 182, 1),
(16, 183, 1),
(16, 184, 1),
(16, 190, 1),
(16, 191, 1),
(16, 192, 1),
(16, 193, 1),
(16, 194, 1),
(16, 195, 1),
(16, 196, 1),
(16, 197, 1),
(16, 198, 1),
(16, 199, 1),
(16, 200, 1),
(16, 201, 1),
(16, 202, 1),
(16, 203, 1),
(16, 204, 1),
(16, 205, 1),
(16, 206, 1),
(16, 207, 1),
(16, 208, 1),
(16, 209, 1),
(16, 210, 1),
(16, 211, 1),
(16, 212, 1),
(16, 213, 1),
(16, 214, 1),
(16, 215, 1),
(16, 216, 1),
(16, 217, 1),
(16, 218, 1),
(16, 220, 1),
(16, 221, 1),
(16, 222, 1),
(16, 223, 1),
(16, 224, 1),
(16, 225, 1),
(16, 226, 1),
(16, 227, 1),
(16, 228, 1),
(16, 229, 1),
(16, 230, 1),
(16, 231, 1),
(16, 232, 1),
(16, 233, 1),
(16, 234, 1),
(16, 235, 1),
(16, 236, 1),
(16, 237, 1),
(16, 238, 1),
(16, 239, 1),
(16, 240, 1),
(16, 241, 1),
(16, 242, 1),
(16, 243, 1),
(16, 244, 1),
(16, 245, 1),
(16, 246, 1),
(16, 247, 1),
(16, 248, 1),
(16, 249, 1),
(16, 250, 1),
(16, 251, 1),
(16, 252, 1),
(16, 253, 1),
(16, 254, 1),
(16, 255, 1),
(16, 256, 1),
(16, 257, 1),
(16, 258, 1),
(16, 259, 1),
(16, 260, 1),
(16, 261, 1),
(16, 262, 1),
(16, 263, 1),
(16, 264, 1),
(16, 265, 1),
(16, 266, 1),
(16, 267, 1),
(16, 268, 1),
(16, 269, 1),
(16, 270, 1),
(16, 271, 1),
(16, 272, 1),
(16, 273, 1),
(16, 274, 1),
(16, 275, 1),
(16, 276, 1),
(16, 277, 1),
(16, 278, 1),
(16, 279, 1),
(16, 280, 1),
(16, 281, 1),
(16, 282, 1),
(16, 283, 1),
(16, 284, 1),
(16, 285, 1),
(16, 286, 1),
(16, 287, 1),
(16, 288, 1),
(16, 289, 1),
(16, 290, 1),
(16, 291, 1),
(16, 292, 1),
(16, 293, 1),
(16, 294, 1),
(16, 295, 1),
(16, 296, 1),
(16, 297, 1),
(16, 298, 1),
(16, 299, 1),
(16, 300, 1),
(16, 301, 1),
(16, 302, 1),
(16, 303, 1),
(16, 304, 1),
(16, 305, 1),
(16, 306, 1),
(16, 307, 1),
(16, 308, 1),
(16, 309, 1),
(16, 310, 1),
(16, 311, 1),
(16, 312, 1),
(16, 313, 1),
(16, 314, 1),
(16, 315, 1),
(16, 316, 1),
(16, 317, 1),
(16, 318, 1),
(16, 319, 1),
(16, 320, 1),
(16, 321, 1),
(16, 322, 1),
(16, 323, 1),
(16, 324, 1),
(16, 325, 1),
(16, 326, 1),
(16, 354, 1),
(16, 355, 1),
(16, 356, 1),
(16, 362, 1),
(16, 363, 1),
(16, 364, 1),
(16, 365, 1),
(16, 376, 1),
(16, 378, 1),
(16, 379, 1),
(16, 380, 1),
(16, 381, 1),
(16, 382, 1),
(16, 383, 1),
(16, 384, 1),
(16, 385, 1),
(16, 386, 1),
(16, 387, 1),
(16, 388, 1),
(16, 389, 1),
(16, 390, 1),
(16, 391, 1),
(16, 392, 1),
(16, 393, 1),
(16, 394, 1),
(16, 395, 1),
(16, 396, 1),
(16, 397, 1),
(16, 398, 1),
(16, 399, 1),
(16, 400, 1),
(16, 401, 1),
(16, 402, 1),
(16, 403, 1),
(16, 404, 1),
(16, 405, 1),
(16, 406, 1),
(16, 407, 1),
(16, 408, 1),
(16, 411, 1),
(16, 412, 1),
(16, 413, 1),
(16, 414, 1),
(16, 415, 1),
(16, 416, 1),
(16, 417, 1),
(16, 418, 1),
(16, 419, 1),
(16, 420, 1),
(16, 421, 1),
(16, 486, 1),
(16, 487, 1),
(16, 488, 1),
(16, 489, 1),
(16, 490, 1),
(16, 491, 1),
(16, 492, 1),
(16, 493, 1),
(16, 494, 1),
(16, 495, 1),
(16, 496, 1),
(16, 497, 1),
(16, 498, 1),
(16, 499, 1),
(16, 500, 1),
(16, 501, 1),
(16, 502, 1),
(16, 503, 1),
(16, 504, 1),
(16, 505, 1),
(16, 506, 1),
(16, 507, 1),
(16, 508, 1),
(16, 509, 1),
(16, 510, 1),
(16, 511, 1),
(16, 512, 1),
(16, 513, 1),
(16, 514, 1),
(16, 515, 1),
(16, 516, 1),
(16, 517, 1),
(16, 530, 1),
(16, 531, 1),
(16, 532, 1),
(16, 533, 1),
(16, 534, 1),
(16, 535, 1),
(16, 536, 1),
(16, 537, 1),
(16, 538, 1),
(16, 539, 1),
(16, 540, 1),
(16, 541, 1),
(16, 543, 1),
(16, 544, 1),
(16, 545, 1),
(16, 546, 1),
(16, 547, 1),
(16, 548, 1),
(16, 549, 1),
(16, 550, 1),
(16, 551, 1),
(16, 552, 1),
(16, 553, 1),
(16, 554, 1),
(16, 555, 1),
(16, 556, 1),
(16, 557, 1),
(16, 558, 1),
(16, 559, 1),
(16, 560, 1),
(16, 561, 1),
(16, 562, 1),
(16, 563, 1),
(16, 564, 1),
(16, 565, 1),
(16, 566, 1),
(16, 567, 1),
(16, 568, 1),
(16, 569, 1),
(16, 570, 1),
(16, 571, 1),
(16, 572, 1),
(16, 573, 1),
(16, 574, 1),
(16, 575, 1),
(16, 576, 1),
(16, 577, 1),
(16, 578, 1),
(16, 579, 1),
(16, 580, 1),
(16, 581, 1),
(16, 582, 1),
(16, 583, 1),
(16, 584, 1),
(16, 585, 1),
(16, 586, 1),
(16, 587, 1),
(16, 588, 1),
(16, 589, 1),
(16, 590, 1),
(16, 591, 1),
(16, 592, 1),
(16, 593, 1),
(16, 594, 1),
(16, 595, 1),
(16, 596, 1),
(16, 597, 1),
(16, 598, 1),
(16, 599, 1),
(16, 600, 1),
(16, 601, 1),
(16, 602, 1),
(16, 603, 1),
(16, 604, 1),
(16, 605, 1),
(16, 606, 1),
(16, 607, 1),
(16, 608, 1),
(16, 609, 1),
(16, 610, 1),
(16, 611, 1),
(16, 612, 1),
(16, 613, 1),
(16, 614, 1),
(16, 615, 1),
(16, 616, 1),
(16, 617, 1),
(16, 618, 1),
(16, 619, 1),
(16, 620, 1),
(16, 621, 1),
(16, 626, 1),
(16, 649, 1),
(16, 650, 1),
(16, 651, 1),
(16, 652, 1),
(16, 653, 1),
(16, 654, 1),
(16, 655, 1),
(16, 656, 1),
(16, 657, 1),
(16, 658, 1),
(16, 659, 1),
(16, 660, 1),
(16, 661, 1),
(16, 662, 1),
(16, 663, 1),
(16, 664, 1),
(16, 665, 1),
(16, 666, 1),
(16, 667, 1),
(16, 668, 1),
(16, 669, 1),
(16, 670, 1),
(16, 671, 1),
(16, 672, 1),
(16, 673, 1),
(16, 674, 1),
(16, 675, 1),
(16, 676, 1),
(16, 677, 1),
(16, 678, 1),
(16, 679, 1),
(16, 680, 1),
(16, 681, 1),
(16, 682, 1),
(16, 683, 1),
(16, 684, 1),
(16, 685, 1),
(16, 686, 1),
(16, 687, 1),
(16, 688, 1),
(16, 689, 1),
(16, 690, 1),
(16, 691, 1),
(16, 692, 1),
(16, 693, 1),
(16, 694, 1),
(16, 695, 1),
(16, 696, 1),
(16, 697, 1),
(16, 698, 1),
(16, 699, 1),
(16, 700, 1),
(16, 701, 1),
(16, 702, 1),
(16, 703, 1),
(16, 704, 1),
(16, 705, 1),
(16, 706, 1),
(16, 707, 1),
(16, 708, 1),
(16, 709, 1),
(16, 710, 1),
(16, 711, 1),
(16, 712, 1),
(16, 713, 1),
(16, 714, 1),
(16, 715, 1),
(16, 716, 1),
(16, 717, 1),
(16, 718, 1),
(16, 719, 1),
(16, 720, 1),
(16, 721, 1),
(16, 722, 1),
(16, 723, 1),
(16, 724, 1),
(16, 725, 1),
(16, 726, 1),
(16, 727, 1),
(16, 728, 1),
(16, 729, 1),
(16, 730, 1),
(16, 731, 1),
(16, 732, 1),
(16, 733, 1),
(16, 734, 1),
(16, 735, 1),
(16, 736, 1),
(16, 737, 1),
(16, 738, 1),
(16, 739, 1),
(16, 740, 1),
(16, 741, 1),
(16, 742, 1),
(16, 743, 1),
(16, 744, 1),
(16, 745, 1),
(16, 746, 1),
(16, 747, 1),
(16, 748, 1),
(16, 749, 1),
(16, 750, 1),
(16, 751, 1),
(16, 752, 1),
(16, 753, 1),
(16, 754, 1),
(16, 755, 1),
(16, 756, 1),
(16, 757, 1),
(16, 758, 1),
(16, 759, 1),
(16, 760, 1),
(16, 761, 1),
(16, 762, 1),
(16, 763, 1),
(16, 764, 1),
(16, 765, 1),
(16, 766, 1),
(16, 767, 1),
(16, 768, 1),
(16, 769, 1),
(16, 770, 1),
(16, 771, 1),
(16, 772, 1),
(16, 773, 1),
(16, 774, 1),
(16, 775, 1),
(16, 776, 1),
(16, 777, 1),
(16, 778, 1),
(16, 779, 1),
(16, 780, 1),
(16, 781, 1),
(16, 782, 1),
(16, 783, 1),
(16, 784, 1),
(16, 785, 1),
(16, 786, 1),
(16, 787, 1),
(16, 788, 1),
(16, 789, 1),
(16, 790, 1),
(16, 791, 1),
(16, 792, 1),
(16, 793, 1),
(16, 794, 1),
(16, 795, 1),
(16, 796, 1),
(16, 797, 1),
(16, 798, 1),
(16, 799, 1),
(16, 800, 1),
(16, 801, 1),
(16, 802, 1),
(16, 803, 1),
(16, 804, 1),
(16, 805, 1),
(16, 806, 1),
(16, 807, 1),
(16, 808, 1),
(16, 809, 1),
(16, 810, 1),
(16, 811, 1),
(16, 812, 1),
(16, 813, 1),
(16, 814, 1),
(16, 815, 1),
(16, 816, 1),
(16, 817, 1),
(16, 818, 1),
(16, 819, 1),
(16, 820, 1),
(16, 821, 1),
(16, 822, 1),
(16, 823, 1),
(16, 824, 1),
(16, 825, 1),
(16, 826, 1),
(16, 827, 1),
(16, 828, 1),
(16, 829, 1),
(16, 830, 1),
(16, 831, 1),
(16, 832, 1),
(16, 833, 1),
(16, 834, 1),
(16, 835, 1),
(16, 836, 1),
(16, 837, 1),
(16, 838, 1),
(16, 839, 1),
(16, 840, 1),
(16, 841, 1),
(16, 842, 1),
(16, 843, 1),
(16, 844, 1),
(16, 845, 1),
(16, 846, 1),
(16, 847, 1),
(16, 848, 1),
(16, 849, 1),
(16, 850, 1),
(16, 851, 1),
(16, 852, 1),
(16, 853, 1),
(16, 854, 1),
(16, 855, 1),
(16, 856, 1),
(16, 861, 1),
(16, 862, 1),
(16, 863, 1),
(16, 864, 1),
(17, 242, 1),
(17, 387, 1),
(17, 388, 1),
(17, 389, 1),
(17, 390, 1),
(18, 42, 1),
(18, 43, 1),
(18, 44, 1),
(18, 45, 1),
(18, 46, 1),
(18, 47, 1),
(18, 48, 1),
(18, 49, 1),
(18, 50, 1),
(18, 51, 1),
(18, 52, 1),
(18, 53, 1),
(18, 54, 1),
(18, 55, 1),
(18, 56, 1),
(18, 57, 1),
(18, 58, 1),
(18, 59, 1),
(18, 60, 1),
(18, 61, 1),
(18, 151, 1),
(18, 152, 1),
(18, 153, 1),
(18, 154, 1),
(18, 242, 1),
(18, 243, 1),
(18, 244, 1),
(18, 245, 1),
(18, 246, 1),
(18, 853, 1),
(18, 854, 1),
(18, 855, 1),
(18, 856, 1),
(18, 861, 1),
(18, 862, 1),
(18, 863, 1),
(18, 864, 1),
(19, 242, 1),
(19, 247, 1),
(19, 248, 1),
(19, 249, 1),
(19, 250, 1),
(20, 42, 1),
(20, 43, 1),
(20, 44, 1),
(20, 45, 1),
(20, 46, 1),
(20, 47, 1),
(20, 48, 1),
(20, 49, 1),
(20, 50, 1),
(20, 51, 1),
(20, 52, 1),
(20, 53, 1),
(20, 54, 1),
(20, 55, 1),
(20, 56, 1),
(20, 57, 1),
(20, 58, 1),
(20, 59, 1),
(20, 60, 1),
(20, 61, 1),
(20, 242, 1),
(20, 243, 1),
(20, 244, 1),
(20, 245, 1),
(20, 246, 1),
(20, 717, 1),
(20, 718, 1),
(20, 719, 1),
(20, 720, 1),
(20, 721, 1),
(20, 722, 1),
(20, 723, 1),
(20, 724, 1),
(20, 725, 1),
(20, 726, 1),
(20, 727, 1),
(20, 728, 1),
(20, 729, 1),
(20, 730, 1),
(20, 731, 1),
(20, 732, 1),
(20, 733, 1),
(20, 734, 1),
(20, 735, 1),
(20, 736, 1),
(20, 737, 1),
(20, 738, 1),
(20, 739, 1),
(20, 740, 1),
(20, 741, 1),
(20, 742, 1),
(20, 743, 1),
(20, 744, 1),
(20, 745, 1),
(20, 746, 1),
(20, 747, 1),
(20, 748, 1),
(20, 749, 1),
(20, 750, 1),
(20, 751, 1),
(20, 752, 1),
(20, 753, 1),
(20, 754, 1),
(20, 755, 1),
(21, 733, 1),
(21, 734, 1),
(21, 736, 1),
(21, 737, 1),
(21, 742, 1),
(21, 744, 1),
(21, 745, 1),
(22, 242, 1),
(23, 1, 1),
(23, 2, 1),
(23, 3, 1),
(23, 4, 1),
(23, 5, 1),
(23, 6, 1),
(23, 7, 1),
(23, 8, 1),
(23, 9, 1),
(23, 10, 1),
(23, 11, 1),
(23, 12, 1),
(23, 13, 1),
(23, 14, 1),
(23, 15, 1),
(23, 16, 1),
(23, 17, 1),
(23, 18, 1),
(23, 19, 1),
(23, 20, 1),
(23, 21, 1),
(23, 22, 1),
(23, 23, 1),
(23, 24, 1),
(23, 25, 1),
(23, 26, 1),
(23, 27, 1),
(23, 28, 1),
(23, 29, 1),
(23, 30, 1),
(23, 31, 1),
(23, 32, 1),
(23, 33, 1),
(23, 34, 1),
(23, 35, 1),
(23, 36, 1),
(23, 37, 1),
(23, 38, 1),
(23, 39, 1),
(23, 40, 1),
(23, 41, 1),
(23, 42, 1),
(23, 43, 1),
(23, 44, 1),
(23, 45, 1),
(23, 46, 1),
(23, 47, 1),
(23, 48, 1),
(23, 49, 1),
(23, 50, 1),
(23, 51, 1),
(23, 52, 1),
(23, 53, 1),
(23, 54, 1),
(23, 55, 1),
(23, 56, 1),
(23, 57, 1),
(23, 58, 1),
(23, 59, 1),
(23, 60, 1),
(23, 61, 1),
(23, 92, 1),
(23, 93, 1),
(23, 94, 1),
(23, 95, 1),
(23, 96, 1),
(23, 97, 1),
(23, 98, 1),
(23, 99, 1),
(23, 100, 1),
(23, 101, 1),
(23, 102, 1),
(23, 103, 1),
(23, 104, 1),
(23, 105, 1),
(23, 106, 1),
(23, 107, 1),
(23, 108, 1),
(23, 109, 1),
(23, 110, 1),
(23, 111, 1),
(23, 112, 1),
(23, 113, 1),
(23, 114, 1),
(23, 115, 1),
(23, 116, 1),
(23, 117, 1),
(23, 118, 1),
(23, 119, 1),
(23, 120, 1),
(23, 121, 1),
(23, 122, 1),
(23, 123, 1),
(23, 124, 1),
(23, 125, 1),
(23, 126, 1),
(23, 127, 1),
(23, 128, 1),
(23, 129, 1),
(23, 130, 1),
(23, 131, 1),
(23, 132, 1),
(23, 133, 1),
(23, 134, 1),
(23, 135, 1),
(23, 136, 1),
(23, 137, 1),
(23, 138, 1),
(23, 139, 1),
(23, 140, 1),
(23, 141, 1),
(23, 142, 1),
(23, 143, 1),
(23, 144, 1),
(23, 145, 1),
(23, 146, 1),
(23, 147, 1),
(23, 148, 1),
(23, 149, 1),
(23, 150, 1),
(23, 151, 1),
(23, 152, 1),
(23, 153, 1),
(23, 154, 1),
(23, 159, 1),
(23, 160, 1),
(23, 161, 1),
(23, 162, 1),
(23, 163, 1),
(23, 164, 1),
(23, 165, 1),
(23, 166, 1),
(23, 167, 1),
(23, 168, 1),
(23, 169, 1),
(23, 170, 1),
(23, 171, 1),
(23, 176, 1),
(23, 177, 1),
(23, 178, 1),
(23, 179, 1),
(23, 180, 1),
(23, 181, 1),
(23, 182, 1),
(23, 183, 1),
(23, 184, 1),
(23, 190, 1),
(23, 191, 1),
(23, 192, 1),
(23, 193, 1),
(23, 194, 1),
(23, 195, 1),
(23, 196, 1),
(23, 197, 1),
(23, 198, 1),
(23, 199, 1),
(23, 200, 1),
(23, 201, 1),
(23, 202, 1),
(23, 203, 1),
(23, 204, 1),
(23, 205, 1),
(23, 206, 1),
(23, 207, 1),
(23, 208, 1),
(23, 209, 1),
(23, 210, 1),
(23, 211, 1),
(23, 212, 1),
(23, 213, 1),
(23, 214, 1),
(23, 215, 1),
(23, 216, 1),
(23, 217, 1),
(23, 218, 1),
(23, 220, 1),
(23, 221, 1),
(23, 222, 1),
(23, 223, 1),
(23, 224, 1),
(23, 225, 1),
(23, 226, 1),
(23, 227, 1),
(23, 228, 1),
(23, 229, 1),
(23, 230, 1),
(23, 231, 1),
(23, 232, 1),
(23, 233, 1),
(23, 234, 1),
(23, 235, 1),
(23, 236, 1),
(23, 237, 1),
(23, 238, 1),
(23, 239, 1),
(23, 240, 1),
(23, 241, 1),
(23, 242, 1),
(23, 243, 1),
(23, 244, 1),
(23, 245, 1),
(23, 246, 1),
(23, 247, 1),
(23, 248, 1),
(23, 249, 1),
(23, 250, 1),
(23, 251, 1),
(23, 252, 1),
(23, 253, 1),
(23, 254, 1),
(23, 255, 1),
(23, 256, 1),
(23, 257, 1),
(23, 258, 1),
(23, 259, 1),
(23, 260, 1),
(23, 261, 1),
(23, 262, 1),
(23, 263, 1),
(23, 264, 1),
(23, 265, 1),
(23, 266, 1),
(23, 267, 1),
(23, 268, 1),
(23, 269, 1),
(23, 270, 1),
(23, 271, 1),
(23, 272, 1),
(23, 273, 1),
(23, 274, 1),
(23, 275, 1),
(23, 276, 1),
(23, 277, 1),
(23, 278, 1),
(23, 279, 1),
(23, 280, 1),
(23, 281, 1),
(23, 282, 1),
(23, 283, 1),
(23, 284, 1),
(23, 285, 1),
(23, 286, 1),
(23, 287, 1),
(23, 288, 1),
(23, 289, 1),
(23, 290, 1),
(23, 291, 1),
(23, 292, 1),
(23, 293, 1),
(23, 294, 1),
(23, 295, 1),
(23, 296, 1),
(23, 297, 1),
(23, 298, 1),
(23, 299, 1),
(23, 300, 1),
(23, 301, 1),
(23, 302, 1),
(23, 303, 1),
(23, 304, 1),
(23, 305, 1),
(23, 306, 1),
(23, 307, 1),
(23, 308, 1),
(23, 309, 1),
(23, 310, 1),
(23, 311, 1),
(23, 312, 1),
(23, 313, 1),
(23, 314, 1),
(23, 315, 1),
(23, 316, 1),
(23, 317, 1),
(23, 318, 1),
(23, 319, 1),
(23, 320, 1),
(23, 321, 1),
(23, 322, 1),
(23, 323, 1),
(23, 324, 1),
(23, 325, 1),
(23, 326, 1),
(23, 354, 1),
(23, 355, 1),
(23, 356, 1),
(23, 362, 1),
(23, 363, 1),
(23, 364, 1),
(23, 365, 1),
(23, 376, 1),
(23, 378, 1),
(23, 379, 1),
(23, 380, 1),
(23, 381, 1),
(23, 382, 1),
(23, 383, 1),
(23, 384, 1),
(23, 385, 1),
(23, 386, 1),
(23, 387, 1),
(23, 388, 1),
(23, 389, 1),
(23, 390, 1),
(23, 391, 1),
(23, 392, 1),
(23, 393, 1),
(23, 394, 1),
(23, 395, 1),
(23, 396, 1),
(23, 397, 1),
(23, 398, 1),
(23, 399, 1),
(23, 400, 1),
(23, 401, 1),
(23, 402, 1),
(23, 403, 1),
(23, 404, 1),
(23, 405, 1),
(23, 406, 1),
(23, 407, 1),
(23, 408, 1),
(23, 411, 1),
(23, 412, 1),
(23, 413, 1),
(23, 414, 1),
(23, 415, 1),
(23, 416, 1),
(23, 417, 1),
(23, 418, 1),
(23, 419, 1),
(23, 420, 1),
(23, 421, 1),
(23, 486, 1),
(23, 487, 1),
(23, 488, 1),
(23, 489, 1),
(23, 490, 1),
(23, 491, 1),
(23, 492, 1),
(23, 493, 1),
(23, 494, 1),
(23, 495, 1),
(23, 496, 1),
(23, 497, 1),
(23, 498, 1),
(23, 499, 1),
(23, 500, 1),
(23, 501, 1),
(23, 502, 1),
(23, 503, 1),
(23, 504, 1),
(23, 505, 1),
(23, 506, 1),
(23, 507, 1),
(23, 508, 1),
(23, 509, 1),
(23, 510, 1),
(23, 511, 1),
(23, 512, 1),
(23, 513, 1),
(23, 514, 1),
(23, 515, 1),
(23, 516, 1),
(23, 517, 1),
(23, 530, 1),
(23, 531, 1),
(23, 532, 1),
(23, 533, 1),
(23, 534, 1),
(23, 535, 1),
(23, 536, 1),
(23, 537, 1),
(23, 538, 1),
(23, 539, 1),
(23, 540, 1),
(23, 541, 1),
(23, 543, 1),
(23, 544, 1),
(23, 545, 1),
(23, 546, 1),
(23, 547, 1),
(23, 548, 1),
(23, 549, 1),
(23, 550, 1),
(23, 551, 1),
(23, 552, 1),
(23, 553, 1),
(23, 554, 1),
(23, 555, 1),
(23, 556, 1),
(23, 557, 1),
(23, 558, 1),
(23, 559, 1),
(23, 560, 1),
(23, 561, 1),
(23, 562, 1),
(23, 563, 1),
(23, 564, 1),
(23, 565, 1),
(23, 566, 1),
(23, 567, 1),
(23, 568, 1),
(23, 569, 1),
(23, 570, 1),
(23, 571, 1),
(23, 572, 1),
(23, 573, 1),
(23, 574, 1),
(23, 575, 1),
(23, 576, 1),
(23, 577, 1),
(23, 578, 1),
(23, 579, 1),
(23, 580, 1),
(23, 581, 1),
(23, 582, 1),
(23, 583, 1),
(23, 584, 1),
(23, 585, 1),
(23, 586, 1),
(23, 587, 1),
(23, 588, 1),
(23, 589, 1),
(23, 590, 1),
(23, 591, 1),
(23, 592, 1),
(23, 593, 1),
(23, 594, 1),
(23, 595, 1),
(23, 596, 1),
(23, 597, 1),
(23, 598, 1),
(23, 599, 1),
(23, 600, 1),
(23, 601, 1),
(23, 602, 1),
(23, 603, 1),
(23, 604, 1),
(23, 605, 1),
(23, 606, 1),
(23, 607, 1),
(23, 608, 1),
(23, 609, 1),
(23, 610, 1),
(23, 611, 1),
(23, 612, 1),
(23, 613, 1),
(23, 614, 1),
(23, 615, 1),
(23, 616, 1),
(23, 617, 1),
(23, 618, 1),
(23, 619, 1),
(23, 620, 1),
(23, 621, 1),
(23, 626, 1),
(23, 649, 1),
(23, 650, 1),
(23, 651, 1),
(23, 652, 1),
(23, 653, 1),
(23, 654, 1),
(23, 655, 1),
(23, 656, 1),
(23, 657, 1),
(23, 658, 1),
(23, 659, 1),
(23, 660, 1),
(23, 661, 1),
(23, 662, 1),
(23, 663, 1),
(23, 664, 1),
(23, 665, 1),
(23, 666, 1),
(23, 667, 1),
(23, 668, 1),
(23, 669, 1),
(23, 670, 1),
(23, 671, 1),
(23, 672, 1),
(23, 673, 1),
(23, 674, 1),
(23, 675, 1),
(23, 676, 1),
(23, 677, 1),
(23, 678, 1),
(23, 679, 1),
(23, 680, 1),
(23, 681, 1),
(23, 682, 1),
(23, 683, 1),
(23, 684, 1),
(23, 685, 1),
(23, 686, 1),
(23, 687, 1),
(23, 688, 1),
(23, 689, 1),
(23, 690, 1),
(23, 691, 1),
(23, 692, 1),
(23, 693, 1),
(23, 694, 1),
(23, 695, 1),
(23, 696, 1),
(23, 697, 1),
(23, 698, 1),
(23, 699, 1),
(23, 700, 1),
(23, 701, 1),
(23, 702, 1),
(23, 703, 1),
(23, 704, 1),
(23, 705, 1),
(23, 706, 1),
(23, 707, 1),
(23, 708, 1),
(23, 709, 1),
(23, 710, 1),
(23, 711, 1),
(23, 712, 1),
(23, 713, 1),
(23, 714, 1),
(23, 715, 1),
(23, 716, 1),
(23, 717, 1),
(23, 718, 1),
(23, 719, 1),
(23, 720, 1),
(23, 721, 1),
(23, 722, 1),
(23, 723, 1),
(23, 724, 1),
(23, 725, 1),
(23, 726, 1),
(23, 727, 1),
(23, 728, 1),
(23, 729, 1),
(23, 730, 1),
(23, 731, 1),
(23, 732, 1),
(23, 733, 1),
(23, 734, 1),
(23, 735, 1),
(23, 736, 1),
(23, 737, 1),
(23, 738, 1),
(23, 739, 1),
(23, 740, 1),
(23, 741, 1),
(23, 742, 1),
(23, 743, 1),
(23, 744, 1),
(23, 745, 1),
(23, 746, 1),
(23, 747, 1),
(23, 748, 1),
(23, 749, 1),
(23, 750, 1),
(23, 751, 1),
(23, 752, 1),
(23, 753, 1),
(23, 754, 1),
(23, 755, 1),
(23, 756, 1),
(23, 757, 1),
(23, 758, 1),
(23, 759, 1),
(23, 760, 1),
(23, 761, 1),
(23, 762, 1),
(23, 763, 1),
(23, 764, 1),
(23, 765, 1),
(23, 766, 1),
(23, 767, 1),
(23, 768, 1),
(23, 769, 1),
(23, 770, 1),
(23, 771, 1),
(23, 772, 1),
(23, 773, 1),
(23, 774, 1),
(23, 775, 1),
(23, 776, 1),
(23, 777, 1),
(23, 778, 1),
(23, 779, 1),
(23, 780, 1),
(23, 781, 1),
(23, 782, 1),
(23, 783, 1),
(23, 784, 1),
(23, 785, 1),
(23, 786, 1),
(23, 787, 1),
(23, 788, 1),
(23, 789, 1),
(23, 790, 1),
(23, 791, 1),
(23, 792, 1),
(23, 793, 1),
(23, 794, 1),
(23, 795, 1),
(23, 796, 1),
(23, 797, 1),
(23, 798, 1),
(23, 799, 1),
(23, 800, 1),
(23, 801, 1),
(23, 802, 1),
(23, 803, 1),
(23, 804, 1),
(23, 805, 1),
(23, 806, 1),
(23, 807, 1),
(23, 808, 1),
(23, 809, 1),
(23, 810, 1),
(23, 811, 1),
(23, 812, 1),
(23, 813, 1),
(23, 814, 1),
(23, 815, 1),
(23, 816, 1),
(23, 817, 1),
(23, 818, 1),
(23, 819, 1),
(23, 820, 1),
(23, 821, 1),
(23, 822, 1),
(23, 823, 1),
(23, 824, 1),
(23, 825, 1),
(23, 826, 1),
(23, 827, 1),
(23, 828, 1),
(23, 829, 1),
(23, 830, 1),
(23, 831, 1),
(23, 832, 1),
(23, 833, 1),
(23, 834, 1),
(23, 835, 1),
(23, 836, 1),
(23, 837, 1),
(23, 838, 1),
(23, 839, 1),
(23, 840, 1),
(23, 841, 1),
(23, 842, 1),
(23, 843, 1),
(23, 844, 1),
(23, 845, 1),
(23, 846, 1),
(23, 847, 1),
(23, 848, 1),
(23, 849, 1),
(23, 850, 1),
(23, 851, 1),
(23, 852, 1),
(23, 853, 1),
(23, 854, 1),
(23, 855, 1),
(23, 856, 1),
(23, 861, 1),
(23, 862, 1),
(23, 863, 1),
(23, 864, 1),
(24, 242, 1),
(24, 387, 1),
(24, 388, 1),
(24, 389, 1),
(24, 390, 1),
(25, 42, 1),
(25, 43, 1),
(25, 44, 1),
(25, 45, 1),
(25, 46, 1),
(25, 47, 1),
(25, 48, 1),
(25, 49, 1),
(25, 50, 1),
(25, 51, 1),
(25, 52, 1),
(25, 53, 1),
(25, 54, 1),
(25, 55, 1),
(25, 56, 1),
(25, 57, 1),
(25, 58, 1),
(25, 59, 1),
(25, 60, 1),
(25, 61, 1),
(25, 151, 1),
(25, 152, 1),
(25, 153, 1),
(25, 154, 1),
(25, 242, 1),
(25, 243, 1),
(25, 244, 1),
(25, 245, 1),
(25, 246, 1),
(25, 853, 1),
(25, 854, 1),
(25, 855, 1),
(25, 856, 1),
(25, 861, 1),
(25, 862, 1),
(25, 863, 1),
(25, 864, 1),
(26, 242, 1),
(26, 247, 1),
(26, 248, 1),
(26, 249, 1),
(26, 250, 1),
(27, 42, 1),
(27, 43, 1),
(27, 44, 1),
(27, 45, 1),
(27, 46, 1),
(27, 47, 1),
(27, 48, 1),
(27, 49, 1),
(27, 50, 1),
(27, 51, 1),
(27, 52, 1),
(27, 53, 1),
(27, 54, 1),
(27, 55, 1),
(27, 56, 1),
(27, 57, 1),
(27, 58, 1),
(27, 59, 1),
(27, 60, 1),
(27, 61, 1),
(27, 242, 1),
(27, 243, 1),
(27, 244, 1),
(27, 245, 1),
(27, 246, 1),
(27, 717, 1),
(27, 718, 1),
(27, 719, 1),
(27, 720, 1),
(27, 721, 1),
(27, 722, 1),
(27, 723, 1),
(27, 724, 1),
(27, 725, 1),
(27, 726, 1),
(27, 727, 1),
(27, 728, 1),
(27, 729, 1),
(27, 730, 1),
(27, 731, 1),
(27, 732, 1),
(27, 733, 1),
(27, 734, 1),
(27, 735, 1),
(27, 736, 1),
(27, 737, 1),
(27, 738, 1),
(27, 739, 1),
(27, 740, 1),
(27, 741, 1),
(27, 742, 1),
(27, 743, 1),
(27, 744, 1),
(27, 745, 1),
(27, 746, 1),
(27, 747, 1),
(27, 748, 1),
(27, 749, 1),
(27, 750, 1),
(27, 751, 1),
(27, 752, 1),
(27, 753, 1),
(27, 754, 1),
(27, 755, 1),
(28, 733, 1),
(28, 734, 1),
(28, 736, 1),
(28, 737, 1),
(28, 742, 1),
(28, 744, 1),
(28, 745, 1),
(29, 242, 1),
(30, 1, 1),
(30, 2, 1),
(30, 3, 1),
(30, 4, 1),
(30, 5, 1),
(30, 6, 1),
(30, 7, 1),
(30, 8, 1),
(30, 9, 1),
(30, 10, 1),
(30, 11, 1),
(30, 12, 1),
(30, 13, 1),
(30, 14, 1),
(30, 15, 1),
(30, 16, 1),
(30, 17, 1),
(30, 18, 1),
(30, 19, 1),
(30, 20, 1),
(30, 21, 1),
(30, 22, 1),
(30, 23, 1),
(30, 24, 1),
(30, 25, 1),
(30, 26, 1),
(30, 27, 1),
(30, 28, 1),
(30, 29, 1),
(30, 30, 1),
(30, 31, 1),
(30, 32, 1),
(30, 33, 1),
(30, 34, 1),
(30, 35, 1),
(30, 36, 1),
(30, 37, 1),
(30, 38, 1),
(30, 39, 1),
(30, 40, 1),
(30, 41, 1),
(30, 42, 1),
(30, 43, 1),
(30, 44, 1),
(30, 45, 1),
(30, 46, 1),
(30, 47, 1),
(30, 48, 1),
(30, 49, 1),
(30, 50, 1),
(30, 51, 1),
(30, 52, 1),
(30, 53, 1),
(30, 54, 1),
(30, 55, 1),
(30, 56, 1),
(30, 57, 1),
(30, 58, 1),
(30, 59, 1),
(30, 60, 1),
(30, 61, 1),
(30, 92, 1),
(30, 93, 1),
(30, 94, 1),
(30, 95, 1),
(30, 96, 1),
(30, 97, 1),
(30, 98, 1),
(30, 99, 1),
(30, 100, 1),
(30, 101, 1),
(30, 102, 1),
(30, 103, 1),
(30, 104, 1),
(30, 105, 1),
(30, 106, 1),
(30, 107, 1),
(30, 108, 1),
(30, 109, 1),
(30, 110, 1),
(30, 111, 1),
(30, 112, 1),
(30, 113, 1),
(30, 114, 1),
(30, 115, 1),
(30, 116, 1),
(30, 117, 1),
(30, 118, 1),
(30, 119, 1),
(30, 120, 1),
(30, 121, 1),
(30, 122, 1),
(30, 123, 1),
(30, 124, 1),
(30, 125, 1),
(30, 126, 1),
(30, 127, 1),
(30, 128, 1),
(30, 129, 1),
(30, 130, 1),
(30, 131, 1),
(30, 132, 1),
(30, 133, 1),
(30, 134, 1),
(30, 135, 1),
(30, 136, 1),
(30, 137, 1),
(30, 138, 1),
(30, 139, 1),
(30, 140, 1),
(30, 141, 1),
(30, 142, 1),
(30, 143, 1),
(30, 144, 1),
(30, 145, 1),
(30, 146, 1),
(30, 147, 1),
(30, 148, 1),
(30, 149, 1),
(30, 150, 1),
(30, 151, 1),
(30, 152, 1),
(30, 153, 1),
(30, 154, 1),
(30, 159, 1),
(30, 160, 1),
(30, 161, 1),
(30, 162, 1),
(30, 163, 1),
(30, 164, 1),
(30, 165, 1),
(30, 166, 1),
(30, 167, 1),
(30, 168, 1),
(30, 169, 1),
(30, 170, 1),
(30, 171, 1),
(30, 176, 1),
(30, 177, 1),
(30, 178, 1),
(30, 179, 1),
(30, 180, 1),
(30, 181, 1),
(30, 182, 1),
(30, 183, 1),
(30, 184, 1),
(30, 190, 1),
(30, 191, 1),
(30, 192, 1),
(30, 193, 1),
(30, 194, 1),
(30, 195, 1),
(30, 196, 1),
(30, 197, 1),
(30, 198, 1),
(30, 199, 1),
(30, 200, 1),
(30, 201, 1),
(30, 202, 1),
(30, 203, 1),
(30, 204, 1),
(30, 205, 1),
(30, 206, 1),
(30, 207, 1),
(30, 208, 1),
(30, 209, 1),
(30, 210, 1),
(30, 211, 1),
(30, 212, 1),
(30, 213, 1),
(30, 214, 1),
(30, 215, 1),
(30, 216, 1),
(30, 217, 1),
(30, 218, 1),
(30, 220, 1),
(30, 221, 1),
(30, 222, 1),
(30, 223, 1),
(30, 224, 1),
(30, 225, 1),
(30, 226, 1),
(30, 227, 1),
(30, 228, 1),
(30, 229, 1),
(30, 230, 1),
(30, 231, 1),
(30, 232, 1),
(30, 233, 1),
(30, 234, 1),
(30, 235, 1),
(30, 236, 1),
(30, 237, 1),
(30, 238, 1),
(30, 239, 1),
(30, 240, 1),
(30, 241, 1),
(30, 242, 1),
(30, 243, 1),
(30, 244, 1),
(30, 245, 1),
(30, 246, 1),
(30, 247, 1),
(30, 248, 1),
(30, 249, 1),
(30, 250, 1),
(30, 251, 1),
(30, 252, 1),
(30, 253, 1),
(30, 254, 1),
(30, 255, 1),
(30, 256, 1),
(30, 257, 1),
(30, 258, 1),
(30, 259, 1),
(30, 260, 1),
(30, 261, 1),
(30, 262, 1),
(30, 263, 1),
(30, 264, 1),
(30, 265, 1),
(30, 266, 1),
(30, 267, 1),
(30, 268, 1),
(30, 269, 1),
(30, 270, 1),
(30, 271, 1),
(30, 272, 1),
(30, 273, 1),
(30, 274, 1),
(30, 275, 1),
(30, 276, 1),
(30, 277, 1),
(30, 278, 1),
(30, 279, 1),
(30, 280, 1),
(30, 281, 1),
(30, 282, 1),
(30, 283, 1),
(30, 284, 1),
(30, 285, 1),
(30, 286, 1),
(30, 287, 1),
(30, 288, 1),
(30, 289, 1),
(30, 290, 1),
(30, 291, 1),
(30, 292, 1),
(30, 293, 1),
(30, 294, 1),
(30, 295, 1),
(30, 296, 1),
(30, 297, 1),
(30, 298, 1),
(30, 299, 1),
(30, 300, 1),
(30, 301, 1),
(30, 302, 1),
(30, 303, 1),
(30, 304, 1),
(30, 305, 1),
(30, 306, 1),
(30, 307, 1),
(30, 308, 1),
(30, 309, 1),
(30, 310, 1),
(30, 311, 1),
(30, 312, 1),
(30, 313, 1),
(30, 314, 1),
(30, 315, 1),
(30, 316, 1),
(30, 317, 1),
(30, 318, 1),
(30, 319, 1),
(30, 320, 1),
(30, 321, 1),
(30, 322, 1),
(30, 323, 1),
(30, 324, 1),
(30, 325, 1),
(30, 326, 1),
(30, 354, 1),
(30, 355, 1),
(30, 356, 1),
(30, 362, 1),
(30, 363, 1),
(30, 364, 1),
(30, 365, 1),
(30, 376, 1),
(30, 378, 1),
(30, 379, 1),
(30, 380, 1),
(30, 381, 1),
(30, 382, 1),
(30, 383, 1),
(30, 384, 1),
(30, 385, 1),
(30, 386, 1),
(30, 387, 1),
(30, 388, 1),
(30, 389, 1),
(30, 390, 1),
(30, 391, 1),
(30, 392, 1),
(30, 393, 1),
(30, 394, 1),
(30, 395, 1),
(30, 396, 1),
(30, 397, 1),
(30, 398, 1),
(30, 399, 1),
(30, 400, 1),
(30, 401, 1),
(30, 402, 1),
(30, 403, 1),
(30, 404, 1),
(30, 405, 1),
(30, 406, 1),
(30, 407, 1),
(30, 408, 1),
(30, 411, 1),
(30, 412, 1),
(30, 413, 1),
(30, 414, 1),
(30, 415, 1),
(30, 416, 1),
(30, 417, 1),
(30, 418, 1),
(30, 419, 1),
(30, 420, 1),
(30, 421, 1),
(30, 486, 1),
(30, 487, 1),
(30, 488, 1),
(30, 489, 1),
(30, 490, 1),
(30, 491, 1),
(30, 492, 1),
(30, 493, 1),
(30, 494, 1),
(30, 495, 1),
(30, 496, 1),
(30, 497, 1),
(30, 498, 1),
(30, 499, 1),
(30, 500, 1),
(30, 501, 1),
(30, 502, 1),
(30, 503, 1),
(30, 504, 1),
(30, 505, 1),
(30, 506, 1),
(30, 507, 1),
(30, 508, 1),
(30, 509, 1),
(30, 510, 1),
(30, 511, 1),
(30, 512, 1),
(30, 513, 1),
(30, 514, 1),
(30, 515, 1),
(30, 516, 1),
(30, 517, 1),
(30, 530, 1),
(30, 531, 1),
(30, 532, 1),
(30, 533, 1),
(30, 534, 1),
(30, 535, 1),
(30, 536, 1),
(30, 537, 1),
(30, 538, 1),
(30, 539, 1),
(30, 540, 1),
(30, 541, 1),
(30, 543, 1),
(30, 544, 1),
(30, 545, 1),
(30, 546, 1),
(30, 547, 1),
(30, 548, 1),
(30, 549, 1),
(30, 550, 1),
(30, 551, 1),
(30, 552, 1),
(30, 553, 1),
(30, 554, 1),
(30, 555, 1),
(30, 556, 1),
(30, 557, 1),
(30, 558, 1),
(30, 559, 1),
(30, 560, 1),
(30, 561, 1),
(30, 562, 1),
(30, 563, 1),
(30, 564, 1),
(30, 565, 1),
(30, 566, 1),
(30, 567, 1),
(30, 568, 1),
(30, 569, 1),
(30, 570, 1),
(30, 571, 1),
(30, 572, 1),
(30, 573, 1),
(30, 574, 1),
(30, 575, 1),
(30, 576, 1),
(30, 577, 1),
(30, 578, 1),
(30, 579, 1),
(30, 580, 1),
(30, 581, 1),
(30, 582, 1),
(30, 583, 1),
(30, 584, 1),
(30, 585, 1),
(30, 586, 1),
(30, 587, 1),
(30, 588, 1),
(30, 589, 1),
(30, 590, 1),
(30, 591, 1),
(30, 592, 1),
(30, 593, 1),
(30, 594, 1),
(30, 595, 1),
(30, 596, 1),
(30, 597, 1),
(30, 598, 1),
(30, 599, 1),
(30, 600, 1),
(30, 601, 1),
(30, 602, 1),
(30, 603, 1),
(30, 604, 1),
(30, 605, 1),
(30, 606, 1),
(30, 607, 1),
(30, 608, 1),
(30, 609, 1),
(30, 610, 1),
(30, 611, 1),
(30, 612, 1),
(30, 613, 1),
(30, 614, 1),
(30, 615, 1),
(30, 616, 1),
(30, 617, 1),
(30, 618, 1),
(30, 619, 1),
(30, 620, 1),
(30, 621, 1),
(30, 626, 1),
(30, 649, 1),
(30, 650, 1),
(30, 651, 1),
(30, 652, 1),
(30, 653, 1),
(30, 654, 1),
(30, 655, 1),
(30, 656, 1),
(30, 657, 1),
(30, 658, 1),
(30, 659, 1),
(30, 660, 1),
(30, 661, 1),
(30, 662, 1),
(30, 663, 1),
(30, 664, 1),
(30, 665, 1),
(30, 666, 1),
(30, 667, 1),
(30, 668, 1),
(30, 669, 1),
(30, 670, 1),
(30, 671, 1),
(30, 672, 1),
(30, 673, 1),
(30, 674, 1),
(30, 675, 1),
(30, 676, 1),
(30, 677, 1),
(30, 678, 1),
(30, 679, 1),
(30, 680, 1),
(30, 681, 1),
(30, 682, 1),
(30, 683, 1),
(30, 684, 1),
(30, 685, 1),
(30, 686, 1),
(30, 687, 1),
(30, 688, 1),
(30, 689, 1),
(30, 690, 1),
(30, 691, 1),
(30, 692, 1),
(30, 693, 1),
(30, 694, 1),
(30, 695, 1),
(30, 696, 1),
(30, 697, 1),
(30, 698, 1),
(30, 699, 1),
(30, 700, 1),
(30, 701, 1),
(30, 702, 1),
(30, 703, 1),
(30, 704, 1),
(30, 705, 1),
(30, 706, 1),
(30, 707, 1),
(30, 708, 1),
(30, 709, 1),
(30, 710, 1),
(30, 711, 1),
(30, 712, 1),
(30, 713, 1),
(30, 714, 1),
(30, 715, 1),
(30, 716, 1),
(30, 717, 1),
(30, 718, 1),
(30, 719, 1),
(30, 720, 1),
(30, 721, 1),
(30, 722, 1),
(30, 723, 1),
(30, 724, 1),
(30, 725, 1),
(30, 726, 1),
(30, 727, 1),
(30, 728, 1),
(30, 729, 1),
(30, 730, 1),
(30, 731, 1),
(30, 732, 1),
(30, 733, 1),
(30, 734, 1),
(30, 735, 1),
(30, 736, 1),
(30, 737, 1),
(30, 738, 1),
(30, 739, 1),
(30, 740, 1),
(30, 741, 1),
(30, 742, 1),
(30, 743, 1),
(30, 744, 1),
(30, 745, 1),
(30, 746, 1),
(30, 747, 1),
(30, 748, 1),
(30, 749, 1),
(30, 750, 1),
(30, 751, 1),
(30, 752, 1),
(30, 753, 1),
(30, 754, 1),
(30, 755, 1),
(30, 756, 1),
(30, 757, 1),
(30, 758, 1),
(30, 759, 1),
(30, 760, 1),
(30, 761, 1),
(30, 762, 1),
(30, 763, 1),
(30, 764, 1),
(30, 765, 1),
(30, 766, 1),
(30, 767, 1),
(30, 768, 1),
(30, 769, 1),
(30, 770, 1),
(30, 771, 1),
(30, 772, 1),
(30, 773, 1),
(30, 774, 1),
(30, 775, 1),
(30, 776, 1),
(30, 777, 1),
(30, 778, 1),
(30, 779, 1),
(30, 780, 1),
(30, 781, 1),
(30, 782, 1),
(30, 783, 1),
(30, 784, 1),
(30, 785, 1),
(30, 786, 1),
(30, 787, 1),
(30, 788, 1),
(30, 789, 1),
(30, 790, 1),
(30, 791, 1),
(30, 792, 1),
(30, 793, 1),
(30, 794, 1),
(30, 795, 1),
(30, 796, 1),
(30, 797, 1),
(30, 798, 1),
(30, 799, 1),
(30, 800, 1),
(30, 801, 1),
(30, 802, 1),
(30, 803, 1),
(30, 804, 1),
(30, 805, 1),
(30, 806, 1),
(30, 807, 1),
(30, 808, 1),
(30, 809, 1),
(30, 810, 1),
(30, 811, 1),
(30, 812, 1),
(30, 813, 1),
(30, 814, 1),
(30, 815, 1),
(30, 816, 1),
(30, 817, 1),
(30, 818, 1),
(30, 819, 1),
(30, 820, 1),
(30, 821, 1),
(30, 822, 1),
(30, 823, 1),
(30, 824, 1),
(30, 825, 1),
(30, 826, 1),
(30, 827, 1),
(30, 828, 1),
(30, 829, 1),
(30, 830, 1),
(30, 831, 1),
(30, 832, 1),
(30, 833, 1),
(30, 834, 1),
(30, 835, 1),
(30, 836, 1),
(30, 837, 1),
(30, 838, 1),
(30, 839, 1),
(30, 840, 1),
(30, 841, 1),
(30, 842, 1),
(30, 843, 1),
(30, 844, 1),
(30, 845, 1),
(30, 846, 1),
(30, 847, 1),
(30, 848, 1),
(30, 849, 1),
(30, 850, 1),
(30, 851, 1),
(30, 852, 1),
(30, 853, 1),
(30, 854, 1),
(30, 855, 1),
(30, 856, 1),
(30, 861, 1),
(30, 862, 1),
(30, 863, 1),
(30, 864, 1),
(31, 242, 1),
(31, 387, 1),
(31, 388, 1),
(31, 389, 1),
(31, 390, 1),
(32, 42, 1),
(32, 43, 1),
(32, 44, 1),
(32, 45, 1),
(32, 46, 1),
(32, 47, 1),
(32, 48, 1),
(32, 49, 1),
(32, 50, 1),
(32, 51, 1),
(32, 52, 1),
(32, 53, 1),
(32, 54, 1),
(32, 55, 1),
(32, 56, 1),
(32, 57, 1),
(32, 58, 1),
(32, 59, 1),
(32, 60, 1),
(32, 61, 1),
(32, 151, 1),
(32, 152, 1),
(32, 153, 1),
(32, 154, 1),
(32, 242, 1),
(32, 243, 1),
(32, 244, 1),
(32, 245, 1),
(32, 246, 1),
(32, 853, 1),
(32, 854, 1),
(32, 855, 1),
(32, 856, 1),
(32, 861, 1),
(32, 862, 1),
(32, 863, 1),
(32, 864, 1),
(33, 242, 1),
(33, 247, 1),
(33, 248, 1),
(33, 249, 1),
(33, 250, 1),
(34, 42, 1),
(34, 43, 1),
(34, 44, 1),
(34, 45, 1),
(34, 46, 1),
(34, 47, 1),
(34, 48, 1),
(34, 49, 1),
(34, 50, 1),
(34, 51, 1),
(34, 52, 1),
(34, 53, 1),
(34, 54, 1),
(34, 55, 1),
(34, 56, 1),
(34, 57, 1),
(34, 58, 1),
(34, 59, 1),
(34, 60, 1),
(34, 61, 1),
(34, 242, 1),
(34, 243, 1),
(34, 244, 1),
(34, 245, 1),
(34, 246, 1),
(34, 717, 1),
(34, 718, 1),
(34, 719, 1),
(34, 720, 1),
(34, 721, 1),
(34, 722, 1),
(34, 723, 1),
(34, 724, 1),
(34, 725, 1),
(34, 726, 1),
(34, 727, 1),
(34, 728, 1),
(34, 729, 1),
(34, 730, 1),
(34, 731, 1),
(34, 732, 1),
(34, 733, 1),
(34, 734, 1),
(34, 735, 1),
(34, 736, 1),
(34, 737, 1),
(34, 738, 1),
(34, 739, 1),
(34, 740, 1),
(34, 741, 1),
(34, 742, 1),
(34, 743, 1),
(34, 744, 1),
(34, 745, 1),
(34, 746, 1),
(34, 747, 1),
(34, 748, 1),
(34, 749, 1),
(34, 750, 1),
(34, 751, 1),
(34, 752, 1),
(34, 753, 1),
(34, 754, 1),
(34, 755, 1),
(35, 733, 1),
(35, 734, 1),
(35, 736, 1),
(35, 737, 1),
(35, 742, 1),
(35, 744, 1),
(35, 745, 1),
(36, 242, 1),
(37, 1, 1),
(37, 2, 1),
(37, 3, 1),
(37, 4, 1),
(37, 5, 1),
(37, 6, 1),
(37, 7, 1),
(37, 8, 1),
(37, 9, 1),
(37, 10, 1),
(37, 11, 1),
(37, 12, 1),
(37, 13, 1),
(37, 14, 1),
(37, 15, 1),
(37, 16, 1),
(37, 17, 1),
(37, 18, 1),
(37, 19, 1),
(37, 20, 1),
(37, 21, 1),
(37, 22, 1),
(37, 23, 1),
(37, 24, 1),
(37, 25, 1),
(37, 26, 1),
(37, 27, 1),
(37, 28, 1),
(37, 29, 1),
(37, 30, 1),
(37, 31, 1),
(37, 32, 1),
(37, 33, 1),
(37, 34, 1),
(37, 35, 1),
(37, 36, 1),
(37, 37, 1),
(37, 38, 1),
(37, 39, 1),
(37, 40, 1),
(37, 41, 1),
(37, 42, 1),
(37, 43, 1),
(37, 44, 1),
(37, 45, 1),
(37, 46, 1),
(37, 47, 1),
(37, 48, 1),
(37, 49, 1),
(37, 50, 1),
(37, 51, 1),
(37, 52, 1),
(37, 53, 1),
(37, 54, 1),
(37, 55, 1),
(37, 56, 1),
(37, 57, 1),
(37, 58, 1),
(37, 59, 1),
(37, 60, 1),
(37, 61, 1),
(37, 92, 1),
(37, 93, 1),
(37, 94, 1),
(37, 95, 1),
(37, 96, 1),
(37, 97, 1),
(37, 98, 1),
(37, 99, 1),
(37, 100, 1),
(37, 101, 1),
(37, 102, 1),
(37, 103, 1),
(37, 104, 1),
(37, 105, 1),
(37, 106, 1),
(37, 107, 1),
(37, 108, 1),
(37, 109, 1),
(37, 110, 1),
(37, 111, 1),
(37, 112, 1),
(37, 113, 1),
(37, 114, 1),
(37, 115, 1),
(37, 116, 1),
(37, 117, 1),
(37, 118, 1),
(37, 119, 1),
(37, 120, 1),
(37, 121, 1),
(37, 122, 1),
(37, 123, 1),
(37, 124, 1),
(37, 125, 1),
(37, 126, 1),
(37, 127, 1),
(37, 128, 1),
(37, 129, 1),
(37, 130, 1),
(37, 131, 1),
(37, 132, 1),
(37, 133, 1),
(37, 134, 1),
(37, 135, 1),
(37, 136, 1),
(37, 137, 1),
(37, 138, 1),
(37, 139, 1),
(37, 140, 1),
(37, 141, 1),
(37, 142, 1),
(37, 143, 1),
(37, 144, 1),
(37, 145, 1),
(37, 146, 1),
(37, 147, 1),
(37, 148, 1),
(37, 149, 1),
(37, 150, 1),
(37, 151, 1),
(37, 152, 1),
(37, 153, 1),
(37, 154, 1),
(37, 159, 1),
(37, 160, 1),
(37, 161, 1),
(37, 162, 1),
(37, 163, 1),
(37, 164, 1),
(37, 165, 1),
(37, 166, 1),
(37, 167, 1),
(37, 168, 1),
(37, 169, 1),
(37, 170, 1),
(37, 171, 1),
(37, 176, 1),
(37, 177, 1),
(37, 178, 1),
(37, 179, 1),
(37, 180, 1),
(37, 181, 1),
(37, 182, 1),
(37, 183, 1),
(37, 184, 1),
(37, 190, 1),
(37, 191, 1),
(37, 192, 1),
(37, 193, 1),
(37, 194, 1),
(37, 195, 1),
(37, 196, 1),
(37, 197, 1),
(37, 198, 1),
(37, 199, 1),
(37, 200, 1),
(37, 201, 1),
(37, 202, 1),
(37, 203, 1),
(37, 204, 1),
(37, 205, 1),
(37, 206, 1),
(37, 207, 1),
(37, 208, 1),
(37, 209, 1),
(37, 210, 1),
(37, 211, 1),
(37, 212, 1),
(37, 213, 1),
(37, 214, 1),
(37, 215, 1),
(37, 216, 1),
(37, 217, 1),
(37, 218, 1),
(37, 220, 1),
(37, 221, 1),
(37, 222, 1),
(37, 223, 1),
(37, 224, 1),
(37, 225, 1),
(37, 226, 1),
(37, 227, 1),
(37, 228, 1),
(37, 229, 1),
(37, 230, 1),
(37, 231, 1),
(37, 232, 1),
(37, 233, 1),
(37, 234, 1),
(37, 235, 1),
(37, 236, 1),
(37, 237, 1),
(37, 238, 1),
(37, 239, 1),
(37, 240, 1),
(37, 241, 1),
(37, 242, 1),
(37, 243, 1),
(37, 244, 1),
(37, 245, 1),
(37, 246, 1),
(37, 247, 1),
(37, 248, 1),
(37, 249, 1),
(37, 250, 1),
(37, 251, 1),
(37, 252, 1),
(37, 253, 1),
(37, 254, 1),
(37, 255, 1),
(37, 256, 1),
(37, 257, 1),
(37, 258, 1),
(37, 259, 1),
(37, 260, 1),
(37, 261, 1),
(37, 262, 1),
(37, 263, 1),
(37, 264, 1),
(37, 265, 1),
(37, 266, 1),
(37, 267, 1),
(37, 268, 1),
(37, 269, 1),
(37, 270, 1),
(37, 271, 1),
(37, 272, 1),
(37, 273, 1),
(37, 274, 1),
(37, 275, 1),
(37, 276, 1),
(37, 277, 1),
(37, 278, 1),
(37, 279, 1),
(37, 280, 1),
(37, 281, 1),
(37, 282, 1),
(37, 283, 1),
(37, 284, 1),
(37, 285, 1),
(37, 286, 1),
(37, 287, 1),
(37, 288, 1),
(37, 289, 1),
(37, 290, 1),
(37, 291, 1),
(37, 292, 1),
(37, 293, 1),
(37, 294, 1),
(37, 295, 1),
(37, 296, 1),
(37, 297, 1),
(37, 298, 1),
(37, 299, 1),
(37, 300, 1),
(37, 301, 1),
(37, 302, 1),
(37, 303, 1),
(37, 304, 1),
(37, 305, 1),
(37, 306, 1),
(37, 307, 1),
(37, 308, 1),
(37, 309, 1),
(37, 310, 1),
(37, 311, 1),
(37, 312, 1),
(37, 313, 1),
(37, 314, 1),
(37, 315, 1),
(37, 316, 1),
(37, 317, 1),
(37, 318, 1),
(37, 319, 1),
(37, 320, 1),
(37, 321, 1),
(37, 322, 1),
(37, 323, 1),
(37, 324, 1),
(37, 325, 1),
(37, 326, 1),
(37, 354, 1),
(37, 355, 1),
(37, 356, 1),
(37, 362, 1),
(37, 363, 1),
(37, 364, 1),
(37, 365, 1),
(37, 376, 1),
(37, 378, 1),
(37, 379, 1),
(37, 380, 1),
(37, 381, 1),
(37, 382, 1),
(37, 383, 1),
(37, 384, 1),
(37, 385, 1),
(37, 386, 1),
(37, 387, 1),
(37, 388, 1),
(37, 389, 1),
(37, 390, 1),
(37, 391, 1),
(37, 392, 1),
(37, 393, 1),
(37, 394, 1),
(37, 395, 1),
(37, 396, 1),
(37, 397, 1),
(37, 398, 1),
(37, 399, 1),
(37, 400, 1),
(37, 401, 1),
(37, 402, 1),
(37, 403, 1),
(37, 404, 1),
(37, 405, 1),
(37, 406, 1),
(37, 407, 1),
(37, 408, 1),
(37, 411, 1),
(37, 412, 1),
(37, 413, 1),
(37, 414, 1),
(37, 415, 1),
(37, 416, 1),
(37, 417, 1),
(37, 418, 1),
(37, 419, 1),
(37, 420, 1),
(37, 421, 1),
(37, 486, 1),
(37, 487, 1),
(37, 488, 1),
(37, 489, 1),
(37, 490, 1),
(37, 491, 1),
(37, 492, 1),
(37, 493, 1),
(37, 494, 1),
(37, 495, 1),
(37, 496, 1),
(37, 497, 1),
(37, 498, 1),
(37, 499, 1),
(37, 500, 1),
(37, 501, 1),
(37, 502, 1),
(37, 503, 1),
(37, 504, 1),
(37, 505, 1),
(37, 506, 1),
(37, 507, 1),
(37, 508, 1),
(37, 509, 1),
(37, 510, 1),
(37, 511, 1),
(37, 512, 1),
(37, 513, 1),
(37, 514, 1),
(37, 515, 1),
(37, 516, 1),
(37, 517, 1),
(37, 530, 1),
(37, 531, 1),
(37, 532, 1),
(37, 533, 1),
(37, 534, 1),
(37, 535, 1),
(37, 536, 1),
(37, 537, 1),
(37, 538, 1),
(37, 539, 1),
(37, 540, 1),
(37, 541, 1),
(37, 543, 1),
(37, 544, 1),
(37, 545, 1),
(37, 546, 1),
(37, 547, 1),
(37, 548, 1),
(37, 549, 1),
(37, 550, 1),
(37, 551, 1),
(37, 552, 1),
(37, 553, 1),
(37, 554, 1),
(37, 555, 1),
(37, 556, 1),
(37, 557, 1),
(37, 558, 1),
(37, 559, 1),
(37, 560, 1),
(37, 561, 1),
(37, 562, 1),
(37, 563, 1),
(37, 564, 1),
(37, 565, 1),
(37, 566, 1),
(37, 567, 1),
(37, 568, 1),
(37, 569, 1),
(37, 570, 1),
(37, 571, 1),
(37, 572, 1),
(37, 573, 1),
(37, 574, 1),
(37, 575, 1),
(37, 576, 1),
(37, 577, 1),
(37, 578, 1),
(37, 579, 1),
(37, 580, 1),
(37, 581, 1),
(37, 582, 1),
(37, 583, 1),
(37, 584, 1),
(37, 585, 1),
(37, 586, 1),
(37, 587, 1),
(37, 588, 1),
(37, 589, 1),
(37, 590, 1),
(37, 591, 1),
(37, 592, 1),
(37, 593, 1),
(37, 594, 1),
(37, 595, 1),
(37, 596, 1),
(37, 597, 1),
(37, 598, 1),
(37, 599, 1),
(37, 600, 1),
(37, 601, 1),
(37, 602, 1),
(37, 603, 1),
(37, 604, 1),
(37, 605, 1),
(37, 606, 1),
(37, 607, 1),
(37, 608, 1),
(37, 609, 1),
(37, 610, 1),
(37, 611, 1),
(37, 612, 1),
(37, 613, 1),
(37, 614, 1),
(37, 615, 1),
(37, 616, 1),
(37, 617, 1),
(37, 618, 1),
(37, 619, 1),
(37, 620, 1),
(37, 621, 1),
(37, 626, 1),
(37, 649, 1),
(37, 650, 1),
(37, 651, 1),
(37, 652, 1),
(37, 653, 1),
(37, 654, 1),
(37, 655, 1),
(37, 656, 1),
(37, 657, 1),
(37, 658, 1),
(37, 659, 1),
(37, 660, 1),
(37, 661, 1),
(37, 662, 1),
(37, 663, 1),
(37, 664, 1),
(37, 665, 1),
(37, 666, 1),
(37, 667, 1),
(37, 668, 1),
(37, 669, 1),
(37, 670, 1),
(37, 671, 1),
(37, 672, 1),
(37, 673, 1),
(37, 674, 1),
(37, 675, 1),
(37, 676, 1),
(37, 677, 1),
(37, 678, 1),
(37, 679, 1),
(37, 680, 1),
(37, 681, 1),
(37, 682, 1),
(37, 683, 1),
(37, 684, 1),
(37, 685, 1),
(37, 686, 1),
(37, 687, 1),
(37, 688, 1),
(37, 689, 1),
(37, 690, 1),
(37, 691, 1),
(37, 692, 1),
(37, 693, 1),
(37, 694, 1),
(37, 695, 1),
(37, 696, 1),
(37, 697, 1),
(37, 698, 1),
(37, 699, 1),
(37, 700, 1),
(37, 701, 1),
(37, 702, 1),
(37, 703, 1),
(37, 704, 1),
(37, 705, 1),
(37, 706, 1),
(37, 707, 1),
(37, 708, 1),
(37, 709, 1),
(37, 710, 1),
(37, 711, 1),
(37, 712, 1),
(37, 713, 1),
(37, 714, 1),
(37, 715, 1),
(37, 716, 1),
(37, 717, 1),
(37, 718, 1),
(37, 719, 1),
(37, 720, 1),
(37, 721, 1),
(37, 722, 1),
(37, 723, 1),
(37, 724, 1),
(37, 725, 1),
(37, 726, 1),
(37, 727, 1),
(37, 728, 1),
(37, 729, 1),
(37, 730, 1),
(37, 731, 1),
(37, 732, 1),
(37, 733, 1),
(37, 734, 1),
(37, 735, 1),
(37, 736, 1),
(37, 737, 1),
(37, 738, 1),
(37, 739, 1),
(37, 740, 1),
(37, 741, 1),
(37, 742, 1),
(37, 743, 1),
(37, 744, 1),
(37, 745, 1),
(37, 746, 1),
(37, 747, 1),
(37, 748, 1),
(37, 749, 1),
(37, 750, 1),
(37, 751, 1),
(37, 752, 1),
(37, 753, 1),
(37, 754, 1),
(37, 755, 1),
(37, 756, 1),
(37, 757, 1),
(37, 758, 1),
(37, 759, 1),
(37, 760, 1),
(37, 761, 1),
(37, 762, 1),
(37, 763, 1),
(37, 764, 1),
(37, 765, 1),
(37, 766, 1),
(37, 767, 1),
(37, 768, 1),
(37, 769, 1),
(37, 770, 1),
(37, 771, 1),
(37, 772, 1),
(37, 773, 1),
(37, 774, 1),
(37, 775, 1),
(37, 776, 1),
(37, 777, 1),
(37, 778, 1),
(37, 779, 1),
(37, 780, 1),
(37, 781, 1),
(37, 782, 1),
(37, 783, 1),
(37, 784, 1),
(37, 785, 1),
(37, 786, 1),
(37, 787, 1),
(37, 788, 1),
(37, 789, 1),
(37, 790, 1),
(37, 791, 1),
(37, 792, 1),
(37, 793, 1),
(37, 794, 1),
(37, 795, 1),
(37, 796, 1),
(37, 797, 1),
(37, 798, 1),
(37, 799, 1),
(37, 800, 1),
(37, 801, 1),
(37, 802, 1),
(37, 803, 1),
(37, 804, 1),
(37, 805, 1),
(37, 806, 1),
(37, 807, 1),
(37, 808, 1),
(37, 809, 1),
(37, 810, 1),
(37, 811, 1),
(37, 812, 1),
(37, 813, 1),
(37, 814, 1),
(37, 815, 1),
(37, 816, 1),
(37, 817, 1),
(37, 818, 1),
(37, 819, 1),
(37, 820, 1),
(37, 821, 1),
(37, 822, 1),
(37, 823, 1),
(37, 824, 1),
(37, 825, 1),
(37, 826, 1),
(37, 827, 1),
(37, 828, 1),
(37, 829, 1),
(37, 830, 1),
(37, 831, 1),
(37, 832, 1),
(37, 833, 1),
(37, 834, 1),
(37, 835, 1),
(37, 836, 1),
(37, 837, 1),
(37, 838, 1),
(37, 839, 1),
(37, 840, 1),
(37, 841, 1),
(37, 842, 1),
(37, 843, 1),
(37, 844, 1),
(37, 845, 1),
(37, 846, 1),
(37, 847, 1),
(37, 848, 1),
(37, 849, 1),
(37, 850, 1),
(37, 851, 1),
(37, 852, 1),
(37, 853, 1),
(37, 854, 1),
(37, 855, 1),
(37, 856, 1),
(37, 861, 1),
(37, 862, 1),
(37, 863, 1),
(37, 864, 1),
(38, 242, 1),
(38, 387, 1),
(38, 388, 1),
(38, 389, 1),
(38, 390, 1),
(39, 42, 1),
(39, 43, 1),
(39, 44, 1),
(39, 45, 1),
(39, 46, 1),
(39, 47, 1),
(39, 48, 1),
(39, 49, 1),
(39, 50, 1),
(39, 51, 1),
(39, 52, 1),
(39, 53, 1),
(39, 54, 1),
(39, 55, 1),
(39, 56, 1),
(39, 57, 1),
(39, 58, 1),
(39, 59, 1),
(39, 60, 1),
(39, 61, 1),
(39, 151, 1),
(39, 152, 1),
(39, 153, 1),
(39, 154, 1),
(39, 242, 1),
(39, 243, 1),
(39, 244, 1),
(39, 245, 1),
(39, 246, 1),
(39, 853, 1),
(39, 854, 1),
(39, 855, 1),
(39, 856, 1),
(39, 861, 1),
(39, 862, 1),
(39, 863, 1),
(39, 864, 1),
(40, 242, 1),
(40, 247, 1),
(40, 248, 1),
(40, 249, 1),
(40, 250, 1),
(41, 42, 1),
(41, 43, 1),
(41, 44, 1),
(41, 45, 1),
(41, 46, 1),
(41, 47, 1),
(41, 48, 1),
(41, 49, 1),
(41, 50, 1),
(41, 51, 1),
(41, 52, 1),
(41, 53, 1),
(41, 54, 1),
(41, 55, 1),
(41, 56, 1),
(41, 57, 1),
(41, 58, 1),
(41, 59, 1),
(41, 60, 1),
(41, 61, 1),
(41, 242, 1),
(41, 243, 1),
(41, 244, 1),
(41, 245, 1),
(41, 246, 1),
(41, 717, 1),
(41, 718, 1),
(41, 719, 1),
(41, 720, 1),
(41, 721, 1),
(41, 722, 1),
(41, 723, 1),
(41, 724, 1),
(41, 725, 1),
(41, 726, 1),
(41, 727, 1),
(41, 728, 1),
(41, 729, 1),
(41, 730, 1),
(41, 731, 1),
(41, 732, 1),
(41, 733, 1),
(41, 734, 1),
(41, 735, 1),
(41, 736, 1),
(41, 737, 1),
(41, 738, 1),
(41, 739, 1),
(41, 740, 1),
(41, 741, 1),
(41, 742, 1),
(41, 743, 1),
(41, 744, 1),
(41, 745, 1),
(41, 746, 1),
(41, 747, 1),
(41, 748, 1),
(41, 749, 1),
(41, 750, 1),
(41, 751, 1),
(41, 752, 1),
(41, 753, 1),
(41, 754, 1),
(41, 755, 1),
(42, 733, 1),
(42, 734, 1),
(42, 736, 1),
(42, 737, 1),
(42, 742, 1),
(42, 744, 1),
(42, 745, 1),
(43, 242, 1),
(44, 1, 1),
(44, 2, 1),
(44, 3, 1),
(44, 4, 1),
(44, 5, 1),
(44, 6, 1),
(44, 7, 1),
(44, 8, 1),
(44, 9, 1),
(44, 10, 1),
(44, 11, 1),
(44, 12, 1),
(44, 13, 1),
(44, 14, 1),
(44, 15, 1),
(44, 16, 1),
(44, 17, 1),
(44, 18, 1),
(44, 19, 1),
(44, 20, 1),
(44, 21, 1),
(44, 22, 1),
(44, 23, 1),
(44, 24, 1),
(44, 25, 1),
(44, 26, 1),
(44, 27, 1),
(44, 28, 1),
(44, 29, 1),
(44, 30, 1),
(44, 31, 1),
(44, 32, 1),
(44, 33, 1),
(44, 34, 1),
(44, 35, 1),
(44, 36, 1),
(44, 37, 1),
(44, 38, 1),
(44, 39, 1),
(44, 40, 1),
(44, 41, 1),
(44, 42, 1),
(44, 43, 1),
(44, 44, 1),
(44, 45, 1),
(44, 46, 1),
(44, 47, 1),
(44, 48, 1),
(44, 49, 1),
(44, 50, 1),
(44, 51, 1),
(44, 52, 1),
(44, 53, 1),
(44, 54, 1),
(44, 55, 1),
(44, 56, 1),
(44, 57, 1),
(44, 58, 1),
(44, 59, 1),
(44, 60, 1),
(44, 61, 1),
(44, 92, 1),
(44, 93, 1),
(44, 94, 1),
(44, 95, 1),
(44, 96, 1),
(44, 97, 1),
(44, 98, 1),
(44, 99, 1),
(44, 100, 1),
(44, 101, 1),
(44, 102, 1),
(44, 103, 1),
(44, 104, 1),
(44, 105, 1),
(44, 106, 1),
(44, 107, 1),
(44, 108, 1),
(44, 109, 1),
(44, 110, 1),
(44, 111, 1),
(44, 112, 1),
(44, 113, 1),
(44, 114, 1),
(44, 115, 1),
(44, 116, 1),
(44, 117, 1),
(44, 118, 1),
(44, 119, 1),
(44, 120, 1),
(44, 121, 1),
(44, 122, 1),
(44, 123, 1),
(44, 124, 1),
(44, 125, 1),
(44, 126, 1),
(44, 127, 1),
(44, 128, 1),
(44, 129, 1),
(44, 130, 1),
(44, 131, 1),
(44, 132, 1),
(44, 133, 1),
(44, 134, 1),
(44, 135, 1),
(44, 136, 1),
(44, 137, 1),
(44, 138, 1),
(44, 139, 1),
(44, 140, 1),
(44, 141, 1),
(44, 142, 1),
(44, 143, 1),
(44, 144, 1),
(44, 145, 1),
(44, 146, 1),
(44, 147, 1),
(44, 148, 1),
(44, 149, 1),
(44, 150, 1),
(44, 151, 1),
(44, 152, 1),
(44, 153, 1),
(44, 154, 1),
(44, 159, 1),
(44, 160, 1),
(44, 161, 1),
(44, 162, 1),
(44, 163, 1),
(44, 164, 1),
(44, 165, 1),
(44, 166, 1),
(44, 167, 1),
(44, 168, 1),
(44, 169, 1),
(44, 170, 1),
(44, 171, 1),
(44, 176, 1),
(44, 177, 1),
(44, 178, 1),
(44, 179, 1),
(44, 180, 1),
(44, 181, 1),
(44, 182, 1),
(44, 183, 1),
(44, 184, 1),
(44, 190, 1),
(44, 191, 1),
(44, 192, 1),
(44, 193, 1),
(44, 194, 1),
(44, 195, 1),
(44, 196, 1),
(44, 197, 1),
(44, 198, 1),
(44, 199, 1),
(44, 200, 1),
(44, 201, 1),
(44, 202, 1),
(44, 203, 1),
(44, 204, 1),
(44, 205, 1),
(44, 206, 1),
(44, 207, 1),
(44, 208, 1),
(44, 209, 1),
(44, 210, 1),
(44, 211, 1),
(44, 212, 1),
(44, 213, 1),
(44, 214, 1),
(44, 215, 1),
(44, 216, 1),
(44, 217, 1),
(44, 218, 1),
(44, 220, 1),
(44, 221, 1),
(44, 222, 1),
(44, 223, 1),
(44, 224, 1),
(44, 225, 1),
(44, 226, 1),
(44, 227, 1),
(44, 228, 1),
(44, 229, 1),
(44, 230, 1),
(44, 231, 1),
(44, 232, 1),
(44, 233, 1),
(44, 234, 1),
(44, 235, 1),
(44, 236, 1),
(44, 237, 1),
(44, 238, 1),
(44, 239, 1),
(44, 240, 1),
(44, 241, 1),
(44, 242, 1),
(44, 243, 1),
(44, 244, 1),
(44, 245, 1),
(44, 246, 1),
(44, 247, 1),
(44, 248, 1),
(44, 249, 1),
(44, 250, 1),
(44, 251, 1),
(44, 252, 1),
(44, 253, 1),
(44, 254, 1),
(44, 255, 1),
(44, 256, 1),
(44, 257, 1),
(44, 258, 1),
(44, 259, 1),
(44, 260, 1),
(44, 261, 1),
(44, 262, 1),
(44, 263, 1),
(44, 264, 1),
(44, 265, 1),
(44, 266, 1),
(44, 267, 1),
(44, 268, 1),
(44, 269, 1),
(44, 270, 1),
(44, 271, 1),
(44, 272, 1),
(44, 273, 1),
(44, 274, 1),
(44, 275, 1),
(44, 276, 1),
(44, 277, 1),
(44, 278, 1),
(44, 279, 1),
(44, 280, 1),
(44, 281, 1),
(44, 282, 1),
(44, 283, 1),
(44, 284, 1),
(44, 285, 1),
(44, 286, 1),
(44, 287, 1),
(44, 288, 1),
(44, 289, 1),
(44, 290, 1),
(44, 291, 1),
(44, 292, 1),
(44, 293, 1),
(44, 294, 1),
(44, 295, 1),
(44, 296, 1),
(44, 297, 1),
(44, 298, 1),
(44, 299, 1),
(44, 300, 1),
(44, 301, 1),
(44, 302, 1),
(44, 303, 1),
(44, 304, 1),
(44, 305, 1),
(44, 306, 1),
(44, 307, 1),
(44, 308, 1),
(44, 309, 1),
(44, 310, 1),
(44, 311, 1),
(44, 312, 1),
(44, 313, 1),
(44, 314, 1),
(44, 315, 1),
(44, 316, 1),
(44, 317, 1),
(44, 318, 1),
(44, 319, 1),
(44, 320, 1),
(44, 321, 1),
(44, 322, 1),
(44, 323, 1),
(44, 324, 1),
(44, 325, 1),
(44, 326, 1),
(44, 354, 1),
(44, 355, 1),
(44, 356, 1),
(44, 362, 1),
(44, 363, 1),
(44, 364, 1),
(44, 365, 1),
(44, 376, 1),
(44, 378, 1),
(44, 379, 1),
(44, 380, 1),
(44, 381, 1),
(44, 382, 1),
(44, 383, 1),
(44, 384, 1),
(44, 385, 1),
(44, 386, 1),
(44, 387, 1),
(44, 388, 1),
(44, 389, 1),
(44, 390, 1),
(44, 391, 1),
(44, 392, 1),
(44, 393, 1),
(44, 394, 1),
(44, 395, 1),
(44, 396, 1),
(44, 397, 1),
(44, 398, 1),
(44, 399, 1),
(44, 400, 1),
(44, 401, 1),
(44, 402, 1),
(44, 403, 1),
(44, 404, 1),
(44, 405, 1),
(44, 406, 1),
(44, 407, 1),
(44, 408, 1),
(44, 411, 1),
(44, 412, 1),
(44, 413, 1),
(44, 414, 1),
(44, 415, 1),
(44, 416, 1),
(44, 417, 1),
(44, 418, 1),
(44, 419, 1),
(44, 420, 1),
(44, 421, 1),
(44, 486, 1),
(44, 487, 1),
(44, 488, 1),
(44, 489, 1),
(44, 490, 1),
(44, 491, 1),
(44, 492, 1),
(44, 493, 1),
(44, 494, 1),
(44, 495, 1),
(44, 496, 1),
(44, 497, 1),
(44, 498, 1),
(44, 499, 1),
(44, 500, 1),
(44, 501, 1),
(44, 502, 1),
(44, 503, 1),
(44, 504, 1),
(44, 505, 1),
(44, 506, 1),
(44, 507, 1),
(44, 508, 1),
(44, 509, 1),
(44, 510, 1),
(44, 511, 1),
(44, 512, 1),
(44, 513, 1),
(44, 514, 1),
(44, 515, 1),
(44, 516, 1),
(44, 517, 1),
(44, 530, 1),
(44, 531, 1),
(44, 532, 1),
(44, 533, 1),
(44, 534, 1),
(44, 535, 1),
(44, 536, 1),
(44, 537, 1),
(44, 538, 1),
(44, 539, 1),
(44, 540, 1),
(44, 541, 1),
(44, 543, 1),
(44, 544, 1),
(44, 545, 1),
(44, 546, 1),
(44, 547, 1),
(44, 548, 1),
(44, 549, 1),
(44, 550, 1),
(44, 551, 1),
(44, 552, 1),
(44, 553, 1),
(44, 554, 1),
(44, 555, 1),
(44, 556, 1),
(44, 557, 1),
(44, 558, 1),
(44, 559, 1),
(44, 560, 1),
(44, 561, 1),
(44, 562, 1),
(44, 563, 1),
(44, 564, 1),
(44, 565, 1),
(44, 566, 1),
(44, 567, 1),
(44, 568, 1),
(44, 569, 1),
(44, 570, 1),
(44, 571, 1),
(44, 572, 1),
(44, 573, 1),
(44, 574, 1),
(44, 575, 1),
(44, 576, 1),
(44, 577, 1),
(44, 578, 1),
(44, 579, 1),
(44, 580, 1),
(44, 581, 1),
(44, 582, 1),
(44, 583, 1),
(44, 584, 1),
(44, 585, 1),
(44, 586, 1),
(44, 587, 1),
(44, 588, 1),
(44, 589, 1),
(44, 590, 1),
(44, 591, 1),
(44, 592, 1),
(44, 593, 1),
(44, 594, 1),
(44, 595, 1),
(44, 596, 1),
(44, 597, 1),
(44, 598, 1),
(44, 599, 1),
(44, 600, 1),
(44, 601, 1),
(44, 602, 1),
(44, 603, 1),
(44, 604, 1),
(44, 605, 1),
(44, 606, 1),
(44, 607, 1),
(44, 608, 1),
(44, 609, 1),
(44, 610, 1),
(44, 611, 1),
(44, 612, 1),
(44, 613, 1),
(44, 614, 1),
(44, 615, 1),
(44, 616, 1),
(44, 617, 1),
(44, 618, 1),
(44, 619, 1),
(44, 620, 1),
(44, 621, 1),
(44, 626, 1),
(44, 649, 1),
(44, 650, 1),
(44, 651, 1),
(44, 652, 1),
(44, 653, 1),
(44, 654, 1),
(44, 655, 1),
(44, 656, 1),
(44, 657, 1),
(44, 658, 1),
(44, 659, 1),
(44, 660, 1),
(44, 661, 1),
(44, 662, 1),
(44, 663, 1),
(44, 664, 1),
(44, 665, 1),
(44, 666, 1),
(44, 667, 1),
(44, 668, 1),
(44, 669, 1),
(44, 670, 1),
(44, 671, 1),
(44, 672, 1),
(44, 673, 1),
(44, 674, 1),
(44, 675, 1),
(44, 676, 1),
(44, 677, 1),
(44, 678, 1),
(44, 679, 1),
(44, 680, 1),
(44, 681, 1),
(44, 682, 1),
(44, 683, 1),
(44, 684, 1),
(44, 685, 1),
(44, 686, 1),
(44, 687, 1),
(44, 688, 1),
(44, 689, 1),
(44, 690, 1),
(44, 691, 1),
(44, 692, 1),
(44, 693, 1),
(44, 694, 1),
(44, 695, 1),
(44, 696, 1),
(44, 697, 1),
(44, 698, 1),
(44, 699, 1),
(44, 700, 1),
(44, 701, 1),
(44, 702, 1),
(44, 703, 1),
(44, 704, 1),
(44, 705, 1),
(44, 706, 1),
(44, 707, 1),
(44, 708, 1),
(44, 709, 1),
(44, 710, 1),
(44, 711, 1),
(44, 712, 1),
(44, 713, 1),
(44, 714, 1),
(44, 715, 1),
(44, 716, 1),
(44, 717, 1),
(44, 718, 1),
(44, 719, 1),
(44, 720, 1),
(44, 721, 1),
(44, 722, 1),
(44, 723, 1),
(44, 724, 1),
(44, 725, 1),
(44, 726, 1),
(44, 727, 1),
(44, 728, 1),
(44, 729, 1),
(44, 730, 1),
(44, 731, 1),
(44, 732, 1),
(44, 733, 1),
(44, 734, 1),
(44, 735, 1),
(44, 736, 1),
(44, 737, 1),
(44, 738, 1),
(44, 739, 1),
(44, 740, 1),
(44, 741, 1),
(44, 742, 1),
(44, 743, 1),
(44, 744, 1),
(44, 745, 1),
(44, 746, 1),
(44, 747, 1),
(44, 748, 1),
(44, 749, 1),
(44, 750, 1),
(44, 751, 1),
(44, 752, 1),
(44, 753, 1),
(44, 754, 1),
(44, 755, 1),
(44, 756, 1),
(44, 757, 1),
(44, 758, 1),
(44, 759, 1),
(44, 760, 1),
(44, 761, 1),
(44, 762, 1),
(44, 763, 1),
(44, 764, 1),
(44, 765, 1),
(44, 766, 1),
(44, 767, 1),
(44, 768, 1),
(44, 769, 1),
(44, 770, 1),
(44, 771, 1),
(44, 772, 1),
(44, 773, 1),
(44, 774, 1),
(44, 775, 1),
(44, 776, 1),
(44, 777, 1),
(44, 778, 1),
(44, 779, 1),
(44, 780, 1),
(44, 781, 1),
(44, 782, 1),
(44, 783, 1),
(44, 784, 1),
(44, 785, 1),
(44, 786, 1),
(44, 787, 1),
(44, 788, 1),
(44, 789, 1),
(44, 790, 1),
(44, 791, 1),
(44, 792, 1),
(44, 793, 1),
(44, 794, 1),
(44, 795, 1),
(44, 796, 1),
(44, 797, 1),
(44, 798, 1),
(44, 799, 1),
(44, 800, 1),
(44, 801, 1),
(44, 802, 1),
(44, 803, 1),
(44, 804, 1),
(44, 805, 1),
(44, 806, 1),
(44, 807, 1),
(44, 808, 1),
(44, 809, 1),
(44, 810, 1),
(44, 811, 1),
(44, 812, 1),
(44, 813, 1),
(44, 814, 1),
(44, 815, 1),
(44, 816, 1),
(44, 817, 1),
(44, 818, 1),
(44, 819, 1),
(44, 820, 1),
(44, 821, 1),
(44, 822, 1),
(44, 823, 1),
(44, 824, 1),
(44, 825, 1),
(44, 826, 1),
(44, 827, 1),
(44, 828, 1),
(44, 829, 1),
(44, 830, 1),
(44, 831, 1),
(44, 832, 1),
(44, 833, 1),
(44, 834, 1),
(44, 835, 1),
(44, 836, 1),
(44, 837, 1),
(44, 838, 1),
(44, 839, 1),
(44, 840, 1),
(44, 841, 1),
(44, 842, 1),
(44, 843, 1),
(44, 844, 1),
(44, 845, 1),
(44, 846, 1),
(44, 847, 1),
(44, 848, 1),
(44, 849, 1),
(44, 850, 1),
(44, 851, 1),
(44, 852, 1),
(44, 853, 1),
(44, 854, 1),
(44, 855, 1),
(44, 856, 1),
(44, 861, 1),
(44, 862, 1),
(44, 863, 1),
(44, 864, 1),
(45, 242, 1),
(45, 387, 1),
(45, 388, 1),
(45, 389, 1),
(45, 390, 1),
(46, 42, 1),
(46, 43, 1),
(46, 44, 1),
(46, 45, 1),
(46, 46, 1),
(46, 47, 1),
(46, 48, 1),
(46, 49, 1),
(46, 50, 1),
(46, 51, 1),
(46, 52, 1),
(46, 53, 1),
(46, 54, 1),
(46, 55, 1),
(46, 56, 1),
(46, 57, 1),
(46, 58, 1),
(46, 59, 1),
(46, 60, 1),
(46, 61, 1),
(46, 151, 1),
(46, 152, 1),
(46, 153, 1),
(46, 154, 1),
(46, 242, 1),
(46, 243, 1),
(46, 244, 1),
(46, 245, 1),
(46, 246, 1),
(46, 853, 1),
(46, 854, 1),
(46, 855, 1),
(46, 856, 1),
(46, 861, 1),
(46, 862, 1),
(46, 863, 1),
(46, 864, 1),
(47, 242, 1),
(47, 247, 1),
(47, 248, 1),
(47, 249, 1),
(47, 250, 1),
(48, 42, 1),
(48, 43, 1),
(48, 44, 1),
(48, 45, 1),
(48, 46, 1),
(48, 47, 1),
(48, 48, 1),
(48, 49, 1),
(48, 50, 1),
(48, 51, 1),
(48, 52, 1),
(48, 53, 1),
(48, 54, 1),
(48, 55, 1),
(48, 56, 1),
(48, 57, 1),
(48, 58, 1),
(48, 59, 1),
(48, 60, 1),
(48, 61, 1),
(48, 242, 1),
(48, 243, 1),
(48, 244, 1),
(48, 245, 1),
(48, 246, 1),
(48, 717, 1),
(48, 718, 1),
(48, 719, 1),
(48, 720, 1),
(48, 721, 1),
(48, 722, 1),
(48, 723, 1),
(48, 724, 1),
(48, 725, 1),
(48, 726, 1),
(48, 727, 1),
(48, 728, 1),
(48, 729, 1),
(48, 730, 1),
(48, 731, 1),
(48, 732, 1),
(48, 733, 1),
(48, 734, 1),
(48, 735, 1),
(48, 736, 1),
(48, 737, 1),
(48, 738, 1),
(48, 739, 1),
(48, 740, 1),
(48, 741, 1),
(48, 742, 1),
(48, 743, 1),
(48, 744, 1),
(48, 745, 1),
(48, 746, 1),
(48, 747, 1),
(48, 748, 1),
(48, 749, 1),
(48, 750, 1),
(48, 751, 1),
(48, 752, 1),
(48, 753, 1),
(48, 754, 1),
(48, 755, 1),
(49, 733, 1),
(49, 734, 1),
(49, 736, 1),
(49, 737, 1),
(49, 742, 1),
(49, 744, 1),
(49, 745, 1),
(50, 242, 1),
(51, 1, 1),
(51, 2, 1),
(51, 3, 1),
(51, 4, 1),
(51, 5, 1),
(51, 6, 1),
(51, 7, 1),
(51, 8, 1),
(51, 9, 1),
(51, 10, 1),
(51, 11, 1),
(51, 12, 1),
(51, 13, 1),
(51, 14, 1),
(51, 15, 1),
(51, 16, 1),
(51, 17, 1),
(51, 18, 1),
(51, 19, 1),
(51, 20, 1),
(51, 21, 1),
(51, 22, 1),
(51, 23, 1),
(51, 24, 1),
(51, 25, 1),
(51, 26, 1),
(51, 27, 1),
(51, 28, 1),
(51, 29, 1),
(51, 30, 1),
(51, 31, 1),
(51, 32, 1),
(51, 33, 1),
(51, 34, 1),
(51, 35, 1),
(51, 36, 1),
(51, 37, 1),
(51, 38, 1),
(51, 39, 1),
(51, 40, 1),
(51, 41, 1),
(51, 42, 1),
(51, 43, 1),
(51, 44, 1),
(51, 45, 1),
(51, 46, 1),
(51, 47, 1),
(51, 48, 1),
(51, 49, 1),
(51, 50, 1),
(51, 51, 1),
(51, 52, 1),
(51, 53, 1),
(51, 54, 1),
(51, 55, 1),
(51, 56, 1),
(51, 57, 1),
(51, 58, 1),
(51, 59, 1),
(51, 60, 1),
(51, 61, 1),
(51, 92, 1),
(51, 93, 1),
(51, 94, 1),
(51, 95, 1),
(51, 96, 1),
(51, 97, 1),
(51, 98, 1),
(51, 99, 1),
(51, 100, 1),
(51, 101, 1),
(51, 102, 1),
(51, 103, 1),
(51, 104, 1),
(51, 105, 1),
(51, 106, 1),
(51, 107, 1),
(51, 108, 1),
(51, 109, 1),
(51, 110, 1),
(51, 111, 1),
(51, 112, 1),
(51, 113, 1),
(51, 114, 1),
(51, 115, 1),
(51, 116, 1),
(51, 117, 1),
(51, 118, 1),
(51, 119, 1),
(51, 120, 1),
(51, 121, 1),
(51, 122, 1),
(51, 123, 1),
(51, 124, 1),
(51, 125, 1),
(51, 126, 1),
(51, 127, 1),
(51, 128, 1),
(51, 129, 1),
(51, 130, 1),
(51, 131, 1),
(51, 132, 1),
(51, 133, 1),
(51, 134, 1),
(51, 135, 1),
(51, 136, 1),
(51, 137, 1),
(51, 138, 1),
(51, 139, 1),
(51, 140, 1),
(51, 141, 1),
(51, 142, 1),
(51, 143, 1),
(51, 144, 1),
(51, 145, 1),
(51, 146, 1),
(51, 147, 1),
(51, 148, 1),
(51, 149, 1),
(51, 150, 1),
(51, 151, 1),
(51, 152, 1),
(51, 153, 1),
(51, 154, 1),
(51, 159, 1),
(51, 160, 1),
(51, 161, 1),
(51, 162, 1),
(51, 163, 1),
(51, 164, 1),
(51, 165, 1),
(51, 166, 1),
(51, 167, 1),
(51, 168, 1),
(51, 169, 1),
(51, 170, 1),
(51, 171, 1),
(51, 176, 1),
(51, 177, 1),
(51, 178, 1),
(51, 179, 1),
(51, 180, 1),
(51, 181, 1),
(51, 182, 1),
(51, 183, 1),
(51, 184, 1),
(51, 190, 1),
(51, 191, 1),
(51, 192, 1),
(51, 193, 1),
(51, 194, 1),
(51, 195, 1),
(51, 196, 1),
(51, 197, 1),
(51, 198, 1),
(51, 199, 1),
(51, 200, 1),
(51, 201, 1),
(51, 202, 1),
(51, 203, 1),
(51, 204, 1),
(51, 205, 1),
(51, 206, 1),
(51, 207, 1),
(51, 208, 1),
(51, 209, 1),
(51, 210, 1),
(51, 211, 1),
(51, 212, 1),
(51, 213, 1),
(51, 214, 1),
(51, 215, 1),
(51, 216, 1),
(51, 217, 1),
(51, 218, 1),
(51, 220, 1),
(51, 221, 1),
(51, 222, 1),
(51, 223, 1),
(51, 224, 1),
(51, 225, 1),
(51, 226, 1),
(51, 227, 1),
(51, 228, 1),
(51, 229, 1),
(51, 230, 1),
(51, 231, 1),
(51, 232, 1),
(51, 233, 1),
(51, 234, 1),
(51, 235, 1),
(51, 236, 1),
(51, 237, 1),
(51, 238, 1),
(51, 239, 1),
(51, 240, 1),
(51, 241, 1),
(51, 242, 1),
(51, 243, 1),
(51, 244, 1),
(51, 245, 1),
(51, 246, 1),
(51, 247, 1),
(51, 248, 1),
(51, 249, 1),
(51, 250, 1),
(51, 251, 1),
(51, 252, 1),
(51, 253, 1),
(51, 254, 1),
(51, 255, 1),
(51, 256, 1),
(51, 257, 1),
(51, 258, 1),
(51, 259, 1),
(51, 260, 1),
(51, 261, 1),
(51, 262, 1),
(51, 263, 1),
(51, 264, 1),
(51, 265, 1),
(51, 266, 1),
(51, 267, 1),
(51, 268, 1),
(51, 269, 1),
(51, 270, 1),
(51, 271, 1),
(51, 272, 1),
(51, 273, 1),
(51, 274, 1),
(51, 275, 1),
(51, 276, 1),
(51, 277, 1),
(51, 278, 1),
(51, 279, 1),
(51, 280, 1),
(51, 281, 1),
(51, 282, 1),
(51, 283, 1),
(51, 284, 1),
(51, 285, 1),
(51, 286, 1),
(51, 287, 1),
(51, 288, 1);
INSERT INTO `role_permission` (`role_id`, `permission_id`, `value`) VALUES
(51, 289, 1),
(51, 290, 1),
(51, 291, 1),
(51, 292, 1),
(51, 293, 1),
(51, 294, 1),
(51, 295, 1),
(51, 296, 1),
(51, 297, 1),
(51, 298, 1),
(51, 299, 1),
(51, 300, 1),
(51, 301, 1),
(51, 302, 1),
(51, 303, 1),
(51, 304, 1),
(51, 305, 1),
(51, 306, 1),
(51, 307, 1),
(51, 308, 1),
(51, 309, 1),
(51, 310, 1),
(51, 311, 1),
(51, 312, 1),
(51, 313, 1),
(51, 314, 1),
(51, 315, 1),
(51, 316, 1),
(51, 317, 1),
(51, 318, 1),
(51, 319, 1),
(51, 320, 1),
(51, 321, 1),
(51, 322, 1),
(51, 323, 1),
(51, 324, 1),
(51, 325, 1),
(51, 326, 1),
(51, 354, 1),
(51, 355, 1),
(51, 356, 1),
(51, 362, 1),
(51, 363, 1),
(51, 364, 1),
(51, 365, 1),
(51, 376, 1),
(51, 378, 1),
(51, 379, 1),
(51, 380, 1),
(51, 381, 1),
(51, 382, 1),
(51, 383, 1),
(51, 384, 1),
(51, 385, 1),
(51, 386, 1),
(51, 387, 1),
(51, 388, 1),
(51, 389, 1),
(51, 390, 1),
(51, 391, 1),
(51, 392, 1),
(51, 393, 1),
(51, 394, 1),
(51, 395, 1),
(51, 396, 1),
(51, 397, 1),
(51, 398, 1),
(51, 399, 1),
(51, 400, 1),
(51, 401, 1),
(51, 402, 1),
(51, 403, 1),
(51, 404, 1),
(51, 405, 1),
(51, 406, 1),
(51, 407, 1),
(51, 408, 1),
(51, 411, 1),
(51, 412, 1),
(51, 413, 1),
(51, 414, 1),
(51, 415, 1),
(51, 416, 1),
(51, 417, 1),
(51, 418, 1),
(51, 419, 1),
(51, 420, 1),
(51, 421, 1),
(51, 486, 1),
(51, 487, 1),
(51, 488, 1),
(51, 489, 1),
(51, 490, 1),
(51, 491, 1),
(51, 492, 1),
(51, 493, 1),
(51, 494, 1),
(51, 495, 1),
(51, 496, 1),
(51, 497, 1),
(51, 498, 1),
(51, 499, 1),
(51, 500, 1),
(51, 501, 1),
(51, 502, 1),
(51, 503, 1),
(51, 504, 1),
(51, 505, 1),
(51, 506, 1),
(51, 507, 1),
(51, 508, 1),
(51, 509, 1),
(51, 510, 1),
(51, 511, 1),
(51, 512, 1),
(51, 513, 1),
(51, 514, 1),
(51, 515, 1),
(51, 516, 1),
(51, 517, 1),
(51, 530, 1),
(51, 531, 1),
(51, 532, 1),
(51, 533, 1),
(51, 534, 1),
(51, 535, 1),
(51, 536, 1),
(51, 537, 1),
(51, 538, 1),
(51, 539, 1),
(51, 540, 1),
(51, 541, 1),
(51, 543, 1),
(51, 544, 1),
(51, 545, 1),
(51, 546, 1),
(51, 547, 1),
(51, 548, 1),
(51, 549, 1),
(51, 550, 1),
(51, 551, 1),
(51, 552, 1),
(51, 553, 1),
(51, 554, 1),
(51, 555, 1),
(51, 556, 1),
(51, 557, 1),
(51, 558, 1),
(51, 559, 1),
(51, 560, 1),
(51, 561, 1),
(51, 562, 1),
(51, 563, 1),
(51, 564, 1),
(51, 565, 1),
(51, 566, 1),
(51, 567, 1),
(51, 568, 1),
(51, 569, 1),
(51, 570, 1),
(51, 571, 1),
(51, 572, 1),
(51, 573, 1),
(51, 574, 1),
(51, 575, 1),
(51, 576, 1),
(51, 577, 1),
(51, 578, 1),
(51, 579, 1),
(51, 580, 1),
(51, 581, 1),
(51, 582, 1),
(51, 583, 1),
(51, 584, 1),
(51, 585, 1),
(51, 586, 1),
(51, 587, 1),
(51, 588, 1),
(51, 589, 1),
(51, 590, 1),
(51, 591, 1),
(51, 592, 1),
(51, 593, 1),
(51, 594, 1),
(51, 595, 1),
(51, 596, 1),
(51, 597, 1),
(51, 598, 1),
(51, 599, 1),
(51, 600, 1),
(51, 601, 1),
(51, 602, 1),
(51, 603, 1),
(51, 604, 1),
(51, 605, 1),
(51, 606, 1),
(51, 607, 1),
(51, 608, 1),
(51, 609, 1),
(51, 610, 1),
(51, 611, 1),
(51, 612, 1),
(51, 613, 1),
(51, 614, 1),
(51, 615, 1),
(51, 616, 1),
(51, 617, 1),
(51, 618, 1),
(51, 619, 1),
(51, 620, 1),
(51, 621, 1),
(51, 626, 1),
(51, 649, 1),
(51, 650, 1),
(51, 651, 1),
(51, 652, 1),
(51, 653, 1),
(51, 654, 1),
(51, 655, 1),
(51, 656, 1),
(51, 657, 1),
(51, 658, 1),
(51, 659, 1),
(51, 660, 1),
(51, 661, 1),
(51, 662, 1),
(51, 663, 1),
(51, 664, 1),
(51, 665, 1),
(51, 666, 1),
(51, 667, 1),
(51, 668, 1),
(51, 669, 1),
(51, 670, 1),
(51, 671, 1),
(51, 672, 1),
(51, 673, 1),
(51, 674, 1),
(51, 675, 1),
(51, 676, 1),
(51, 677, 1),
(51, 678, 1),
(51, 679, 1),
(51, 680, 1),
(51, 681, 1),
(51, 682, 1),
(51, 683, 1),
(51, 684, 1),
(51, 685, 1),
(51, 686, 1),
(51, 687, 1),
(51, 688, 1),
(51, 689, 1),
(51, 690, 1),
(51, 691, 1),
(51, 692, 1),
(51, 693, 1),
(51, 694, 1),
(51, 695, 1),
(51, 696, 1),
(51, 697, 1),
(51, 698, 1),
(51, 699, 1),
(51, 700, 1),
(51, 701, 1),
(51, 702, 1),
(51, 703, 1),
(51, 704, 1),
(51, 705, 1),
(51, 706, 1),
(51, 707, 1),
(51, 708, 1),
(51, 709, 1),
(51, 710, 1),
(51, 711, 1),
(51, 712, 1),
(51, 713, 1),
(51, 714, 1),
(51, 715, 1),
(51, 716, 1),
(51, 717, 1),
(51, 718, 1),
(51, 719, 1),
(51, 720, 1),
(51, 721, 1),
(51, 722, 1),
(51, 723, 1),
(51, 724, 1),
(51, 725, 1),
(51, 726, 1),
(51, 727, 1),
(51, 728, 1),
(51, 729, 1),
(51, 730, 1),
(51, 731, 1),
(51, 732, 1),
(51, 733, 1),
(51, 734, 1),
(51, 735, 1),
(51, 736, 1),
(51, 737, 1),
(51, 738, 1),
(51, 739, 1),
(51, 740, 1),
(51, 741, 1),
(51, 742, 1),
(51, 743, 1),
(51, 744, 1),
(51, 745, 1),
(51, 746, 1),
(51, 747, 1),
(51, 748, 1),
(51, 749, 1),
(51, 750, 1),
(51, 751, 1),
(51, 752, 1),
(51, 753, 1),
(51, 754, 1),
(51, 755, 1),
(51, 756, 1),
(51, 757, 1),
(51, 758, 1),
(51, 759, 1),
(51, 760, 1),
(51, 761, 1),
(51, 762, 1),
(51, 763, 1),
(51, 764, 1),
(51, 765, 1),
(51, 766, 1),
(51, 767, 1),
(51, 768, 1),
(51, 769, 1),
(51, 770, 1),
(51, 771, 1),
(51, 772, 1),
(51, 773, 1),
(51, 774, 1),
(51, 775, 1),
(51, 776, 1),
(51, 777, 1),
(51, 778, 1),
(51, 779, 1),
(51, 780, 1),
(51, 781, 1),
(51, 782, 1),
(51, 783, 1),
(51, 784, 1),
(51, 785, 1),
(51, 786, 1),
(51, 787, 1),
(51, 788, 1),
(51, 789, 1),
(51, 790, 1),
(51, 791, 1),
(51, 792, 1),
(51, 793, 1),
(51, 794, 1),
(51, 795, 1),
(51, 796, 1),
(51, 797, 1),
(51, 798, 1),
(51, 799, 1),
(51, 800, 1),
(51, 801, 1),
(51, 802, 1),
(51, 803, 1),
(51, 804, 1),
(51, 805, 1),
(51, 806, 1),
(51, 807, 1),
(51, 808, 1),
(51, 809, 1),
(51, 810, 1),
(51, 811, 1),
(51, 812, 1),
(51, 813, 1),
(51, 814, 1),
(51, 815, 1),
(51, 816, 1),
(51, 817, 1),
(51, 818, 1),
(51, 819, 1),
(51, 820, 1),
(51, 821, 1),
(51, 822, 1),
(51, 823, 1),
(51, 824, 1),
(51, 825, 1),
(51, 826, 1),
(51, 827, 1),
(51, 828, 1),
(51, 829, 1),
(51, 830, 1),
(51, 831, 1),
(51, 832, 1),
(51, 833, 1),
(51, 834, 1),
(51, 835, 1),
(51, 836, 1),
(51, 837, 1),
(51, 838, 1),
(51, 839, 1),
(51, 840, 1),
(51, 841, 1),
(51, 842, 1),
(51, 843, 1),
(51, 844, 1),
(51, 845, 1),
(51, 846, 1),
(51, 847, 1),
(51, 848, 1),
(51, 849, 1),
(51, 850, 1),
(51, 851, 1),
(51, 852, 1),
(51, 853, 1),
(51, 854, 1),
(51, 855, 1),
(51, 856, 1),
(51, 861, 1),
(51, 862, 1),
(51, 863, 1),
(51, 864, 1),
(52, 242, 1),
(52, 387, 1),
(52, 388, 1),
(52, 389, 1),
(52, 390, 1),
(53, 42, 1),
(53, 43, 1),
(53, 44, 1),
(53, 45, 1),
(53, 46, 1),
(53, 47, 1),
(53, 48, 1),
(53, 49, 1),
(53, 50, 1),
(53, 51, 1),
(53, 52, 1),
(53, 53, 1),
(53, 54, 1),
(53, 55, 1),
(53, 56, 1),
(53, 57, 1),
(53, 58, 1),
(53, 59, 1),
(53, 60, 1),
(53, 61, 1),
(53, 151, 1),
(53, 152, 1),
(53, 153, 1),
(53, 154, 1),
(53, 242, 1),
(53, 243, 1),
(53, 244, 1),
(53, 245, 1),
(53, 246, 1),
(53, 853, 1),
(53, 854, 1),
(53, 855, 1),
(53, 856, 1),
(53, 861, 1),
(53, 862, 1),
(53, 863, 1),
(53, 864, 1),
(54, 242, 1),
(54, 247, 1),
(54, 248, 1),
(54, 249, 1),
(54, 250, 1),
(55, 42, 1),
(55, 43, 1),
(55, 44, 1),
(55, 45, 1),
(55, 46, 1),
(55, 47, 1),
(55, 48, 1),
(55, 49, 1),
(55, 50, 1),
(55, 51, 1),
(55, 52, 1),
(55, 53, 1),
(55, 54, 1),
(55, 55, 1),
(55, 56, 1),
(55, 57, 1),
(55, 58, 1),
(55, 59, 1),
(55, 60, 1),
(55, 61, 1),
(55, 242, 1),
(55, 243, 1),
(55, 244, 1),
(55, 245, 1),
(55, 246, 1),
(55, 717, 1),
(55, 718, 1),
(55, 719, 1),
(55, 720, 1),
(55, 721, 1),
(55, 722, 1),
(55, 723, 1),
(55, 724, 1),
(55, 725, 1),
(55, 726, 1),
(55, 727, 1),
(55, 728, 1),
(55, 729, 1),
(55, 730, 1),
(55, 731, 1),
(55, 732, 1),
(55, 733, 1),
(55, 734, 1),
(55, 735, 1),
(55, 736, 1),
(55, 737, 1),
(55, 738, 1),
(55, 739, 1),
(55, 740, 1),
(55, 741, 1),
(55, 742, 1),
(55, 743, 1),
(55, 744, 1),
(55, 745, 1),
(55, 746, 1),
(55, 747, 1),
(55, 748, 1),
(55, 749, 1),
(55, 750, 1),
(55, 751, 1),
(55, 752, 1),
(55, 753, 1),
(55, 754, 1),
(55, 755, 1),
(56, 733, 1),
(56, 734, 1),
(56, 736, 1),
(56, 737, 1),
(56, 742, 1),
(56, 744, 1),
(56, 745, 1),
(57, 242, 1),
(58, 1, 1),
(58, 2, 1),
(58, 3, 1),
(58, 4, 1),
(58, 5, 1),
(58, 6, 1),
(58, 7, 1),
(58, 8, 1),
(58, 9, 1),
(58, 10, 1),
(58, 11, 1),
(58, 12, 1),
(58, 13, 1),
(58, 14, 1),
(58, 15, 1),
(58, 16, 1),
(58, 17, 1),
(58, 18, 1),
(58, 19, 1),
(58, 20, 1),
(58, 21, 1),
(58, 22, 1),
(58, 23, 1),
(58, 24, 1),
(58, 25, 1),
(58, 26, 1),
(58, 27, 1),
(58, 28, 1),
(58, 29, 1),
(58, 30, 1),
(58, 31, 1),
(58, 32, 1),
(58, 33, 1),
(58, 34, 1),
(58, 35, 1),
(58, 36, 1),
(58, 37, 1),
(58, 38, 1),
(58, 39, 1),
(58, 40, 1),
(58, 41, 1),
(58, 42, 1),
(58, 43, 1),
(58, 44, 1),
(58, 45, 1),
(58, 46, 1),
(58, 47, 1),
(58, 48, 1),
(58, 49, 1),
(58, 50, 1),
(58, 51, 1),
(58, 52, 1),
(58, 53, 1),
(58, 54, 1),
(58, 55, 1),
(58, 56, 1),
(58, 57, 1),
(58, 58, 1),
(58, 59, 1),
(58, 60, 1),
(58, 61, 1),
(58, 92, 1),
(58, 93, 1),
(58, 94, 1),
(58, 95, 1),
(58, 96, 1),
(58, 97, 1),
(58, 98, 1),
(58, 99, 1),
(58, 100, 1),
(58, 101, 1),
(58, 102, 1),
(58, 103, 1),
(58, 104, 1),
(58, 105, 1),
(58, 106, 1),
(58, 107, 1),
(58, 108, 1),
(58, 109, 1),
(58, 110, 1),
(58, 111, 1),
(58, 112, 1),
(58, 113, 1),
(58, 114, 1),
(58, 115, 1),
(58, 116, 1),
(58, 117, 1),
(58, 118, 1),
(58, 119, 1),
(58, 120, 1),
(58, 121, 1),
(58, 122, 1),
(58, 123, 1),
(58, 124, 1),
(58, 125, 1),
(58, 126, 1),
(58, 127, 1),
(58, 128, 1),
(58, 129, 1),
(58, 130, 1),
(58, 131, 1),
(58, 132, 1),
(58, 133, 1),
(58, 134, 1),
(58, 135, 1),
(58, 136, 1),
(58, 137, 1),
(58, 138, 1),
(58, 139, 1),
(58, 140, 1),
(58, 141, 1),
(58, 142, 1),
(58, 143, 1),
(58, 144, 1),
(58, 145, 1),
(58, 146, 1),
(58, 147, 1),
(58, 148, 1),
(58, 149, 1),
(58, 150, 1),
(58, 151, 1),
(58, 152, 1),
(58, 153, 1),
(58, 154, 1),
(58, 159, 1),
(58, 160, 1),
(58, 161, 1),
(58, 162, 1),
(58, 163, 1),
(58, 164, 1),
(58, 165, 1),
(58, 166, 1),
(58, 167, 1),
(58, 168, 1),
(58, 169, 1),
(58, 170, 1),
(58, 171, 1),
(58, 176, 1),
(58, 177, 1),
(58, 178, 1),
(58, 179, 1),
(58, 180, 1),
(58, 181, 1),
(58, 182, 1),
(58, 183, 1),
(58, 184, 1),
(58, 190, 1),
(58, 191, 1),
(58, 192, 1),
(58, 193, 1),
(58, 194, 1),
(58, 195, 1),
(58, 196, 1),
(58, 197, 1),
(58, 198, 1),
(58, 199, 1),
(58, 200, 1),
(58, 201, 1),
(58, 202, 1),
(58, 203, 1),
(58, 204, 1),
(58, 205, 1),
(58, 206, 1),
(58, 207, 1),
(58, 208, 1),
(58, 209, 1),
(58, 210, 1),
(58, 211, 1),
(58, 212, 1),
(58, 213, 1),
(58, 214, 1),
(58, 215, 1),
(58, 216, 1),
(58, 217, 1),
(58, 218, 1),
(58, 220, 1),
(58, 221, 1),
(58, 222, 1),
(58, 223, 1),
(58, 224, 1),
(58, 225, 1),
(58, 226, 1),
(58, 227, 1),
(58, 228, 1),
(58, 229, 1),
(58, 230, 1),
(58, 231, 1),
(58, 232, 1),
(58, 233, 1),
(58, 234, 1),
(58, 235, 1),
(58, 236, 1),
(58, 237, 1),
(58, 238, 1),
(58, 239, 1),
(58, 240, 1),
(58, 241, 1),
(58, 242, 1),
(58, 243, 1),
(58, 244, 1),
(58, 245, 1),
(58, 246, 1),
(58, 247, 1),
(58, 248, 1),
(58, 249, 1),
(58, 250, 1),
(58, 251, 1),
(58, 252, 1),
(58, 253, 1),
(58, 254, 1),
(58, 255, 1),
(58, 256, 1),
(58, 257, 1),
(58, 258, 1),
(58, 259, 1),
(58, 260, 1),
(58, 261, 1),
(58, 262, 1),
(58, 263, 1),
(58, 264, 1),
(58, 265, 1),
(58, 266, 1),
(58, 267, 1),
(58, 268, 1),
(58, 269, 1),
(58, 270, 1),
(58, 271, 1),
(58, 272, 1),
(58, 273, 1),
(58, 274, 1),
(58, 275, 1),
(58, 276, 1),
(58, 277, 1),
(58, 278, 1),
(58, 279, 1),
(58, 280, 1),
(58, 281, 1),
(58, 282, 1),
(58, 283, 1),
(58, 284, 1),
(58, 285, 1),
(58, 286, 1),
(58, 287, 1),
(58, 288, 1),
(58, 289, 1),
(58, 290, 1),
(58, 291, 1),
(58, 292, 1),
(58, 293, 1),
(58, 294, 1),
(58, 295, 1),
(58, 296, 1),
(58, 297, 1),
(58, 298, 1),
(58, 299, 1),
(58, 300, 1),
(58, 301, 1),
(58, 302, 1),
(58, 303, 1),
(58, 304, 1),
(58, 305, 1),
(58, 306, 1),
(58, 307, 1),
(58, 308, 1),
(58, 309, 1),
(58, 310, 1),
(58, 311, 1),
(58, 312, 1),
(58, 313, 1),
(58, 314, 1),
(58, 315, 1),
(58, 316, 1),
(58, 317, 1),
(58, 318, 1),
(58, 319, 1),
(58, 320, 1),
(58, 321, 1),
(58, 322, 1),
(58, 323, 1),
(58, 324, 1),
(58, 325, 1),
(58, 326, 1),
(58, 354, 1),
(58, 355, 1),
(58, 356, 1),
(58, 362, 1),
(58, 363, 1),
(58, 364, 1),
(58, 365, 1),
(58, 376, 1),
(58, 378, 1),
(58, 379, 1),
(58, 380, 1),
(58, 381, 1),
(58, 382, 1),
(58, 383, 1),
(58, 384, 1),
(58, 385, 1),
(58, 386, 1),
(58, 387, 1),
(58, 388, 1),
(58, 389, 1),
(58, 390, 1),
(58, 391, 1),
(58, 392, 1),
(58, 393, 1),
(58, 394, 1),
(58, 395, 1),
(58, 396, 1),
(58, 397, 1),
(58, 398, 1),
(58, 399, 1),
(58, 400, 1),
(58, 401, 1),
(58, 402, 1),
(58, 403, 1),
(58, 404, 1),
(58, 405, 1),
(58, 406, 1),
(58, 407, 1),
(58, 408, 1),
(58, 411, 1),
(58, 412, 1),
(58, 413, 1),
(58, 414, 1),
(58, 415, 1),
(58, 416, 1),
(58, 417, 1),
(58, 418, 1),
(58, 419, 1),
(58, 420, 1),
(58, 421, 1),
(58, 486, 1),
(58, 487, 1),
(58, 488, 1),
(58, 489, 1),
(58, 490, 1),
(58, 491, 1),
(58, 492, 1),
(58, 493, 1),
(58, 494, 1),
(58, 495, 1),
(58, 496, 1),
(58, 497, 1),
(58, 498, 1),
(58, 499, 1),
(58, 500, 1),
(58, 501, 1),
(58, 502, 1),
(58, 503, 1),
(58, 504, 1),
(58, 505, 1),
(58, 506, 1),
(58, 507, 1),
(58, 508, 1),
(58, 509, 1),
(58, 510, 1),
(58, 511, 1),
(58, 512, 1),
(58, 513, 1),
(58, 514, 1),
(58, 515, 1),
(58, 516, 1),
(58, 517, 1),
(58, 530, 1),
(58, 531, 1),
(58, 532, 1),
(58, 533, 1),
(58, 534, 1),
(58, 535, 1),
(58, 536, 1),
(58, 537, 1),
(58, 538, 1),
(58, 539, 1),
(58, 540, 1),
(58, 541, 1),
(58, 543, 1),
(58, 544, 1),
(58, 545, 1),
(58, 546, 1),
(58, 547, 1),
(58, 548, 1),
(58, 549, 1),
(58, 550, 1),
(58, 551, 1),
(58, 552, 1),
(58, 553, 1),
(58, 554, 1),
(58, 555, 1),
(58, 556, 1),
(58, 557, 1),
(58, 558, 1),
(58, 559, 1),
(58, 560, 1),
(58, 561, 1),
(58, 562, 1),
(58, 563, 1),
(58, 564, 1),
(58, 565, 1),
(58, 566, 1),
(58, 567, 1),
(58, 568, 1),
(58, 569, 1),
(58, 570, 1),
(58, 571, 1),
(58, 572, 1),
(58, 573, 1),
(58, 574, 1),
(58, 575, 1),
(58, 576, 1),
(58, 577, 1),
(58, 578, 1),
(58, 579, 1),
(58, 580, 1),
(58, 581, 1),
(58, 582, 1),
(58, 583, 1),
(58, 584, 1),
(58, 585, 1),
(58, 586, 1),
(58, 587, 1),
(58, 588, 1),
(58, 589, 1),
(58, 590, 1),
(58, 591, 1),
(58, 592, 1),
(58, 593, 1),
(58, 594, 1),
(58, 595, 1),
(58, 596, 1),
(58, 597, 1),
(58, 598, 1),
(58, 599, 1),
(58, 600, 1),
(58, 601, 1),
(58, 602, 1),
(58, 603, 1),
(58, 604, 1),
(58, 605, 1),
(58, 606, 1),
(58, 607, 1),
(58, 608, 1),
(58, 609, 1),
(58, 610, 1),
(58, 611, 1),
(58, 612, 1),
(58, 613, 1),
(58, 614, 1),
(58, 615, 1),
(58, 616, 1),
(58, 617, 1),
(58, 618, 1),
(58, 619, 1),
(58, 620, 1),
(58, 621, 1),
(58, 626, 1),
(58, 649, 1),
(58, 650, 1),
(58, 651, 1),
(58, 652, 1),
(58, 653, 1),
(58, 654, 1),
(58, 655, 1),
(58, 656, 1),
(58, 657, 1),
(58, 658, 1),
(58, 659, 1),
(58, 660, 1),
(58, 661, 1),
(58, 662, 1),
(58, 663, 1),
(58, 664, 1),
(58, 665, 1),
(58, 666, 1),
(58, 667, 1),
(58, 668, 1),
(58, 669, 1),
(58, 670, 1),
(58, 671, 1),
(58, 672, 1),
(58, 673, 1),
(58, 674, 1),
(58, 675, 1),
(58, 676, 1),
(58, 677, 1),
(58, 678, 1),
(58, 679, 1),
(58, 680, 1),
(58, 681, 1),
(58, 682, 1),
(58, 683, 1),
(58, 684, 1),
(58, 685, 1),
(58, 686, 1),
(58, 687, 1),
(58, 688, 1),
(58, 689, 1),
(58, 690, 1),
(58, 691, 1),
(58, 692, 1),
(58, 693, 1),
(58, 694, 1),
(58, 695, 1),
(58, 696, 1),
(58, 697, 1),
(58, 698, 1),
(58, 699, 1),
(58, 700, 1),
(58, 701, 1),
(58, 702, 1),
(58, 703, 1),
(58, 704, 1),
(58, 705, 1),
(58, 706, 1),
(58, 707, 1),
(58, 708, 1),
(58, 709, 1),
(58, 710, 1),
(58, 711, 1),
(58, 712, 1),
(58, 713, 1),
(58, 714, 1),
(58, 715, 1),
(58, 716, 1),
(58, 717, 1),
(58, 718, 1),
(58, 719, 1),
(58, 720, 1),
(58, 721, 1),
(58, 722, 1),
(58, 723, 1),
(58, 724, 1),
(58, 725, 1),
(58, 726, 1),
(58, 727, 1),
(58, 728, 1),
(58, 729, 1),
(58, 730, 1),
(58, 731, 1),
(58, 732, 1),
(58, 733, 1),
(58, 734, 1),
(58, 735, 1),
(58, 736, 1),
(58, 737, 1),
(58, 738, 1),
(58, 739, 1),
(58, 740, 1),
(58, 741, 1),
(58, 742, 1),
(58, 743, 1),
(58, 744, 1),
(58, 745, 1),
(58, 746, 1),
(58, 747, 1),
(58, 748, 1),
(58, 749, 1),
(58, 750, 1),
(58, 751, 1),
(58, 752, 1),
(58, 753, 1),
(58, 754, 1),
(58, 755, 1),
(58, 756, 1),
(58, 757, 1),
(58, 758, 1),
(58, 759, 1),
(58, 760, 1),
(58, 761, 1),
(58, 762, 1),
(58, 763, 1),
(58, 764, 1),
(58, 765, 1),
(58, 766, 1),
(58, 767, 1),
(58, 768, 1),
(58, 769, 1),
(58, 770, 1),
(58, 771, 1),
(58, 772, 1),
(58, 773, 1),
(58, 774, 1),
(58, 775, 1),
(58, 776, 1),
(58, 777, 1),
(58, 778, 1),
(58, 779, 1),
(58, 780, 1),
(58, 781, 1),
(58, 782, 1),
(58, 783, 1),
(58, 784, 1),
(58, 785, 1),
(58, 786, 1),
(58, 787, 1),
(58, 788, 1),
(58, 789, 1),
(58, 790, 1),
(58, 791, 1),
(58, 792, 1),
(58, 793, 1),
(58, 794, 1),
(58, 795, 1),
(58, 796, 1),
(58, 797, 1),
(58, 798, 1),
(58, 799, 1),
(58, 800, 1),
(58, 801, 1),
(58, 802, 1),
(58, 803, 1),
(58, 804, 1),
(58, 805, 1),
(58, 806, 1),
(58, 807, 1),
(58, 808, 1),
(58, 809, 1),
(58, 810, 1),
(58, 811, 1),
(58, 812, 1),
(58, 813, 1),
(58, 814, 1),
(58, 815, 1),
(58, 816, 1),
(58, 817, 1),
(58, 818, 1),
(58, 819, 1),
(58, 820, 1),
(58, 821, 1),
(58, 822, 1),
(58, 823, 1),
(58, 824, 1),
(58, 825, 1),
(58, 826, 1),
(58, 827, 1),
(58, 828, 1),
(58, 829, 1),
(58, 830, 1),
(58, 831, 1),
(58, 832, 1),
(58, 833, 1),
(58, 834, 1),
(58, 835, 1),
(58, 836, 1),
(58, 837, 1),
(58, 838, 1),
(58, 839, 1),
(58, 840, 1),
(58, 841, 1),
(58, 842, 1),
(58, 843, 1),
(58, 844, 1),
(58, 845, 1),
(58, 846, 1),
(58, 847, 1),
(58, 848, 1),
(58, 849, 1),
(58, 850, 1),
(58, 851, 1),
(58, 852, 1),
(58, 853, 1),
(58, 854, 1),
(58, 855, 1),
(58, 856, 1),
(58, 861, 1),
(58, 862, 1),
(58, 863, 1),
(58, 864, 1),
(59, 242, 1),
(59, 387, 1),
(59, 388, 1),
(59, 389, 1),
(59, 390, 1),
(60, 42, 1),
(60, 43, 1),
(60, 44, 1),
(60, 45, 1),
(60, 46, 1),
(60, 47, 1),
(60, 48, 1),
(60, 49, 1),
(60, 50, 1),
(60, 51, 1),
(60, 52, 1),
(60, 53, 1),
(60, 54, 1),
(60, 55, 1),
(60, 56, 1),
(60, 57, 1),
(60, 58, 1),
(60, 59, 1),
(60, 60, 1),
(60, 61, 1),
(60, 151, 1),
(60, 152, 1),
(60, 153, 1),
(60, 154, 1),
(60, 242, 1),
(60, 243, 1),
(60, 244, 1),
(60, 245, 1),
(60, 246, 1),
(60, 853, 1),
(60, 854, 1),
(60, 855, 1),
(60, 856, 1),
(60, 861, 1),
(60, 862, 1),
(60, 863, 1),
(60, 864, 1),
(61, 242, 1),
(61, 247, 1),
(61, 248, 1),
(61, 249, 1),
(61, 250, 1),
(62, 42, 1),
(62, 43, 1),
(62, 44, 1),
(62, 45, 1),
(62, 46, 1),
(62, 47, 1),
(62, 48, 1),
(62, 49, 1),
(62, 50, 1),
(62, 51, 1),
(62, 52, 1),
(62, 53, 1),
(62, 54, 1),
(62, 55, 1),
(62, 56, 1),
(62, 57, 1),
(62, 58, 1),
(62, 59, 1),
(62, 60, 1),
(62, 61, 1),
(62, 242, 1),
(62, 243, 1),
(62, 244, 1),
(62, 245, 1),
(62, 246, 1),
(62, 717, 1),
(62, 718, 1),
(62, 719, 1),
(62, 720, 1),
(62, 721, 1),
(62, 722, 1),
(62, 723, 1),
(62, 724, 1),
(62, 725, 1),
(62, 726, 1),
(62, 727, 1),
(62, 728, 1),
(62, 729, 1),
(62, 730, 1),
(62, 731, 1),
(62, 732, 1),
(62, 733, 1),
(62, 734, 1),
(62, 735, 1),
(62, 736, 1),
(62, 737, 1),
(62, 738, 1),
(62, 739, 1),
(62, 740, 1),
(62, 741, 1),
(62, 742, 1),
(62, 743, 1),
(62, 744, 1),
(62, 745, 1),
(62, 746, 1),
(62, 747, 1),
(62, 748, 1),
(62, 749, 1),
(62, 750, 1),
(62, 751, 1),
(62, 752, 1),
(62, 753, 1),
(62, 754, 1),
(62, 755, 1),
(63, 733, 1),
(63, 734, 1),
(63, 736, 1),
(63, 737, 1),
(63, 742, 1),
(63, 744, 1),
(63, 745, 1),
(64, 242, 1),
(65, 1, 1),
(65, 2, 1),
(65, 3, 1),
(65, 4, 1),
(65, 5, 1),
(65, 6, 1),
(65, 7, 1),
(65, 8, 1),
(65, 9, 1),
(65, 10, 1),
(65, 11, 1),
(65, 12, 1),
(65, 13, 1),
(65, 14, 1),
(65, 15, 1),
(65, 16, 1),
(65, 17, 1),
(65, 18, 1),
(65, 19, 1),
(65, 20, 1),
(65, 21, 1),
(65, 22, 1),
(65, 23, 1),
(65, 24, 1),
(65, 25, 1),
(65, 26, 1),
(65, 27, 1),
(65, 28, 1),
(65, 29, 1),
(65, 30, 1),
(65, 31, 1),
(65, 32, 1),
(65, 33, 1),
(65, 34, 1),
(65, 35, 1),
(65, 36, 1),
(65, 37, 1),
(65, 38, 1),
(65, 39, 1),
(65, 40, 1),
(65, 41, 1),
(65, 42, 1),
(65, 43, 1),
(65, 44, 1),
(65, 45, 1),
(65, 46, 1),
(65, 47, 1),
(65, 48, 1),
(65, 49, 1),
(65, 50, 1),
(65, 51, 1),
(65, 52, 1),
(65, 53, 1),
(65, 54, 1),
(65, 55, 1),
(65, 56, 1),
(65, 57, 1),
(65, 58, 1),
(65, 59, 1),
(65, 60, 1),
(65, 61, 1),
(65, 92, 1),
(65, 93, 1),
(65, 94, 1),
(65, 95, 1),
(65, 96, 1),
(65, 97, 1),
(65, 98, 1),
(65, 99, 1),
(65, 100, 1),
(65, 101, 1),
(65, 102, 1),
(65, 103, 1),
(65, 104, 1),
(65, 105, 1),
(65, 106, 1),
(65, 107, 1),
(65, 108, 1),
(65, 109, 1),
(65, 110, 1),
(65, 111, 1),
(65, 112, 1),
(65, 113, 1),
(65, 114, 1),
(65, 115, 1),
(65, 116, 1),
(65, 117, 1),
(65, 118, 1),
(65, 119, 1),
(65, 120, 1),
(65, 121, 1),
(65, 122, 1),
(65, 123, 1),
(65, 124, 1),
(65, 125, 1),
(65, 126, 1),
(65, 127, 1),
(65, 128, 1),
(65, 129, 1),
(65, 130, 1),
(65, 131, 1),
(65, 132, 1),
(65, 133, 1),
(65, 134, 1),
(65, 135, 1),
(65, 136, 1),
(65, 137, 1),
(65, 138, 1),
(65, 139, 1),
(65, 140, 1),
(65, 141, 1),
(65, 142, 1),
(65, 143, 1),
(65, 144, 1),
(65, 145, 1),
(65, 146, 1),
(65, 147, 1),
(65, 148, 1),
(65, 149, 1),
(65, 150, 1),
(65, 151, 1),
(65, 152, 1),
(65, 153, 1),
(65, 154, 1),
(65, 159, 1),
(65, 160, 1),
(65, 161, 1),
(65, 162, 1),
(65, 163, 1),
(65, 164, 1),
(65, 165, 1),
(65, 166, 1),
(65, 167, 1),
(65, 168, 1),
(65, 169, 1),
(65, 170, 1),
(65, 171, 1),
(65, 176, 1),
(65, 177, 1),
(65, 178, 1),
(65, 179, 1),
(65, 180, 1),
(65, 181, 1),
(65, 182, 1),
(65, 183, 1),
(65, 184, 1),
(65, 190, 1),
(65, 191, 1),
(65, 192, 1),
(65, 193, 1),
(65, 194, 1),
(65, 195, 1),
(65, 196, 1),
(65, 197, 1),
(65, 198, 1),
(65, 199, 1),
(65, 200, 1),
(65, 201, 1),
(65, 202, 1),
(65, 203, 1),
(65, 204, 1),
(65, 205, 1),
(65, 206, 1),
(65, 207, 1),
(65, 208, 1),
(65, 209, 1),
(65, 210, 1),
(65, 211, 1),
(65, 212, 1),
(65, 213, 1),
(65, 214, 1),
(65, 215, 1),
(65, 216, 1),
(65, 217, 1),
(65, 218, 1),
(65, 220, 1),
(65, 221, 1),
(65, 222, 1),
(65, 223, 1),
(65, 224, 1),
(65, 225, 1),
(65, 226, 1),
(65, 227, 1),
(65, 228, 1),
(65, 229, 1),
(65, 230, 1),
(65, 231, 1),
(65, 232, 1),
(65, 233, 1),
(65, 234, 1),
(65, 235, 1),
(65, 236, 1),
(65, 237, 1),
(65, 238, 1),
(65, 239, 1),
(65, 240, 1),
(65, 241, 1),
(65, 242, 1),
(65, 243, 1),
(65, 244, 1),
(65, 245, 1),
(65, 246, 1),
(65, 247, 1),
(65, 248, 1),
(65, 249, 1),
(65, 250, 1),
(65, 251, 1),
(65, 252, 1),
(65, 253, 1),
(65, 254, 1),
(65, 255, 1),
(65, 256, 1),
(65, 257, 1),
(65, 258, 1),
(65, 259, 1),
(65, 260, 1),
(65, 261, 1),
(65, 262, 1),
(65, 263, 1),
(65, 264, 1),
(65, 265, 1),
(65, 266, 1),
(65, 267, 1),
(65, 268, 1),
(65, 269, 1),
(65, 270, 1),
(65, 271, 1),
(65, 272, 1),
(65, 273, 1),
(65, 274, 1),
(65, 275, 1),
(65, 276, 1),
(65, 277, 1),
(65, 278, 1),
(65, 279, 1),
(65, 280, 1),
(65, 281, 1),
(65, 282, 1),
(65, 283, 1),
(65, 284, 1),
(65, 285, 1),
(65, 286, 1),
(65, 287, 1),
(65, 288, 1),
(65, 289, 1),
(65, 290, 1),
(65, 291, 1),
(65, 292, 1),
(65, 293, 1),
(65, 294, 1),
(65, 295, 1),
(65, 296, 1),
(65, 297, 1),
(65, 298, 1),
(65, 299, 1),
(65, 300, 1),
(65, 301, 1),
(65, 302, 1),
(65, 303, 1),
(65, 304, 1),
(65, 305, 1),
(65, 306, 1),
(65, 307, 1),
(65, 308, 1),
(65, 309, 1),
(65, 310, 1),
(65, 311, 1),
(65, 312, 1),
(65, 313, 1),
(65, 314, 1),
(65, 315, 1),
(65, 316, 1),
(65, 317, 1),
(65, 318, 1),
(65, 319, 1),
(65, 320, 1),
(65, 321, 1),
(65, 322, 1),
(65, 323, 1),
(65, 324, 1),
(65, 325, 1),
(65, 326, 1),
(65, 354, 1),
(65, 355, 1),
(65, 356, 1),
(65, 362, 1),
(65, 363, 1),
(65, 364, 1),
(65, 365, 1),
(65, 376, 1),
(65, 378, 1),
(65, 379, 1),
(65, 380, 1),
(65, 381, 1),
(65, 382, 1),
(65, 383, 1),
(65, 384, 1),
(65, 385, 1),
(65, 386, 1),
(65, 387, 1),
(65, 388, 1),
(65, 389, 1),
(65, 390, 1),
(65, 391, 1),
(65, 392, 1),
(65, 393, 1),
(65, 394, 1),
(65, 395, 1),
(65, 396, 1),
(65, 397, 1),
(65, 398, 1),
(65, 399, 1),
(65, 400, 1),
(65, 401, 1),
(65, 402, 1),
(65, 403, 1),
(65, 404, 1),
(65, 405, 1),
(65, 406, 1),
(65, 407, 1),
(65, 408, 1),
(65, 411, 1),
(65, 412, 1),
(65, 413, 1),
(65, 414, 1),
(65, 415, 1),
(65, 416, 1),
(65, 417, 1),
(65, 418, 1),
(65, 419, 1),
(65, 420, 1),
(65, 421, 1),
(65, 486, 1),
(65, 487, 1),
(65, 488, 1),
(65, 489, 1),
(65, 490, 1),
(65, 491, 1),
(65, 492, 1),
(65, 493, 1),
(65, 494, 1),
(65, 495, 1),
(65, 496, 1),
(65, 497, 1),
(65, 498, 1),
(65, 499, 1),
(65, 500, 1),
(65, 501, 1),
(65, 502, 1),
(65, 503, 1),
(65, 504, 1),
(65, 505, 1),
(65, 506, 1),
(65, 507, 1),
(65, 508, 1),
(65, 509, 1),
(65, 510, 1),
(65, 511, 1),
(65, 512, 1),
(65, 513, 1),
(65, 514, 1),
(65, 515, 1),
(65, 516, 1),
(65, 517, 1),
(65, 530, 1),
(65, 531, 1),
(65, 532, 1),
(65, 533, 1),
(65, 534, 1),
(65, 535, 1),
(65, 536, 1),
(65, 537, 1),
(65, 538, 1),
(65, 539, 1),
(65, 540, 1),
(65, 541, 1),
(65, 543, 1),
(65, 544, 1),
(65, 545, 1),
(65, 546, 1),
(65, 547, 1),
(65, 548, 1),
(65, 549, 1),
(65, 550, 1),
(65, 551, 1),
(65, 552, 1),
(65, 553, 1),
(65, 554, 1),
(65, 555, 1),
(65, 556, 1),
(65, 557, 1),
(65, 558, 1),
(65, 559, 1),
(65, 560, 1),
(65, 561, 1),
(65, 562, 1),
(65, 563, 1),
(65, 564, 1),
(65, 565, 1),
(65, 566, 1),
(65, 567, 1),
(65, 568, 1),
(65, 569, 1),
(65, 570, 1),
(65, 571, 1),
(65, 572, 1),
(65, 573, 1),
(65, 574, 1),
(65, 575, 1),
(65, 576, 1),
(65, 577, 1),
(65, 578, 1),
(65, 579, 1),
(65, 580, 1),
(65, 581, 1),
(65, 582, 1),
(65, 583, 1),
(65, 584, 1),
(65, 585, 1),
(65, 586, 1),
(65, 587, 1),
(65, 588, 1),
(65, 589, 1),
(65, 590, 1),
(65, 591, 1),
(65, 592, 1),
(65, 593, 1),
(65, 594, 1),
(65, 595, 1),
(65, 596, 1),
(65, 597, 1),
(65, 598, 1),
(65, 599, 1),
(65, 600, 1),
(65, 601, 1),
(65, 602, 1),
(65, 603, 1),
(65, 604, 1),
(65, 605, 1),
(65, 606, 1),
(65, 607, 1),
(65, 608, 1),
(65, 609, 1),
(65, 610, 1),
(65, 611, 1),
(65, 612, 1),
(65, 613, 1),
(65, 614, 1),
(65, 615, 1),
(65, 616, 1),
(65, 617, 1),
(65, 618, 1),
(65, 619, 1),
(65, 620, 1),
(65, 621, 1),
(65, 626, 1),
(65, 649, 1),
(65, 650, 1),
(65, 651, 1),
(65, 652, 1),
(65, 653, 1),
(65, 654, 1),
(65, 655, 1),
(65, 656, 1),
(65, 657, 1),
(65, 658, 1),
(65, 659, 1),
(65, 660, 1),
(65, 661, 1),
(65, 662, 1),
(65, 663, 1),
(65, 664, 1),
(65, 665, 1),
(65, 666, 1),
(65, 667, 1),
(65, 668, 1),
(65, 669, 1),
(65, 670, 1),
(65, 671, 1),
(65, 672, 1),
(65, 673, 1),
(65, 674, 1),
(65, 675, 1),
(65, 676, 1),
(65, 677, 1),
(65, 678, 1),
(65, 679, 1),
(65, 680, 1),
(65, 681, 1),
(65, 682, 1),
(65, 683, 1),
(65, 684, 1),
(65, 685, 1),
(65, 686, 1),
(65, 687, 1),
(65, 688, 1),
(65, 689, 1),
(65, 690, 1),
(65, 691, 1),
(65, 692, 1),
(65, 693, 1),
(65, 694, 1),
(65, 695, 1),
(65, 696, 1),
(65, 697, 1),
(65, 698, 1),
(65, 699, 1),
(65, 700, 1),
(65, 701, 1),
(65, 702, 1),
(65, 703, 1),
(65, 704, 1),
(65, 705, 1),
(65, 706, 1),
(65, 707, 1),
(65, 708, 1),
(65, 709, 1),
(65, 710, 1),
(65, 711, 1),
(65, 712, 1),
(65, 713, 1),
(65, 714, 1),
(65, 715, 1),
(65, 716, 1),
(65, 717, 1),
(65, 718, 1),
(65, 719, 1),
(65, 720, 1),
(65, 721, 1),
(65, 722, 1),
(65, 723, 1),
(65, 724, 1),
(65, 725, 1),
(65, 726, 1),
(65, 727, 1),
(65, 728, 1),
(65, 729, 1),
(65, 730, 1),
(65, 731, 1),
(65, 732, 1),
(65, 733, 1),
(65, 734, 1),
(65, 735, 1),
(65, 736, 1),
(65, 737, 1),
(65, 738, 1),
(65, 739, 1),
(65, 740, 1),
(65, 741, 1),
(65, 742, 1),
(65, 743, 1),
(65, 744, 1),
(65, 745, 1),
(65, 746, 1),
(65, 747, 1),
(65, 748, 1),
(65, 749, 1),
(65, 750, 1),
(65, 751, 1),
(65, 752, 1),
(65, 753, 1),
(65, 754, 1),
(65, 755, 1),
(65, 756, 1),
(65, 757, 1),
(65, 758, 1),
(65, 759, 1),
(65, 760, 1),
(65, 761, 1),
(65, 762, 1),
(65, 763, 1),
(65, 764, 1),
(65, 765, 1),
(65, 766, 1),
(65, 767, 1),
(65, 768, 1),
(65, 769, 1),
(65, 770, 1),
(65, 771, 1),
(65, 772, 1),
(65, 773, 1),
(65, 774, 1),
(65, 775, 1),
(65, 776, 1),
(65, 777, 1),
(65, 778, 1),
(65, 779, 1),
(65, 780, 1),
(65, 781, 1),
(65, 782, 1),
(65, 783, 1),
(65, 784, 1),
(65, 785, 1),
(65, 786, 1),
(65, 787, 1),
(65, 788, 1),
(65, 789, 1),
(65, 790, 1),
(65, 791, 1),
(65, 792, 1),
(65, 793, 1),
(65, 794, 1),
(65, 795, 1),
(65, 796, 1),
(65, 797, 1),
(65, 798, 1),
(65, 799, 1),
(65, 800, 1),
(65, 801, 1),
(65, 802, 1),
(65, 803, 1),
(65, 804, 1),
(65, 805, 1),
(65, 806, 1),
(65, 807, 1),
(65, 808, 1),
(65, 809, 1),
(65, 810, 1),
(65, 811, 1),
(65, 812, 1),
(65, 813, 1),
(65, 814, 1),
(65, 815, 1),
(65, 816, 1),
(65, 817, 1),
(65, 818, 1),
(65, 819, 1),
(65, 820, 1),
(65, 821, 1),
(65, 822, 1),
(65, 823, 1),
(65, 824, 1),
(65, 825, 1),
(65, 826, 1),
(65, 827, 1),
(65, 828, 1),
(65, 829, 1),
(65, 830, 1),
(65, 831, 1),
(65, 832, 1),
(65, 833, 1),
(65, 834, 1),
(65, 835, 1),
(65, 836, 1),
(65, 837, 1),
(65, 838, 1),
(65, 839, 1),
(65, 840, 1),
(65, 841, 1),
(65, 842, 1),
(65, 843, 1),
(65, 844, 1),
(65, 845, 1),
(65, 846, 1),
(65, 847, 1),
(65, 848, 1),
(65, 849, 1),
(65, 850, 1),
(65, 851, 1),
(65, 852, 1),
(65, 853, 1),
(65, 854, 1),
(65, 855, 1),
(65, 856, 1),
(65, 861, 1),
(65, 862, 1),
(65, 863, 1),
(65, 864, 1),
(66, 242, 1),
(66, 387, 1),
(66, 388, 1),
(66, 389, 1),
(66, 390, 1),
(67, 42, 1),
(67, 43, 1),
(67, 44, 1),
(67, 45, 1),
(67, 46, 1),
(67, 47, 1),
(67, 48, 1),
(67, 49, 1),
(67, 50, 1),
(67, 51, 1),
(67, 52, 1),
(67, 53, 1),
(67, 54, 1),
(67, 55, 1),
(67, 56, 1),
(67, 57, 1),
(67, 58, 1),
(67, 59, 1),
(67, 60, 1),
(67, 61, 1),
(67, 151, 1),
(67, 152, 1),
(67, 153, 1),
(67, 154, 1),
(67, 242, 1),
(67, 243, 1),
(67, 244, 1),
(67, 245, 1),
(67, 246, 1),
(67, 853, 1),
(67, 854, 1),
(67, 855, 1),
(67, 856, 1),
(67, 861, 1),
(67, 862, 1),
(67, 863, 1),
(67, 864, 1),
(68, 242, 1),
(68, 247, 1),
(68, 248, 1),
(68, 249, 1),
(68, 250, 1),
(69, 42, 1),
(69, 43, 1),
(69, 44, 1),
(69, 45, 1),
(69, 46, 1),
(69, 47, 1),
(69, 48, 1),
(69, 49, 1),
(69, 50, 1),
(69, 51, 1),
(69, 52, 1),
(69, 53, 1),
(69, 54, 1),
(69, 55, 1),
(69, 56, 1),
(69, 57, 1),
(69, 58, 1),
(69, 59, 1),
(69, 60, 1),
(69, 61, 1),
(69, 242, 1),
(69, 243, 1),
(69, 244, 1),
(69, 245, 1),
(69, 246, 1),
(69, 717, 1),
(69, 718, 1),
(69, 719, 1),
(69, 720, 1),
(69, 721, 1),
(69, 722, 1),
(69, 723, 1),
(69, 724, 1),
(69, 725, 1),
(69, 726, 1),
(69, 727, 1),
(69, 728, 1),
(69, 729, 1),
(69, 730, 1),
(69, 731, 1),
(69, 732, 1),
(69, 733, 1),
(69, 734, 1),
(69, 735, 1),
(69, 736, 1),
(69, 737, 1),
(69, 738, 1),
(69, 739, 1),
(69, 740, 1),
(69, 741, 1),
(69, 742, 1),
(69, 743, 1),
(69, 744, 1),
(69, 745, 1),
(69, 746, 1),
(69, 747, 1),
(69, 748, 1),
(69, 749, 1),
(69, 750, 1),
(69, 751, 1),
(69, 752, 1),
(69, 753, 1),
(69, 754, 1),
(69, 755, 1),
(70, 733, 1),
(70, 734, 1),
(70, 736, 1),
(70, 737, 1),
(70, 742, 1),
(70, 744, 1),
(70, 745, 1),
(71, 242, 1),
(72, 1, 1),
(72, 2, 1),
(72, 3, 1),
(72, 4, 1),
(72, 5, 1),
(72, 6, 1),
(72, 7, 1),
(72, 8, 1),
(72, 9, 1),
(72, 10, 1),
(72, 11, 1),
(72, 12, 1),
(72, 13, 1),
(72, 14, 1),
(72, 15, 1),
(72, 16, 1),
(72, 17, 1),
(72, 18, 1),
(72, 19, 1),
(72, 20, 1),
(72, 21, 1),
(72, 22, 1),
(72, 23, 1),
(72, 24, 1),
(72, 25, 1),
(72, 26, 1),
(72, 27, 1),
(72, 28, 1),
(72, 29, 1),
(72, 30, 1),
(72, 31, 1),
(72, 32, 1),
(72, 33, 1),
(72, 34, 1),
(72, 35, 1),
(72, 36, 1),
(72, 37, 1),
(72, 38, 1),
(72, 39, 1),
(72, 40, 1),
(72, 41, 1),
(72, 42, 1),
(72, 43, 1),
(72, 44, 1),
(72, 45, 1),
(72, 46, 1),
(72, 47, 1),
(72, 48, 1),
(72, 49, 1),
(72, 50, 1),
(72, 51, 1),
(72, 52, 1),
(72, 53, 1),
(72, 54, 1),
(72, 55, 1),
(72, 56, 1),
(72, 57, 1),
(72, 58, 1),
(72, 59, 1),
(72, 60, 1),
(72, 61, 1),
(72, 92, 1),
(72, 93, 1),
(72, 94, 1),
(72, 95, 1),
(72, 96, 1),
(72, 97, 1),
(72, 98, 1),
(72, 99, 1),
(72, 100, 1),
(72, 101, 1),
(72, 102, 1),
(72, 103, 1),
(72, 104, 1),
(72, 105, 1),
(72, 106, 1),
(72, 107, 1),
(72, 108, 1),
(72, 109, 1),
(72, 110, 1),
(72, 111, 1),
(72, 112, 1),
(72, 113, 1),
(72, 114, 1),
(72, 115, 1),
(72, 116, 1),
(72, 117, 1),
(72, 118, 1),
(72, 119, 1),
(72, 120, 1),
(72, 121, 1),
(72, 122, 1),
(72, 123, 1),
(72, 124, 1),
(72, 125, 1),
(72, 126, 1),
(72, 127, 1),
(72, 128, 1),
(72, 129, 1),
(72, 130, 1),
(72, 131, 1),
(72, 132, 1),
(72, 133, 1),
(72, 134, 1),
(72, 135, 1),
(72, 136, 1),
(72, 137, 1),
(72, 138, 1),
(72, 139, 1),
(72, 140, 1),
(72, 141, 1),
(72, 142, 1),
(72, 143, 1),
(72, 144, 1),
(72, 145, 1),
(72, 146, 1),
(72, 147, 1),
(72, 148, 1),
(72, 149, 1),
(72, 150, 1),
(72, 151, 1),
(72, 152, 1),
(72, 153, 1),
(72, 154, 1),
(72, 159, 1),
(72, 160, 1),
(72, 161, 1),
(72, 162, 1),
(72, 163, 1),
(72, 164, 1),
(72, 165, 1),
(72, 166, 1),
(72, 167, 1),
(72, 168, 1),
(72, 169, 1),
(72, 170, 1),
(72, 171, 1),
(72, 176, 1),
(72, 177, 1),
(72, 178, 1),
(72, 179, 1),
(72, 180, 1),
(72, 181, 1),
(72, 182, 1),
(72, 183, 1),
(72, 184, 1),
(72, 190, 1),
(72, 191, 1),
(72, 192, 1),
(72, 193, 1),
(72, 194, 1),
(72, 195, 1),
(72, 196, 1),
(72, 197, 1),
(72, 198, 1),
(72, 199, 1),
(72, 200, 1),
(72, 201, 1),
(72, 202, 1),
(72, 203, 1),
(72, 204, 1),
(72, 205, 1),
(72, 206, 1),
(72, 207, 1),
(72, 208, 1),
(72, 209, 1),
(72, 210, 1),
(72, 211, 1),
(72, 212, 1),
(72, 213, 1),
(72, 214, 1),
(72, 215, 1),
(72, 216, 1),
(72, 217, 1),
(72, 218, 1),
(72, 220, 1),
(72, 221, 1),
(72, 222, 1),
(72, 223, 1),
(72, 224, 1),
(72, 225, 1),
(72, 226, 1),
(72, 227, 1),
(72, 228, 1),
(72, 229, 1),
(72, 230, 1),
(72, 231, 1),
(72, 232, 1),
(72, 233, 1),
(72, 234, 1),
(72, 235, 1),
(72, 236, 1),
(72, 237, 1),
(72, 238, 1),
(72, 239, 1),
(72, 240, 1),
(72, 241, 1),
(72, 242, 1),
(72, 243, 1),
(72, 244, 1),
(72, 245, 1),
(72, 246, 1),
(72, 247, 1),
(72, 248, 1),
(72, 249, 1),
(72, 250, 1),
(72, 251, 1),
(72, 252, 1),
(72, 253, 1),
(72, 254, 1),
(72, 255, 1),
(72, 256, 1),
(72, 257, 1),
(72, 258, 1),
(72, 259, 1),
(72, 260, 1),
(72, 261, 1),
(72, 262, 1),
(72, 263, 1),
(72, 264, 1),
(72, 265, 1),
(72, 266, 1),
(72, 267, 1),
(72, 268, 1),
(72, 269, 1),
(72, 270, 1),
(72, 271, 1),
(72, 272, 1),
(72, 273, 1),
(72, 274, 1),
(72, 275, 1),
(72, 276, 1),
(72, 277, 1),
(72, 278, 1),
(72, 279, 1),
(72, 280, 1),
(72, 281, 1),
(72, 282, 1),
(72, 283, 1),
(72, 284, 1),
(72, 285, 1),
(72, 286, 1),
(72, 287, 1),
(72, 288, 1),
(72, 289, 1),
(72, 290, 1),
(72, 291, 1),
(72, 292, 1),
(72, 293, 1),
(72, 294, 1),
(72, 295, 1),
(72, 296, 1),
(72, 297, 1),
(72, 298, 1),
(72, 299, 1),
(72, 300, 1),
(72, 301, 1),
(72, 302, 1),
(72, 303, 1),
(72, 304, 1),
(72, 305, 1),
(72, 306, 1),
(72, 307, 1),
(72, 308, 1),
(72, 309, 1),
(72, 310, 1),
(72, 311, 1),
(72, 312, 1),
(72, 313, 1),
(72, 314, 1),
(72, 315, 1),
(72, 316, 1),
(72, 317, 1),
(72, 318, 1),
(72, 319, 1),
(72, 320, 1),
(72, 321, 1),
(72, 322, 1),
(72, 323, 1),
(72, 324, 1),
(72, 325, 1),
(72, 326, 1),
(72, 354, 1),
(72, 355, 1),
(72, 356, 1),
(72, 362, 1),
(72, 363, 1),
(72, 364, 1),
(72, 365, 1),
(72, 376, 1),
(72, 378, 1),
(72, 379, 1),
(72, 380, 1),
(72, 381, 1),
(72, 382, 1),
(72, 383, 1),
(72, 384, 1),
(72, 385, 1),
(72, 386, 1),
(72, 387, 1),
(72, 388, 1),
(72, 389, 1),
(72, 390, 1),
(72, 391, 1),
(72, 392, 1),
(72, 393, 1),
(72, 394, 1),
(72, 395, 1),
(72, 396, 1),
(72, 397, 1),
(72, 398, 1),
(72, 399, 1),
(72, 400, 1),
(72, 401, 1),
(72, 402, 1),
(72, 403, 1),
(72, 404, 1),
(72, 405, 1),
(72, 406, 1),
(72, 407, 1),
(72, 408, 1),
(72, 411, 1),
(72, 412, 1),
(72, 413, 1),
(72, 414, 1),
(72, 415, 1),
(72, 416, 1),
(72, 417, 1),
(72, 418, 1),
(72, 419, 1),
(72, 420, 1),
(72, 421, 1),
(72, 486, 1),
(72, 487, 1),
(72, 488, 1),
(72, 489, 1),
(72, 490, 1),
(72, 491, 1),
(72, 492, 1),
(72, 493, 1),
(72, 494, 1),
(72, 495, 1),
(72, 496, 1),
(72, 497, 1),
(72, 498, 1),
(72, 499, 1),
(72, 500, 1),
(72, 501, 1),
(72, 502, 1),
(72, 503, 1),
(72, 504, 1),
(72, 505, 1),
(72, 506, 1),
(72, 507, 1),
(72, 508, 1),
(72, 509, 1),
(72, 510, 1),
(72, 511, 1),
(72, 512, 1),
(72, 513, 1),
(72, 514, 1),
(72, 515, 1),
(72, 516, 1),
(72, 517, 1),
(72, 530, 1),
(72, 531, 1),
(72, 532, 1),
(72, 533, 1),
(72, 534, 1),
(72, 535, 1),
(72, 536, 1),
(72, 537, 1),
(72, 538, 1),
(72, 539, 1),
(72, 540, 1),
(72, 541, 1),
(72, 543, 1),
(72, 544, 1),
(72, 545, 1),
(72, 546, 1),
(72, 547, 1),
(72, 548, 1),
(72, 549, 1),
(72, 550, 1),
(72, 551, 1),
(72, 552, 1),
(72, 553, 1),
(72, 554, 1),
(72, 555, 1),
(72, 556, 1),
(72, 557, 1),
(72, 558, 1),
(72, 559, 1),
(72, 560, 1),
(72, 561, 1),
(72, 562, 1),
(72, 563, 1),
(72, 564, 1),
(72, 565, 1),
(72, 566, 1),
(72, 567, 1),
(72, 568, 1),
(72, 569, 1),
(72, 570, 1),
(72, 571, 1),
(72, 572, 1),
(72, 573, 1),
(72, 574, 1),
(72, 575, 1),
(72, 576, 1),
(72, 577, 1),
(72, 578, 1),
(72, 579, 1),
(72, 580, 1),
(72, 581, 1),
(72, 582, 1),
(72, 583, 1),
(72, 584, 1),
(72, 585, 1),
(72, 586, 1),
(72, 587, 1),
(72, 588, 1),
(72, 589, 1),
(72, 590, 1),
(72, 591, 1),
(72, 592, 1),
(72, 593, 1),
(72, 594, 1),
(72, 595, 1),
(72, 596, 1),
(72, 597, 1),
(72, 598, 1),
(72, 599, 1),
(72, 600, 1),
(72, 601, 1),
(72, 602, 1),
(72, 603, 1),
(72, 604, 1),
(72, 605, 1),
(72, 606, 1),
(72, 607, 1),
(72, 608, 1),
(72, 609, 1),
(72, 610, 1),
(72, 611, 1),
(72, 612, 1),
(72, 613, 1),
(72, 614, 1),
(72, 615, 1),
(72, 616, 1),
(72, 617, 1),
(72, 618, 1),
(72, 619, 1),
(72, 620, 1),
(72, 621, 1),
(72, 626, 1),
(72, 649, 1),
(72, 650, 1),
(72, 651, 1),
(72, 652, 1),
(72, 653, 1),
(72, 654, 1),
(72, 655, 1),
(72, 656, 1),
(72, 657, 1),
(72, 658, 1),
(72, 659, 1),
(72, 660, 1),
(72, 661, 1),
(72, 662, 1),
(72, 663, 1),
(72, 664, 1),
(72, 665, 1),
(72, 666, 1),
(72, 667, 1),
(72, 668, 1),
(72, 669, 1),
(72, 670, 1),
(72, 671, 1),
(72, 672, 1),
(72, 673, 1),
(72, 674, 1),
(72, 675, 1),
(72, 676, 1),
(72, 677, 1),
(72, 678, 1),
(72, 679, 1),
(72, 680, 1),
(72, 681, 1),
(72, 682, 1),
(72, 683, 1),
(72, 684, 1),
(72, 685, 1),
(72, 686, 1),
(72, 687, 1),
(72, 688, 1),
(72, 689, 1),
(72, 690, 1),
(72, 691, 1),
(72, 692, 1),
(72, 693, 1),
(72, 694, 1),
(72, 695, 1),
(72, 696, 1),
(72, 697, 1),
(72, 698, 1),
(72, 699, 1),
(72, 700, 1),
(72, 701, 1),
(72, 702, 1),
(72, 703, 1),
(72, 704, 1),
(72, 705, 1),
(72, 706, 1),
(72, 707, 1),
(72, 708, 1),
(72, 709, 1),
(72, 710, 1),
(72, 711, 1),
(72, 712, 1),
(72, 713, 1),
(72, 714, 1),
(72, 715, 1),
(72, 716, 1),
(72, 717, 1),
(72, 718, 1),
(72, 719, 1),
(72, 720, 1),
(72, 721, 1),
(72, 722, 1),
(72, 723, 1),
(72, 724, 1),
(72, 725, 1),
(72, 726, 1),
(72, 727, 1),
(72, 728, 1),
(72, 729, 1),
(72, 730, 1),
(72, 731, 1),
(72, 732, 1),
(72, 733, 1),
(72, 734, 1),
(72, 735, 1),
(72, 736, 1),
(72, 737, 1),
(72, 738, 1),
(72, 739, 1),
(72, 740, 1),
(72, 741, 1),
(72, 742, 1),
(72, 743, 1),
(72, 744, 1),
(72, 745, 1),
(72, 746, 1),
(72, 747, 1),
(72, 748, 1),
(72, 749, 1),
(72, 750, 1),
(72, 751, 1),
(72, 752, 1),
(72, 753, 1),
(72, 754, 1),
(72, 755, 1),
(73, 1, 1),
(73, 2, 1),
(73, 3, 1),
(73, 4, 1),
(73, 5, 1),
(73, 6, 1),
(73, 7, 1),
(73, 8, 1),
(73, 9, 1),
(73, 10, 1),
(73, 11, 1),
(73, 12, 1),
(73, 13, 1),
(73, 14, 1),
(73, 15, 1),
(73, 16, 1),
(73, 17, 1),
(73, 18, 1),
(73, 19, 1),
(73, 20, 1),
(73, 21, 1),
(73, 22, 1),
(73, 23, 1),
(73, 24, 1),
(73, 25, 1),
(73, 26, 1),
(73, 27, 1),
(73, 28, 1),
(73, 29, 1),
(73, 30, 1),
(73, 31, 1),
(73, 32, 1),
(73, 33, 1),
(73, 34, 1),
(73, 35, 1),
(73, 36, 1),
(73, 37, 1),
(73, 38, 1),
(73, 39, 1),
(73, 40, 1),
(73, 41, 1),
(73, 42, 1),
(73, 43, 1),
(73, 44, 1),
(73, 45, 1),
(73, 46, 1),
(73, 47, 1),
(73, 48, 1),
(73, 49, 1),
(73, 50, 1),
(73, 51, 1),
(73, 52, 1),
(73, 53, 1),
(73, 54, 1),
(73, 55, 1),
(73, 56, 1),
(73, 57, 1),
(73, 58, 1),
(73, 59, 1),
(73, 60, 1),
(73, 61, 1),
(73, 92, 1),
(73, 93, 1),
(73, 94, 1),
(73, 95, 1),
(73, 96, 1),
(73, 97, 1),
(73, 98, 1),
(73, 99, 1),
(73, 100, 1),
(73, 101, 1),
(73, 102, 1),
(73, 103, 1),
(73, 104, 1),
(73, 105, 1),
(73, 106, 1),
(73, 107, 1),
(73, 108, 1),
(73, 109, 1),
(73, 110, 1),
(73, 111, 1),
(73, 112, 1),
(73, 113, 1),
(73, 114, 1),
(73, 115, 1),
(73, 116, 1),
(73, 117, 1),
(73, 118, 1),
(73, 119, 1),
(73, 120, 1),
(73, 121, 1),
(73, 122, 1),
(73, 123, 1),
(73, 124, 1),
(73, 125, 1),
(73, 126, 1),
(73, 127, 1),
(73, 128, 1),
(73, 129, 1),
(73, 130, 1),
(73, 131, 1),
(73, 132, 1),
(73, 133, 1),
(73, 134, 1),
(73, 135, 1),
(73, 136, 1),
(73, 137, 1),
(73, 138, 1),
(73, 139, 1),
(73, 140, 1),
(73, 141, 1),
(73, 142, 1),
(73, 143, 1),
(73, 144, 1),
(73, 145, 1),
(73, 146, 1),
(73, 147, 1),
(73, 148, 1),
(73, 149, 1),
(73, 150, 1),
(73, 151, 1),
(73, 152, 1),
(73, 153, 1),
(73, 154, 1),
(73, 159, 1),
(73, 160, 1),
(73, 161, 1),
(73, 162, 1),
(73, 163, 1),
(73, 164, 1),
(73, 165, 1),
(73, 166, 1),
(73, 167, 1),
(73, 168, 1),
(73, 169, 1),
(73, 170, 1),
(73, 171, 1),
(73, 176, 1),
(73, 177, 1),
(73, 178, 1),
(73, 179, 1),
(73, 180, 1),
(73, 181, 1),
(73, 182, 1),
(73, 183, 1),
(73, 184, 1),
(73, 190, 1),
(73, 191, 1),
(73, 192, 1),
(73, 193, 1),
(73, 194, 1),
(73, 195, 1),
(73, 196, 1),
(73, 197, 1),
(73, 198, 1),
(73, 199, 1),
(73, 200, 1),
(73, 201, 1),
(73, 202, 1),
(73, 203, 1),
(73, 204, 1),
(73, 205, 1),
(73, 206, 1),
(73, 207, 1),
(73, 208, 1),
(73, 209, 1),
(73, 210, 1),
(73, 211, 1),
(73, 212, 1),
(73, 213, 1),
(73, 214, 1),
(73, 215, 1),
(73, 216, 1),
(73, 217, 1),
(73, 218, 1),
(73, 220, 1),
(73, 221, 1),
(73, 222, 1),
(73, 223, 1),
(73, 224, 1),
(73, 225, 1),
(73, 226, 1),
(73, 227, 1),
(73, 228, 1),
(73, 229, 1),
(73, 230, 1),
(73, 231, 1),
(73, 232, 1),
(73, 233, 1),
(73, 234, 1),
(73, 235, 1),
(73, 236, 1),
(73, 237, 1),
(73, 238, 1),
(73, 239, 1),
(73, 240, 1),
(73, 241, 1),
(73, 242, 1),
(73, 243, 1),
(73, 244, 1),
(73, 245, 1),
(73, 246, 1),
(73, 247, 1),
(73, 248, 1),
(73, 249, 1),
(73, 250, 1),
(73, 251, 1),
(73, 252, 1),
(73, 253, 1),
(73, 254, 1),
(73, 255, 1),
(73, 256, 1),
(73, 257, 1),
(73, 258, 1),
(73, 259, 1),
(73, 260, 1),
(73, 261, 1),
(73, 262, 1),
(73, 263, 1),
(73, 264, 1),
(73, 265, 1),
(73, 266, 1),
(73, 267, 1),
(73, 268, 1),
(73, 269, 1),
(73, 270, 1),
(73, 271, 1),
(73, 272, 1),
(73, 273, 1),
(73, 274, 1),
(73, 275, 1),
(73, 276, 1),
(73, 277, 1),
(73, 278, 1),
(73, 279, 1),
(73, 280, 1),
(73, 281, 1),
(73, 282, 1),
(73, 283, 1),
(73, 284, 1),
(73, 285, 1),
(73, 286, 1),
(73, 287, 1),
(73, 288, 1),
(73, 289, 1),
(73, 290, 1),
(73, 291, 1),
(73, 292, 1),
(73, 293, 1),
(73, 294, 1),
(73, 295, 1),
(73, 296, 1),
(73, 297, 1),
(73, 298, 1),
(73, 299, 1),
(73, 300, 1),
(73, 301, 1),
(73, 302, 1),
(73, 303, 1),
(73, 304, 1),
(73, 305, 1),
(73, 306, 1),
(73, 307, 1),
(73, 308, 1),
(73, 309, 1),
(73, 310, 1),
(73, 311, 1),
(73, 312, 1),
(73, 313, 1),
(73, 314, 1),
(73, 315, 1),
(73, 316, 1),
(73, 317, 1),
(73, 318, 1),
(73, 319, 1),
(73, 320, 1),
(73, 321, 1),
(73, 322, 1),
(73, 323, 1),
(73, 324, 1),
(73, 325, 1),
(73, 326, 1),
(73, 354, 1),
(73, 355, 1),
(73, 356, 1),
(73, 362, 1),
(73, 363, 1),
(73, 364, 1),
(73, 365, 1),
(73, 376, 1),
(73, 378, 1),
(73, 379, 1),
(73, 380, 1),
(73, 381, 1),
(73, 382, 1),
(73, 383, 1),
(73, 384, 1),
(73, 385, 1),
(73, 386, 1),
(73, 387, 1),
(73, 388, 1),
(73, 389, 1),
(73, 390, 1),
(73, 391, 1),
(73, 392, 1),
(73, 393, 1),
(73, 394, 1),
(73, 395, 1),
(73, 396, 1),
(73, 397, 1),
(73, 398, 1),
(73, 399, 1),
(73, 400, 1),
(73, 401, 1),
(73, 402, 1),
(73, 403, 1),
(73, 404, 1),
(73, 405, 1),
(73, 406, 1),
(73, 407, 1),
(73, 408, 1),
(73, 411, 1),
(73, 412, 1),
(73, 413, 1),
(73, 414, 1),
(73, 415, 1),
(73, 416, 1),
(73, 417, 1),
(73, 418, 1),
(73, 419, 1),
(73, 420, 1),
(73, 421, 1),
(73, 486, 1),
(73, 487, 1),
(73, 488, 1),
(73, 489, 1),
(73, 490, 1),
(73, 491, 1),
(73, 492, 1),
(73, 493, 1),
(73, 494, 1),
(73, 495, 1),
(73, 496, 1),
(73, 497, 1),
(73, 498, 1),
(73, 499, 1),
(73, 500, 1),
(73, 501, 1),
(73, 502, 1),
(73, 503, 1),
(73, 504, 1),
(73, 505, 1),
(73, 506, 1),
(73, 507, 1),
(73, 508, 1),
(73, 509, 1),
(73, 510, 1),
(73, 511, 1),
(73, 512, 1),
(73, 513, 1),
(73, 514, 1),
(73, 515, 1),
(73, 516, 1),
(73, 517, 1),
(73, 530, 1),
(73, 531, 1),
(73, 532, 1),
(73, 533, 1),
(73, 534, 1),
(73, 535, 1),
(73, 536, 1),
(73, 537, 1),
(73, 538, 1),
(73, 539, 1),
(73, 540, 1),
(73, 541, 1),
(73, 543, 1),
(73, 544, 1),
(73, 545, 1),
(73, 546, 1),
(73, 547, 1),
(73, 548, 1),
(73, 549, 1),
(73, 550, 1),
(73, 551, 1),
(73, 552, 1),
(73, 553, 1),
(73, 554, 1),
(73, 555, 1),
(73, 556, 1),
(73, 557, 1),
(73, 558, 1),
(73, 559, 1),
(73, 560, 1),
(73, 561, 1),
(73, 562, 1),
(73, 563, 1),
(73, 564, 1),
(73, 565, 1),
(73, 566, 1),
(73, 567, 1),
(73, 568, 1),
(73, 569, 1),
(73, 570, 1),
(73, 571, 1),
(73, 572, 1),
(73, 573, 1),
(73, 574, 1),
(73, 575, 1),
(73, 576, 1),
(73, 577, 1),
(73, 578, 1),
(73, 579, 1),
(73, 580, 1),
(73, 581, 1),
(73, 582, 1),
(73, 583, 1),
(73, 584, 1),
(73, 585, 1),
(73, 586, 1),
(73, 587, 1),
(73, 588, 1),
(73, 589, 1),
(73, 590, 1),
(73, 591, 1),
(73, 592, 1),
(73, 593, 1),
(73, 594, 1),
(73, 595, 1),
(73, 596, 1),
(73, 597, 1),
(73, 598, 1),
(73, 599, 1),
(73, 600, 1),
(73, 601, 1),
(73, 602, 1),
(73, 603, 1),
(73, 604, 1),
(73, 605, 1),
(73, 606, 1),
(73, 607, 1),
(73, 608, 1),
(73, 609, 1),
(73, 610, 1),
(73, 611, 1),
(73, 612, 1),
(73, 613, 1),
(73, 614, 1),
(73, 615, 1),
(73, 616, 1),
(73, 617, 1),
(73, 618, 1),
(73, 619, 1),
(73, 620, 1),
(73, 621, 1),
(73, 626, 1),
(73, 649, 1),
(73, 650, 1),
(73, 651, 1),
(73, 652, 1),
(73, 653, 1),
(73, 654, 1),
(73, 655, 1),
(73, 656, 1),
(73, 657, 1),
(73, 658, 1),
(73, 659, 1),
(73, 660, 1),
(73, 661, 1),
(73, 662, 1),
(73, 663, 1),
(73, 664, 1),
(73, 665, 1),
(73, 666, 1),
(73, 667, 1),
(73, 668, 1),
(73, 669, 1),
(73, 670, 1),
(73, 671, 1),
(73, 672, 1),
(73, 673, 1),
(73, 674, 1),
(73, 675, 1),
(73, 676, 1),
(73, 677, 1),
(73, 678, 1),
(73, 679, 1),
(73, 680, 1),
(73, 681, 1),
(73, 682, 1),
(73, 683, 1),
(73, 684, 1),
(73, 685, 1),
(73, 686, 1),
(73, 687, 1),
(73, 688, 1),
(73, 689, 1),
(73, 690, 1),
(73, 691, 1),
(73, 692, 1),
(73, 693, 1),
(73, 694, 1),
(73, 695, 1),
(73, 696, 1),
(73, 697, 1),
(73, 698, 1),
(73, 699, 1),
(73, 700, 1),
(73, 701, 1),
(73, 702, 1),
(73, 703, 1),
(73, 704, 1),
(73, 705, 1),
(73, 706, 1),
(73, 707, 1),
(73, 708, 1),
(73, 709, 1),
(73, 710, 1),
(73, 711, 1),
(73, 712, 1),
(73, 713, 1),
(73, 714, 1),
(73, 715, 1),
(73, 716, 1),
(73, 717, 1),
(73, 718, 1),
(73, 719, 1),
(73, 720, 1),
(73, 721, 1),
(73, 722, 1),
(73, 723, 1),
(73, 724, 1),
(73, 725, 1),
(73, 726, 1),
(73, 727, 1),
(73, 728, 1),
(73, 729, 1),
(73, 730, 1),
(73, 731, 1),
(73, 732, 1),
(73, 733, 1),
(73, 734, 1),
(73, 735, 1),
(73, 736, 1),
(73, 737, 1),
(73, 738, 1),
(73, 739, 1),
(73, 740, 1),
(73, 741, 1),
(73, 742, 1),
(73, 743, 1),
(73, 744, 1),
(73, 745, 1),
(73, 746, 1),
(73, 747, 1),
(73, 748, 1),
(73, 749, 1),
(73, 750, 1),
(73, 751, 1),
(73, 752, 1),
(73, 753, 1),
(73, 754, 1),
(73, 755, 1),
(73, 756, 1),
(73, 757, 1),
(73, 758, 1),
(73, 759, 1),
(73, 760, 1),
(73, 761, 1),
(73, 762, 1),
(73, 763, 1),
(73, 764, 1),
(73, 765, 1),
(73, 766, 1),
(73, 767, 1),
(73, 768, 1),
(73, 769, 1),
(73, 770, 1),
(73, 771, 1),
(73, 772, 1),
(73, 773, 1),
(73, 774, 1),
(73, 775, 1),
(73, 776, 1),
(73, 777, 1),
(73, 778, 1),
(73, 779, 1),
(73, 780, 1),
(73, 781, 1),
(73, 782, 1),
(73, 783, 1),
(73, 784, 1),
(73, 785, 1),
(74, 1, 1),
(74, 2, 1),
(74, 3, 1),
(74, 4, 1),
(74, 5, 1),
(74, 6, 1),
(74, 7, 1),
(74, 8, 1),
(74, 9, 1),
(74, 10, 1),
(74, 11, 1),
(74, 12, 1),
(74, 13, 1),
(74, 14, 1),
(74, 15, 1),
(74, 16, 1),
(74, 17, 1),
(74, 18, 1),
(74, 19, 1),
(74, 20, 1),
(74, 21, 1),
(74, 22, 1),
(74, 23, 1),
(74, 24, 1),
(74, 25, 1),
(74, 26, 1),
(74, 27, 1),
(74, 28, 1),
(74, 29, 1),
(74, 30, 1),
(74, 31, 1),
(74, 32, 1),
(74, 33, 1),
(74, 34, 1),
(74, 35, 1),
(74, 36, 1),
(74, 37, 1),
(74, 38, 1),
(74, 39, 1),
(74, 40, 1),
(74, 41, 1),
(74, 42, 1),
(74, 43, 1),
(74, 44, 1),
(74, 45, 1),
(74, 46, 1),
(74, 47, 1),
(74, 48, 1),
(74, 49, 1),
(74, 50, 1),
(74, 51, 1),
(74, 52, 1),
(74, 53, 1),
(74, 54, 1),
(74, 55, 1),
(74, 56, 1),
(74, 57, 1),
(74, 58, 1),
(74, 59, 1),
(74, 60, 1),
(74, 61, 1),
(74, 92, 1),
(74, 93, 1),
(74, 94, 1),
(74, 95, 1),
(74, 96, 1),
(74, 97, 1),
(74, 98, 1),
(74, 99, 1),
(74, 100, 1),
(74, 101, 1),
(74, 102, 1),
(74, 103, 1),
(74, 104, 1),
(74, 105, 1),
(74, 106, 1),
(74, 107, 1),
(74, 108, 1),
(74, 109, 1),
(74, 110, 1),
(74, 111, 1),
(74, 112, 1),
(74, 113, 1),
(74, 114, 1),
(74, 115, 1),
(74, 116, 1),
(74, 117, 1),
(74, 118, 1),
(74, 119, 1),
(74, 120, 1),
(74, 121, 1),
(74, 122, 1),
(74, 123, 1),
(74, 124, 1),
(74, 125, 1),
(74, 126, 1),
(74, 127, 1),
(74, 128, 1),
(74, 129, 1),
(74, 130, 1),
(74, 131, 1),
(74, 132, 1),
(74, 133, 1),
(74, 134, 1),
(74, 135, 1),
(74, 136, 1),
(74, 137, 1),
(74, 138, 1),
(74, 139, 1),
(74, 140, 1),
(74, 141, 1),
(74, 142, 1),
(74, 143, 1),
(74, 144, 1),
(74, 145, 1),
(74, 146, 1),
(74, 147, 1),
(74, 148, 1),
(74, 149, 1),
(74, 150, 1),
(74, 151, 1),
(74, 152, 1),
(74, 153, 1),
(74, 154, 1),
(74, 159, 1),
(74, 160, 1),
(74, 161, 1),
(74, 162, 1),
(74, 163, 1),
(74, 164, 1),
(74, 165, 1),
(74, 166, 1),
(74, 167, 1),
(74, 168, 1),
(74, 169, 1),
(74, 170, 1),
(74, 171, 1),
(74, 176, 1),
(74, 177, 1),
(74, 178, 1),
(74, 179, 1),
(74, 180, 1),
(74, 181, 1),
(74, 182, 1),
(74, 183, 1),
(74, 184, 1),
(74, 190, 1),
(74, 191, 1),
(74, 192, 1),
(74, 193, 1),
(74, 194, 1),
(74, 195, 1),
(74, 196, 1),
(74, 197, 1),
(74, 198, 1),
(74, 199, 1),
(74, 200, 1),
(74, 201, 1),
(74, 202, 1),
(74, 203, 1),
(74, 204, 1),
(74, 205, 1),
(74, 206, 1),
(74, 207, 1),
(74, 208, 1),
(74, 209, 1),
(74, 210, 1),
(74, 211, 1),
(74, 212, 1),
(74, 213, 1),
(74, 214, 1),
(74, 215, 1),
(74, 216, 1),
(74, 217, 1),
(74, 218, 1),
(74, 220, 1),
(74, 221, 1),
(74, 222, 1),
(74, 223, 1),
(74, 224, 1),
(74, 225, 1),
(74, 226, 1),
(74, 227, 1),
(74, 228, 1),
(74, 229, 1),
(74, 230, 1),
(74, 231, 1),
(74, 232, 1),
(74, 233, 1),
(74, 234, 1),
(74, 235, 1),
(74, 236, 1),
(74, 237, 1),
(74, 238, 1),
(74, 239, 1),
(74, 240, 1),
(74, 241, 1),
(74, 242, 1),
(74, 243, 1),
(74, 244, 1),
(74, 245, 1),
(74, 246, 1),
(74, 247, 1),
(74, 248, 1),
(74, 249, 1),
(74, 250, 1),
(74, 251, 1),
(74, 252, 1),
(74, 253, 1),
(74, 254, 1),
(74, 255, 1),
(74, 256, 1),
(74, 257, 1),
(74, 258, 1),
(74, 259, 1),
(74, 260, 1),
(74, 261, 1),
(74, 262, 1),
(74, 263, 1),
(74, 264, 1),
(74, 265, 1),
(74, 266, 1),
(74, 267, 1),
(74, 268, 1),
(74, 269, 1),
(74, 270, 1),
(74, 271, 1),
(74, 272, 1),
(74, 273, 1),
(74, 274, 1),
(74, 275, 1),
(74, 276, 1),
(74, 277, 1),
(74, 278, 1),
(74, 279, 1),
(74, 280, 1),
(74, 281, 1),
(74, 282, 1),
(74, 283, 1),
(74, 284, 1),
(74, 285, 1),
(74, 286, 1),
(74, 287, 1),
(74, 290, 1),
(74, 291, 1),
(74, 292, 1),
(74, 293, 1),
(74, 294, 1),
(74, 295, 1),
(74, 296, 1),
(74, 297, 1),
(74, 298, 1),
(74, 299, 1),
(74, 300, 1),
(74, 301, 1),
(74, 302, 1),
(74, 303, 1),
(74, 304, 1),
(74, 305, 1),
(74, 306, 1),
(74, 307, 1),
(74, 308, 1),
(74, 309, 1),
(74, 310, 1),
(74, 311, 1),
(74, 312, 1),
(74, 313, 1),
(74, 314, 1),
(74, 315, 1),
(74, 316, 1),
(74, 317, 1),
(74, 318, 1),
(74, 319, 1),
(74, 320, 1),
(74, 321, 1),
(74, 322, 1),
(74, 323, 1),
(74, 324, 1),
(74, 325, 1),
(74, 326, 1),
(74, 354, 1),
(74, 355, 1),
(74, 356, 1),
(74, 362, 1),
(74, 363, 1),
(74, 364, 1),
(74, 365, 1),
(74, 376, 1),
(74, 378, 1),
(74, 379, 1),
(74, 380, 1),
(74, 381, 1),
(74, 382, 1),
(74, 383, 1),
(74, 384, 1),
(74, 385, 1),
(74, 386, 1),
(74, 387, 1),
(74, 388, 1),
(74, 389, 1),
(74, 390, 1),
(74, 391, 1),
(74, 392, 1),
(74, 393, 1),
(74, 394, 1),
(74, 395, 1),
(74, 396, 1),
(74, 397, 1),
(74, 398, 1),
(74, 399, 1),
(74, 400, 1),
(74, 401, 1),
(74, 402, 1),
(74, 403, 1),
(74, 404, 1),
(74, 405, 1),
(74, 406, 1),
(74, 407, 1),
(74, 408, 1),
(74, 411, 1),
(74, 412, 1),
(74, 413, 1),
(74, 414, 1),
(74, 415, 1),
(74, 416, 1),
(74, 417, 1),
(74, 418, 1),
(74, 419, 1),
(74, 420, 1),
(74, 421, 1),
(74, 530, 1),
(74, 531, 1),
(74, 532, 1),
(74, 533, 1),
(74, 534, 1),
(74, 535, 1),
(74, 536, 1),
(74, 537, 1),
(74, 538, 1),
(74, 539, 1),
(74, 540, 1),
(74, 541, 1),
(74, 543, 1),
(74, 544, 1),
(74, 545, 1),
(74, 546, 1),
(74, 547, 1),
(74, 548, 1),
(74, 549, 1),
(74, 550, 1),
(74, 551, 1),
(74, 552, 1),
(74, 553, 1),
(74, 554, 1),
(74, 555, 1),
(74, 556, 1),
(74, 557, 1),
(74, 558, 1),
(74, 559, 1),
(74, 560, 1),
(74, 561, 1),
(74, 562, 1),
(74, 563, 1),
(74, 564, 1),
(74, 565, 1),
(74, 566, 1),
(74, 567, 1),
(74, 568, 1),
(74, 569, 1),
(74, 570, 1),
(74, 571, 1),
(74, 572, 1),
(74, 573, 1),
(74, 574, 1),
(74, 575, 1),
(74, 576, 1),
(74, 577, 1),
(74, 578, 1),
(74, 579, 1),
(74, 580, 1),
(74, 581, 1),
(74, 582, 1),
(74, 583, 1),
(74, 584, 1),
(74, 585, 1),
(74, 586, 1),
(74, 587, 1),
(74, 588, 1),
(74, 589, 1),
(74, 590, 1),
(74, 591, 1),
(74, 592, 1),
(74, 593, 1),
(74, 594, 1),
(74, 595, 1),
(74, 596, 1),
(74, 597, 1),
(74, 598, 1),
(74, 599, 1),
(74, 600, 1),
(74, 601, 1),
(74, 602, 1),
(74, 603, 1),
(74, 604, 1),
(74, 605, 1),
(74, 606, 1),
(74, 607, 1),
(74, 608, 1),
(74, 609, 1),
(74, 610, 1),
(74, 611, 1),
(74, 612, 1),
(74, 613, 1),
(74, 614, 1),
(74, 615, 1),
(74, 616, 1),
(74, 617, 1),
(74, 618, 1),
(74, 619, 1),
(74, 620, 1),
(74, 621, 1),
(74, 626, 1),
(74, 649, 1),
(74, 650, 1),
(74, 651, 1),
(74, 652, 1),
(74, 653, 1),
(74, 654, 1),
(74, 655, 1),
(74, 656, 1),
(74, 657, 1),
(74, 658, 1),
(74, 659, 1),
(74, 660, 1),
(74, 661, 1),
(74, 662, 1),
(74, 663, 1),
(74, 664, 1),
(74, 665, 1),
(74, 666, 1),
(74, 667, 1),
(74, 668, 1),
(74, 669, 1),
(74, 670, 1),
(74, 671, 1),
(74, 672, 1),
(74, 717, 1),
(74, 718, 1),
(74, 719, 1),
(74, 720, 1),
(74, 721, 1),
(74, 722, 1),
(74, 723, 1),
(74, 724, 1),
(74, 725, 1),
(74, 726, 1),
(74, 727, 1),
(74, 728, 1),
(74, 729, 1),
(74, 730, 1),
(74, 731, 1),
(74, 732, 1),
(74, 733, 1),
(74, 734, 1),
(74, 735, 1),
(74, 736, 1),
(74, 737, 1),
(74, 738, 1),
(74, 739, 1),
(74, 740, 1),
(74, 741, 1),
(74, 742, 1),
(74, 743, 1),
(74, 744, 1),
(74, 745, 1),
(74, 746, 1),
(74, 747, 1),
(74, 748, 1),
(74, 749, 1),
(74, 750, 1),
(74, 751, 1),
(74, 752, 1),
(74, 753, 1),
(74, 754, 1),
(74, 755, 1),
(74, 782, 1),
(74, 783, 1),
(74, 784, 1),
(74, 785, 1),
(74, 790, 1),
(74, 791, 1),
(74, 792, 1),
(74, 793, 1),
(74, 794, 1),
(74, 795, 1),
(74, 796, 1),
(74, 797, 1),
(74, 798, 1),
(74, 799, 1),
(74, 800, 1),
(74, 801, 1),
(74, 802, 1),
(74, 803, 1),
(74, 804, 1),
(74, 805, 1),
(74, 806, 1),
(74, 807, 1),
(74, 808, 1),
(74, 809, 1),
(74, 810, 1),
(74, 811, 1),
(74, 812, 1),
(74, 813, 1),
(74, 814, 1),
(74, 815, 1),
(74, 816, 1),
(74, 817, 1),
(74, 818, 1),
(74, 819, 1),
(74, 820, 1),
(74, 821, 1),
(74, 822, 1),
(74, 823, 1),
(74, 824, 1),
(74, 825, 1),
(74, 826, 1),
(74, 827, 1),
(74, 828, 1),
(74, 829, 1),
(74, 830, 1),
(74, 831, 1),
(74, 832, 1),
(74, 833, 1),
(74, 834, 1),
(74, 835, 1),
(74, 836, 1),
(74, 837, 1),
(74, 838, 1),
(74, 839, 1),
(74, 840, 1),
(74, 841, 1),
(74, 842, 1),
(74, 843, 1),
(74, 844, 1),
(74, 845, 1),
(74, 846, 1),
(74, 847, 1),
(74, 848, 1),
(74, 849, 1),
(74, 850, 1),
(74, 851, 1),
(74, 852, 1),
(74, 853, 1),
(74, 854, 1),
(74, 855, 1),
(74, 856, 1),
(74, 861, 1),
(74, 862, 1),
(74, 863, 1),
(74, 864, 1),
(75, 1, 1),
(75, 2, 1),
(75, 3, 1),
(75, 4, 1),
(75, 5, 1),
(75, 6, 1),
(75, 7, 1),
(75, 8, 1),
(75, 9, 1),
(75, 10, 1),
(75, 11, 1),
(75, 12, 1),
(75, 13, 1),
(75, 14, 1),
(75, 15, 1),
(75, 16, 1),
(75, 17, 1),
(75, 18, 1),
(75, 19, 1),
(75, 20, 1),
(75, 21, 1),
(75, 22, 1),
(75, 23, 1),
(75, 24, 1),
(75, 25, 1),
(75, 26, 1),
(75, 27, 1),
(75, 28, 1),
(75, 29, 1),
(75, 30, 1),
(75, 31, 1),
(75, 32, 1),
(75, 33, 1),
(75, 34, 1),
(75, 35, 1),
(75, 36, 1),
(75, 37, 1),
(75, 38, 1),
(75, 39, 1),
(75, 40, 1),
(75, 41, 1),
(75, 42, 1),
(75, 43, 1),
(75, 44, 1),
(75, 45, 1),
(75, 46, 1),
(75, 47, 1),
(75, 48, 1),
(75, 49, 1),
(75, 50, 1),
(75, 51, 1),
(75, 52, 1),
(75, 53, 1),
(75, 54, 1),
(75, 55, 1),
(75, 56, 1),
(75, 57, 1),
(75, 58, 1),
(75, 59, 1),
(75, 60, 1),
(75, 61, 1),
(75, 92, 1),
(75, 93, 1),
(75, 94, 1),
(75, 95, 1),
(75, 96, 1),
(75, 97, 1),
(75, 98, 1),
(75, 99, 1),
(75, 100, 1),
(75, 101, 1),
(75, 102, 1),
(75, 103, 1),
(75, 104, 1),
(75, 105, 1),
(75, 106, 1),
(75, 107, 1),
(75, 108, 1),
(75, 109, 1),
(75, 110, 1),
(75, 111, 1),
(75, 112, 1),
(75, 113, 1),
(75, 114, 1),
(75, 115, 1),
(75, 116, 1),
(75, 117, 1),
(75, 118, 1),
(75, 119, 1),
(75, 120, 1),
(75, 121, 1),
(75, 122, 1),
(75, 123, 1),
(75, 124, 1),
(75, 125, 1),
(75, 126, 1),
(75, 127, 1),
(75, 128, 1),
(75, 129, 1),
(75, 130, 1),
(75, 131, 1),
(75, 132, 1),
(75, 133, 1),
(75, 134, 1),
(75, 135, 1),
(75, 136, 1),
(75, 137, 1),
(75, 138, 1),
(75, 139, 1),
(75, 140, 1),
(75, 141, 1),
(75, 142, 1),
(75, 143, 1),
(75, 144, 1),
(75, 145, 1),
(75, 146, 1),
(75, 147, 1),
(75, 148, 1),
(75, 149, 1),
(75, 150, 1),
(75, 151, 1),
(75, 152, 1),
(75, 153, 1),
(75, 154, 1),
(75, 159, 1),
(75, 160, 1),
(75, 161, 1),
(75, 162, 1),
(75, 163, 1),
(75, 164, 1),
(75, 165, 1),
(75, 166, 1),
(75, 167, 1),
(75, 168, 1),
(75, 169, 1),
(75, 170, 1),
(75, 171, 1),
(75, 176, 1),
(75, 177, 1),
(75, 178, 1),
(75, 179, 1),
(75, 180, 1),
(75, 181, 1),
(75, 182, 1),
(75, 183, 1),
(75, 184, 1),
(75, 190, 1),
(75, 191, 1),
(75, 192, 1),
(75, 193, 1),
(75, 194, 1),
(75, 195, 1),
(75, 196, 1),
(75, 197, 1),
(75, 198, 1),
(75, 199, 1),
(75, 200, 1),
(75, 201, 1),
(75, 202, 1),
(75, 203, 1),
(75, 204, 1),
(75, 205, 1),
(75, 206, 1),
(75, 207, 1),
(75, 208, 1),
(75, 209, 1),
(75, 210, 1),
(75, 211, 1),
(75, 212, 1),
(75, 213, 1),
(75, 214, 1),
(75, 215, 1),
(75, 216, 1),
(75, 217, 1),
(75, 218, 1),
(75, 220, 1),
(75, 221, 1),
(75, 222, 1),
(75, 223, 1),
(75, 224, 1),
(75, 225, 1),
(75, 226, 1),
(75, 227, 1),
(75, 228, 1),
(75, 229, 1),
(75, 230, 1),
(75, 231, 1),
(75, 232, 1),
(75, 233, 1),
(75, 234, 1),
(75, 235, 1),
(75, 236, 1),
(75, 237, 1),
(75, 238, 1),
(75, 239, 1),
(75, 240, 1),
(75, 241, 1),
(75, 242, 1),
(75, 243, 1),
(75, 244, 1),
(75, 245, 1),
(75, 246, 1),
(75, 247, 1),
(75, 248, 1),
(75, 249, 1),
(75, 250, 1),
(75, 251, 1),
(75, 252, 1),
(75, 253, 1),
(75, 254, 1),
(75, 255, 1),
(75, 256, 1),
(75, 257, 1),
(75, 258, 1),
(75, 259, 1),
(75, 260, 1),
(75, 261, 1),
(75, 262, 1),
(75, 263, 1),
(75, 264, 1),
(75, 265, 1),
(75, 266, 1),
(75, 267, 1),
(75, 268, 1),
(75, 269, 1),
(75, 270, 1),
(75, 271, 1),
(75, 272, 1),
(75, 273, 1),
(75, 274, 1),
(75, 275, 1),
(75, 276, 1),
(75, 277, 1),
(75, 278, 1),
(75, 279, 1),
(75, 280, 1),
(75, 281, 1),
(75, 282, 1),
(75, 283, 1),
(75, 284, 1),
(75, 285, 1),
(75, 286, 1),
(75, 287, 1),
(75, 288, 1),
(75, 289, 1),
(75, 290, 1),
(75, 291, 1),
(75, 853, 1),
(75, 854, 1),
(75, 855, 1),
(75, 856, 1),
(75, 861, 1),
(75, 862, 1),
(75, 863, 1),
(75, 864, 1),
(76, 1, 1),
(76, 2, 1),
(76, 3, 1),
(76, 4, 1),
(76, 5, 1),
(76, 6, 1),
(76, 7, 1),
(76, 8, 1),
(76, 9, 1),
(76, 10, 1),
(76, 11, 1),
(76, 12, 1),
(76, 13, 1),
(76, 14, 1),
(76, 15, 1),
(76, 16, 1),
(76, 17, 1),
(76, 18, 1),
(76, 19, 1),
(76, 20, 1),
(76, 21, 1),
(76, 22, 1),
(76, 23, 1),
(76, 24, 1),
(76, 25, 1),
(76, 26, 1),
(76, 27, 1),
(76, 28, 1),
(76, 29, 1),
(76, 30, 1),
(76, 31, 1),
(76, 32, 1),
(76, 33, 1),
(76, 34, 1),
(76, 35, 1),
(76, 36, 1),
(76, 37, 1),
(76, 38, 1),
(76, 39, 1),
(76, 40, 1),
(76, 41, 1),
(76, 42, 1),
(76, 43, 1),
(76, 44, 1),
(76, 45, 1),
(76, 46, 1),
(76, 47, 1),
(76, 48, 1),
(76, 49, 1),
(76, 50, 1),
(76, 51, 1),
(76, 52, 1),
(76, 53, 1),
(76, 54, 1),
(76, 55, 1),
(76, 56, 1),
(76, 57, 1),
(76, 58, 1),
(76, 59, 1),
(76, 60, 1),
(76, 61, 1),
(76, 92, 1),
(76, 93, 1),
(76, 94, 1),
(76, 95, 1),
(76, 96, 1),
(76, 97, 1),
(76, 98, 1),
(76, 99, 1),
(76, 100, 1),
(76, 101, 1),
(76, 102, 1),
(76, 103, 1),
(76, 104, 1),
(76, 105, 1),
(76, 106, 1),
(76, 107, 1),
(76, 108, 1),
(76, 109, 1),
(76, 110, 1),
(76, 111, 1),
(76, 112, 1),
(76, 113, 1),
(76, 114, 1),
(76, 115, 1),
(76, 116, 1),
(76, 117, 1),
(76, 118, 1),
(76, 119, 1),
(76, 120, 1),
(76, 121, 1),
(76, 122, 1),
(76, 123, 1),
(76, 124, 1),
(76, 125, 1),
(76, 126, 1),
(76, 127, 1),
(76, 128, 1),
(76, 129, 1),
(76, 130, 1),
(76, 131, 1),
(76, 132, 1),
(76, 133, 1),
(76, 134, 1),
(76, 135, 1),
(76, 136, 1),
(76, 137, 1),
(76, 138, 1),
(76, 139, 1),
(76, 140, 1),
(76, 141, 1),
(76, 142, 1),
(76, 143, 1),
(76, 144, 1),
(76, 145, 1),
(76, 146, 1),
(76, 147, 1),
(76, 148, 1),
(76, 149, 1),
(76, 150, 1),
(76, 151, 1),
(76, 152, 1),
(76, 153, 1),
(76, 154, 1),
(76, 159, 1),
(76, 160, 1),
(76, 161, 1);
INSERT INTO `role_permission` (`role_id`, `permission_id`, `value`) VALUES
(76, 162, 1),
(76, 163, 1),
(76, 164, 1),
(76, 165, 1),
(76, 166, 1),
(76, 167, 1),
(76, 168, 1),
(76, 169, 1),
(76, 170, 1),
(76, 171, 1),
(76, 176, 1),
(76, 177, 1),
(76, 178, 1),
(76, 179, 1),
(76, 180, 1),
(76, 181, 1),
(76, 182, 1),
(76, 183, 1),
(76, 184, 1),
(76, 190, 1),
(76, 191, 1),
(76, 192, 1),
(76, 193, 1),
(76, 194, 1),
(76, 195, 1),
(76, 196, 1),
(76, 197, 1),
(76, 198, 1),
(76, 199, 1),
(76, 200, 1),
(76, 201, 1),
(76, 202, 1),
(76, 203, 1),
(76, 204, 1),
(76, 205, 1),
(76, 206, 1),
(76, 207, 1),
(76, 208, 1),
(76, 209, 1),
(76, 210, 1),
(76, 211, 1),
(76, 212, 1),
(76, 213, 1),
(76, 214, 1),
(76, 215, 1),
(76, 216, 1),
(76, 217, 1),
(76, 218, 1),
(76, 220, 1),
(76, 221, 1),
(76, 222, 1),
(76, 223, 1),
(76, 224, 1),
(76, 225, 1),
(76, 226, 1),
(76, 227, 1),
(76, 228, 1),
(76, 229, 1),
(76, 230, 1),
(76, 231, 1),
(76, 232, 1),
(76, 233, 1),
(76, 234, 1),
(76, 235, 1),
(76, 236, 1),
(76, 237, 1),
(76, 238, 1),
(76, 239, 1),
(76, 240, 1),
(76, 241, 1),
(76, 242, 1),
(76, 243, 1),
(76, 244, 1),
(76, 245, 1),
(76, 246, 1),
(76, 247, 1),
(76, 248, 1),
(76, 249, 1),
(76, 250, 1),
(76, 251, 1),
(76, 252, 1),
(76, 253, 1),
(76, 254, 1),
(76, 255, 1),
(76, 256, 1),
(76, 257, 1),
(76, 258, 1),
(76, 259, 1),
(76, 260, 1),
(76, 261, 1),
(76, 262, 1),
(76, 263, 1),
(76, 264, 1),
(76, 265, 1),
(76, 266, 1),
(76, 267, 1),
(76, 268, 1),
(76, 269, 1),
(76, 270, 1),
(76, 271, 1),
(76, 272, 1),
(76, 273, 1),
(76, 274, 1),
(76, 275, 1),
(76, 276, 1),
(76, 277, 1),
(76, 278, 1),
(76, 279, 1),
(76, 280, 1),
(76, 281, 1),
(76, 282, 1),
(76, 283, 1),
(76, 284, 1),
(76, 285, 1),
(76, 286, 1),
(76, 287, 1),
(76, 288, 1),
(76, 289, 1),
(76, 290, 1),
(76, 291, 1),
(76, 292, 1),
(76, 293, 1),
(76, 294, 1),
(76, 295, 1),
(76, 296, 1),
(76, 297, 1),
(76, 298, 1),
(76, 299, 1),
(76, 300, 1),
(76, 301, 1),
(76, 302, 1),
(76, 303, 1),
(76, 304, 1),
(76, 305, 1),
(76, 306, 1),
(76, 307, 1),
(76, 308, 1),
(76, 309, 1),
(76, 310, 1),
(76, 311, 1),
(76, 312, 1),
(76, 313, 1),
(76, 314, 1),
(76, 315, 1),
(76, 316, 1),
(76, 317, 1),
(76, 318, 1),
(76, 319, 1),
(76, 320, 1),
(76, 321, 1),
(76, 322, 1),
(76, 323, 1),
(76, 324, 1),
(76, 325, 1),
(76, 326, 1),
(76, 354, 1),
(76, 355, 1),
(76, 356, 1),
(76, 362, 1),
(76, 363, 1),
(76, 364, 1),
(76, 365, 1),
(76, 376, 1),
(76, 378, 1),
(76, 379, 1),
(76, 380, 1),
(76, 381, 1),
(76, 382, 1),
(76, 383, 1),
(76, 384, 1),
(76, 385, 1),
(76, 386, 1),
(76, 387, 1),
(76, 388, 1),
(76, 389, 1),
(76, 390, 1),
(76, 391, 1),
(76, 392, 1),
(76, 393, 1),
(76, 394, 1),
(76, 395, 1),
(76, 396, 1),
(76, 397, 1),
(76, 398, 1),
(76, 399, 1),
(76, 400, 1),
(76, 401, 1),
(76, 402, 1),
(76, 403, 1),
(76, 404, 1),
(76, 405, 1),
(76, 406, 1),
(76, 407, 1),
(76, 408, 1),
(76, 411, 1),
(76, 412, 1),
(76, 413, 1),
(76, 414, 1),
(76, 415, 1),
(76, 416, 1),
(76, 417, 1),
(76, 418, 1),
(76, 419, 1),
(76, 420, 1),
(76, 421, 1),
(76, 486, 1),
(76, 487, 1),
(76, 488, 1),
(76, 489, 1),
(76, 490, 1),
(76, 491, 1),
(76, 492, 1),
(76, 493, 1),
(76, 494, 1),
(76, 495, 1),
(76, 496, 1),
(76, 497, 1),
(76, 498, 1),
(76, 499, 1),
(76, 500, 1),
(76, 501, 1),
(76, 502, 1),
(76, 503, 1),
(76, 504, 1),
(76, 505, 1),
(76, 506, 1),
(76, 507, 1),
(76, 508, 1),
(76, 509, 1),
(76, 510, 1),
(76, 511, 1),
(76, 512, 1),
(76, 513, 1),
(76, 514, 1),
(76, 515, 1),
(76, 516, 1),
(76, 517, 1),
(76, 530, 1),
(76, 531, 1),
(76, 532, 1),
(76, 533, 1),
(76, 534, 1),
(76, 535, 1),
(76, 536, 1),
(76, 537, 1),
(76, 538, 1),
(76, 539, 1),
(76, 540, 1),
(76, 541, 1),
(76, 543, 1),
(76, 544, 1),
(76, 545, 1),
(76, 546, 1),
(76, 547, 1),
(76, 548, 1),
(76, 549, 1),
(76, 550, 1),
(76, 551, 1),
(76, 552, 1),
(76, 553, 1),
(76, 554, 1),
(76, 555, 1),
(76, 556, 1),
(76, 557, 1),
(76, 558, 1),
(76, 559, 1),
(76, 560, 1),
(76, 561, 1),
(76, 562, 1),
(76, 563, 1),
(76, 564, 1),
(76, 565, 1),
(76, 566, 1),
(76, 567, 1),
(76, 568, 1),
(76, 569, 1),
(76, 570, 1),
(76, 571, 1),
(76, 572, 1),
(76, 573, 1),
(76, 574, 1),
(76, 575, 1),
(76, 576, 1),
(76, 577, 1),
(76, 578, 1),
(76, 579, 1),
(76, 580, 1),
(76, 581, 1),
(76, 582, 1),
(76, 583, 1),
(76, 584, 1),
(76, 585, 1),
(76, 586, 1),
(76, 587, 1),
(76, 588, 1),
(76, 589, 1),
(76, 590, 1),
(76, 591, 1),
(76, 592, 1),
(76, 593, 1),
(76, 594, 1),
(76, 595, 1),
(76, 596, 1),
(76, 597, 1),
(76, 598, 1),
(76, 599, 1),
(76, 600, 1),
(76, 601, 1),
(76, 602, 1),
(76, 603, 1),
(76, 604, 1),
(76, 605, 1),
(76, 606, 1),
(76, 607, 1),
(76, 608, 1),
(76, 609, 1),
(76, 610, 1),
(76, 611, 1),
(76, 612, 1),
(76, 613, 1),
(76, 614, 1),
(76, 615, 1),
(76, 616, 1),
(76, 617, 1),
(76, 618, 1),
(76, 619, 1),
(76, 620, 1),
(76, 621, 1),
(76, 626, 1),
(76, 649, 1),
(76, 650, 1),
(76, 651, 1),
(76, 652, 1),
(76, 653, 1),
(76, 654, 1),
(76, 655, 1),
(76, 656, 1),
(76, 657, 1),
(76, 658, 1),
(76, 659, 1),
(76, 660, 1),
(76, 661, 1),
(76, 662, 1),
(76, 663, 1),
(76, 664, 1),
(76, 665, 1),
(76, 666, 1),
(76, 667, 1),
(76, 668, 1),
(76, 669, 1),
(76, 670, 1),
(76, 671, 1),
(76, 672, 1),
(76, 673, 1),
(76, 674, 1),
(76, 675, 1),
(76, 676, 1),
(76, 677, 1),
(76, 678, 1),
(76, 679, 1),
(76, 680, 1),
(76, 681, 1),
(76, 682, 1),
(76, 683, 1),
(76, 684, 1),
(76, 685, 1),
(76, 686, 1),
(76, 687, 1),
(76, 688, 1),
(76, 689, 1),
(76, 690, 1),
(76, 691, 1),
(76, 692, 1),
(76, 693, 1),
(76, 694, 1),
(76, 695, 1),
(76, 696, 1),
(76, 697, 1),
(76, 698, 1),
(76, 699, 1),
(76, 700, 1),
(76, 701, 1),
(76, 702, 1),
(76, 703, 1),
(76, 704, 1),
(76, 705, 1),
(76, 706, 1),
(76, 707, 1),
(76, 708, 1),
(76, 709, 1),
(76, 710, 1),
(76, 711, 1),
(76, 712, 1),
(76, 713, 1),
(76, 714, 1),
(76, 715, 1),
(76, 716, 1),
(76, 717, 1),
(76, 718, 1),
(76, 719, 1),
(76, 720, 1),
(76, 721, 1),
(76, 722, 1),
(76, 723, 1),
(76, 724, 1),
(76, 725, 1),
(76, 726, 1),
(76, 727, 1),
(76, 728, 1),
(76, 729, 1),
(76, 730, 1),
(76, 731, 1),
(76, 732, 1),
(76, 733, 1),
(76, 734, 1),
(76, 735, 1),
(76, 736, 1),
(76, 737, 1),
(76, 738, 1),
(76, 739, 1),
(76, 740, 1),
(76, 741, 1),
(76, 742, 1),
(76, 743, 1),
(76, 744, 1),
(76, 745, 1),
(76, 746, 1),
(76, 747, 1),
(76, 748, 1),
(76, 749, 1),
(76, 750, 1),
(76, 751, 1),
(76, 752, 1),
(76, 753, 1),
(76, 754, 1),
(76, 755, 1),
(76, 756, 1),
(76, 757, 1),
(76, 758, 1),
(76, 759, 1),
(76, 760, 1),
(76, 761, 1),
(76, 762, 1),
(76, 763, 1),
(76, 764, 1),
(76, 765, 1),
(76, 766, 1),
(76, 767, 1),
(76, 768, 1),
(76, 769, 1),
(76, 770, 1),
(76, 771, 1),
(76, 772, 1),
(76, 773, 1),
(76, 774, 1),
(76, 775, 1),
(76, 776, 1),
(76, 777, 1),
(76, 778, 1),
(76, 779, 1),
(76, 780, 1),
(76, 781, 1),
(76, 782, 1),
(76, 783, 1),
(76, 784, 1),
(76, 785, 1),
(76, 786, 1),
(76, 787, 1),
(76, 788, 1),
(76, 789, 1),
(76, 790, 1),
(76, 791, 1),
(76, 792, 1),
(76, 793, 1),
(76, 794, 1),
(76, 795, 1),
(76, 796, 1),
(76, 797, 1),
(76, 798, 1),
(76, 799, 1),
(76, 800, 1),
(76, 801, 1),
(76, 802, 1),
(76, 803, 1),
(76, 804, 1),
(76, 805, 1),
(76, 806, 1),
(76, 807, 1),
(76, 808, 1),
(76, 809, 1),
(76, 810, 1),
(76, 811, 1),
(76, 812, 1),
(76, 813, 1),
(76, 814, 1),
(76, 815, 1),
(76, 816, 1),
(76, 817, 1),
(76, 818, 1),
(76, 819, 1),
(76, 820, 1),
(76, 821, 1),
(76, 822, 1),
(76, 823, 1),
(76, 824, 1),
(76, 825, 1),
(76, 826, 1),
(76, 827, 1),
(76, 828, 1),
(76, 829, 1),
(76, 830, 1),
(76, 831, 1),
(76, 832, 1),
(76, 833, 1),
(76, 834, 1),
(76, 835, 1),
(76, 836, 1),
(76, 837, 1),
(76, 838, 1),
(76, 839, 1),
(76, 840, 1),
(76, 841, 1),
(76, 842, 1),
(76, 843, 1),
(76, 844, 1),
(76, 845, 1),
(76, 846, 1),
(76, 847, 1),
(76, 848, 1),
(76, 849, 1),
(76, 850, 1),
(76, 851, 1),
(76, 852, 1),
(76, 853, 1),
(76, 854, 1),
(76, 855, 1),
(76, 856, 1),
(76, 861, 1),
(76, 862, 1),
(76, 863, 1),
(76, 864, 1),
(77, 1, 1),
(77, 2, 1),
(77, 3, 1),
(77, 4, 1),
(77, 5, 1),
(77, 6, 1),
(77, 7, 1),
(77, 8, 1),
(77, 9, 1),
(77, 10, 1),
(77, 11, 1),
(77, 12, 1),
(77, 13, 1),
(77, 14, 1),
(77, 15, 1),
(77, 16, 1),
(77, 17, 1),
(77, 18, 1),
(77, 19, 1),
(77, 20, 1),
(77, 21, 1),
(77, 22, 1),
(77, 23, 1),
(77, 24, 1),
(77, 25, 1),
(77, 26, 1),
(77, 27, 1),
(77, 28, 1),
(77, 29, 1),
(77, 30, 1),
(77, 31, 1),
(77, 32, 1),
(77, 33, 1),
(77, 34, 1),
(77, 35, 1),
(77, 36, 1),
(77, 37, 1),
(77, 38, 1),
(77, 39, 1),
(77, 40, 1),
(77, 41, 1),
(77, 42, 1),
(77, 43, 1),
(77, 44, 1),
(77, 45, 1),
(77, 46, 1),
(77, 47, 1),
(77, 48, 1),
(77, 49, 1),
(77, 50, 1),
(77, 51, 1),
(77, 52, 1),
(77, 53, 1),
(77, 54, 1),
(77, 55, 1),
(77, 56, 1),
(77, 57, 1),
(77, 58, 1),
(77, 59, 1),
(77, 60, 1),
(77, 61, 1),
(77, 92, 1),
(77, 93, 1),
(77, 94, 1),
(77, 95, 1),
(77, 96, 1),
(77, 97, 1),
(77, 98, 1),
(77, 99, 1),
(77, 100, 1),
(77, 101, 1),
(77, 102, 1),
(77, 103, 1),
(77, 104, 1),
(77, 105, 1),
(77, 106, 1),
(77, 107, 1),
(77, 108, 1),
(77, 109, 1),
(77, 110, 1),
(77, 111, 1),
(77, 112, 1),
(77, 113, 1),
(77, 114, 1),
(77, 115, 1),
(77, 116, 1),
(77, 117, 1),
(77, 118, 1),
(77, 119, 1),
(77, 120, 1),
(77, 121, 1),
(77, 122, 1),
(77, 123, 1),
(77, 124, 1),
(77, 125, 1),
(77, 126, 1),
(77, 127, 1),
(77, 128, 1),
(77, 129, 1),
(77, 130, 1),
(77, 131, 1),
(77, 132, 1),
(77, 133, 1),
(77, 134, 1),
(77, 135, 1),
(77, 136, 1),
(77, 137, 1),
(77, 138, 1),
(77, 139, 1),
(77, 140, 1),
(77, 141, 1),
(77, 142, 1),
(77, 143, 1),
(77, 144, 1),
(77, 145, 1),
(77, 146, 1),
(77, 147, 1),
(77, 148, 1),
(77, 149, 1),
(77, 150, 1),
(77, 151, 1),
(77, 152, 1),
(77, 153, 1),
(77, 154, 1),
(77, 159, 1),
(77, 160, 1),
(77, 161, 1),
(77, 162, 1),
(77, 163, 1),
(77, 164, 1),
(77, 165, 1),
(77, 166, 1),
(77, 167, 1),
(77, 168, 1),
(77, 169, 1),
(77, 170, 1),
(77, 171, 1),
(77, 176, 1),
(77, 177, 1),
(77, 178, 1),
(77, 179, 1),
(77, 180, 1),
(77, 181, 1),
(77, 182, 1),
(77, 183, 1),
(77, 184, 1),
(77, 190, 1),
(77, 191, 1),
(77, 192, 1),
(77, 193, 1),
(77, 194, 1),
(77, 195, 1),
(77, 196, 1),
(77, 197, 1),
(77, 198, 1),
(77, 199, 1),
(77, 200, 1),
(77, 201, 1),
(77, 202, 1),
(77, 203, 1),
(77, 204, 1),
(77, 205, 1),
(77, 206, 1),
(77, 207, 1),
(77, 208, 1),
(77, 209, 1),
(77, 210, 1),
(77, 211, 1),
(77, 212, 1),
(77, 213, 1),
(77, 214, 1),
(77, 215, 1),
(77, 216, 1),
(77, 217, 1),
(77, 218, 1),
(77, 220, 1),
(77, 221, 1),
(77, 222, 1),
(77, 223, 1),
(77, 224, 1),
(77, 225, 1),
(77, 226, 1),
(77, 227, 1),
(77, 228, 1),
(77, 229, 1),
(77, 230, 1),
(77, 231, 1),
(77, 232, 1),
(77, 233, 1),
(77, 234, 1),
(77, 235, 1),
(77, 236, 1),
(77, 237, 1),
(77, 238, 1),
(77, 239, 1),
(77, 240, 1),
(77, 241, 1),
(77, 242, 1),
(77, 243, 1),
(77, 244, 1),
(77, 245, 1),
(77, 246, 1),
(77, 247, 1),
(77, 248, 1),
(77, 249, 1),
(77, 250, 1),
(77, 251, 1),
(77, 252, 1),
(77, 253, 1),
(77, 254, 1),
(77, 255, 1),
(77, 256, 1),
(77, 257, 1),
(77, 258, 1),
(77, 259, 1),
(77, 260, 1),
(77, 261, 1),
(77, 262, 1),
(77, 263, 1),
(77, 264, 1),
(77, 265, 1),
(77, 266, 1),
(77, 267, 1),
(77, 268, 1),
(77, 269, 1),
(77, 270, 1),
(77, 271, 1),
(77, 272, 1),
(77, 273, 1),
(77, 274, 1),
(77, 275, 1),
(77, 276, 1),
(77, 277, 1),
(77, 278, 1),
(77, 279, 1),
(77, 280, 1),
(77, 281, 1),
(77, 282, 1),
(77, 283, 1),
(77, 284, 1),
(77, 285, 1),
(77, 286, 1),
(77, 287, 1),
(77, 288, 1),
(77, 289, 1),
(77, 290, 1),
(77, 291, 1),
(77, 292, 1),
(77, 293, 1),
(77, 294, 1),
(77, 295, 1),
(77, 296, 1),
(77, 297, 1),
(77, 298, 1),
(77, 299, 1),
(77, 300, 1),
(77, 301, 1),
(77, 302, 1),
(77, 303, 1),
(77, 304, 1),
(77, 305, 1),
(77, 306, 1),
(77, 307, 1),
(77, 308, 1),
(77, 309, 1),
(77, 310, 1),
(77, 311, 1),
(77, 312, 1),
(77, 313, 1),
(77, 314, 1),
(77, 315, 1),
(77, 316, 1),
(77, 317, 1),
(77, 318, 1),
(77, 319, 1),
(77, 320, 1),
(77, 321, 1),
(77, 322, 1),
(77, 323, 1),
(77, 324, 1),
(77, 325, 1),
(77, 326, 1),
(77, 354, 1),
(77, 355, 1),
(77, 356, 1),
(77, 362, 1),
(77, 363, 1),
(77, 364, 1),
(77, 365, 1),
(77, 376, 1),
(77, 378, 1),
(77, 379, 1),
(77, 380, 1),
(77, 381, 1),
(77, 382, 1),
(77, 383, 1),
(77, 384, 1),
(77, 385, 1),
(77, 386, 1),
(77, 387, 1),
(77, 388, 1),
(77, 389, 1),
(77, 390, 1),
(77, 391, 1),
(77, 392, 1),
(77, 393, 1),
(77, 394, 1),
(77, 395, 1),
(77, 396, 1),
(77, 397, 1),
(77, 398, 1),
(77, 399, 1),
(77, 400, 1),
(77, 401, 1),
(77, 402, 1),
(77, 403, 1),
(77, 404, 1),
(77, 405, 1),
(77, 406, 1),
(77, 407, 1),
(77, 408, 1),
(77, 411, 1),
(77, 412, 1),
(77, 413, 1),
(77, 414, 1),
(77, 415, 1),
(77, 416, 1),
(77, 417, 1),
(77, 418, 1),
(77, 419, 1),
(77, 420, 1),
(77, 421, 1),
(77, 486, 1),
(77, 487, 1),
(77, 488, 1),
(77, 489, 1),
(77, 490, 1),
(77, 491, 1),
(77, 492, 1),
(77, 493, 1),
(77, 494, 1),
(77, 495, 1),
(77, 496, 1),
(77, 497, 1),
(77, 498, 1),
(77, 499, 1),
(77, 500, 1),
(77, 501, 1),
(77, 502, 1),
(77, 503, 1),
(77, 504, 1),
(77, 505, 1),
(77, 506, 1),
(77, 507, 1),
(77, 508, 1),
(77, 509, 1),
(77, 510, 1),
(77, 511, 1),
(77, 512, 1),
(77, 513, 1),
(77, 514, 1),
(77, 515, 1),
(77, 516, 1),
(77, 517, 1),
(77, 530, 1),
(77, 531, 1),
(77, 532, 1),
(77, 533, 1),
(77, 534, 1),
(77, 535, 1),
(77, 536, 1),
(77, 537, 1),
(77, 538, 1),
(77, 539, 1),
(77, 540, 1),
(77, 541, 1),
(77, 543, 1),
(77, 544, 1),
(77, 545, 1),
(77, 546, 1),
(77, 547, 1),
(77, 548, 1),
(77, 549, 1),
(77, 550, 1),
(77, 551, 1),
(77, 552, 1),
(77, 553, 1),
(77, 554, 1),
(77, 555, 1),
(77, 556, 1),
(77, 557, 1),
(77, 558, 1),
(77, 559, 1),
(77, 560, 1),
(77, 561, 1),
(77, 562, 1),
(77, 563, 1),
(77, 564, 1),
(77, 565, 1),
(77, 566, 1),
(77, 567, 1),
(77, 568, 1),
(77, 569, 1),
(77, 570, 1),
(77, 571, 1),
(77, 572, 1),
(77, 573, 1),
(77, 574, 1),
(77, 575, 1),
(77, 576, 1),
(77, 577, 1),
(77, 578, 1),
(77, 579, 1),
(77, 580, 1),
(77, 581, 1),
(77, 582, 1),
(77, 583, 1),
(77, 584, 1),
(77, 585, 1),
(77, 586, 1),
(77, 587, 1),
(77, 588, 1),
(77, 589, 1),
(77, 590, 1),
(77, 591, 1),
(77, 592, 1),
(77, 593, 1),
(77, 594, 1),
(77, 595, 1),
(77, 596, 1),
(77, 597, 1),
(77, 598, 1),
(77, 599, 1),
(77, 600, 1),
(77, 601, 1),
(77, 602, 1),
(77, 603, 1),
(77, 604, 1),
(77, 605, 1),
(77, 606, 1),
(77, 607, 1),
(77, 608, 1),
(77, 609, 1),
(77, 610, 1),
(77, 611, 1),
(77, 612, 1),
(77, 613, 1),
(77, 614, 1),
(77, 615, 1),
(77, 616, 1),
(77, 617, 1),
(77, 618, 1),
(77, 619, 1),
(77, 620, 1),
(77, 621, 1),
(77, 626, 1),
(77, 649, 1),
(77, 650, 1),
(77, 651, 1),
(77, 652, 1),
(77, 653, 1),
(77, 654, 1),
(77, 655, 1),
(77, 656, 1),
(77, 657, 1),
(77, 658, 1),
(77, 659, 1),
(77, 660, 1),
(77, 661, 1),
(77, 662, 1),
(77, 663, 1),
(77, 664, 1),
(77, 665, 1),
(77, 666, 1),
(77, 667, 1),
(77, 668, 1),
(77, 669, 1),
(77, 670, 1),
(77, 671, 1),
(77, 672, 1),
(77, 673, 1),
(77, 674, 1),
(77, 675, 1),
(77, 676, 1),
(77, 677, 1),
(77, 678, 1),
(77, 679, 1),
(77, 680, 1),
(77, 681, 1),
(77, 682, 1),
(77, 683, 1),
(77, 684, 1),
(77, 685, 1),
(77, 686, 1),
(77, 687, 1),
(77, 688, 1),
(77, 689, 1),
(77, 690, 1),
(77, 691, 1),
(77, 692, 1),
(77, 693, 1),
(77, 694, 1),
(77, 695, 1),
(77, 696, 1),
(77, 697, 1),
(77, 698, 1),
(77, 699, 1),
(77, 700, 1),
(77, 701, 1),
(77, 702, 1),
(77, 703, 1),
(77, 704, 1),
(77, 705, 1),
(77, 706, 1),
(77, 707, 1),
(77, 708, 1),
(77, 709, 1),
(77, 710, 1),
(77, 711, 1),
(77, 712, 1),
(77, 713, 1),
(77, 714, 1),
(77, 715, 1),
(77, 716, 1),
(77, 717, 1),
(77, 718, 1),
(77, 719, 1),
(77, 720, 1),
(77, 721, 1),
(77, 722, 1),
(77, 723, 1),
(77, 724, 1),
(77, 725, 1),
(77, 726, 1),
(77, 727, 1),
(77, 728, 1),
(77, 729, 1),
(77, 730, 1),
(77, 731, 1),
(77, 732, 1),
(77, 733, 1),
(77, 734, 1),
(77, 735, 1),
(77, 736, 1),
(77, 737, 1),
(77, 738, 1),
(77, 739, 1),
(77, 740, 1),
(77, 741, 1),
(77, 742, 1),
(77, 743, 1),
(77, 744, 1),
(77, 745, 1),
(77, 746, 1),
(77, 747, 1),
(77, 748, 1),
(77, 749, 1),
(77, 750, 1),
(77, 751, 1),
(77, 752, 1),
(77, 753, 1),
(77, 754, 1),
(77, 755, 1),
(77, 756, 1),
(77, 757, 1),
(77, 758, 1),
(77, 759, 1),
(77, 760, 1),
(77, 761, 1),
(77, 762, 1),
(77, 763, 1),
(77, 764, 1),
(77, 765, 1),
(77, 766, 1),
(77, 767, 1),
(77, 768, 1),
(77, 769, 1),
(77, 770, 1),
(77, 771, 1),
(77, 772, 1),
(77, 773, 1),
(77, 774, 1),
(77, 775, 1),
(77, 776, 1),
(77, 777, 1),
(77, 778, 1),
(77, 779, 1),
(77, 780, 1),
(77, 781, 1),
(77, 782, 1),
(77, 783, 1),
(77, 784, 1),
(77, 785, 1),
(77, 786, 1),
(77, 787, 1),
(77, 788, 1),
(77, 789, 1),
(77, 790, 1),
(77, 791, 1),
(77, 792, 1),
(77, 793, 1),
(77, 794, 1),
(77, 795, 1),
(77, 796, 1),
(77, 797, 1),
(77, 798, 1),
(77, 799, 1),
(77, 800, 1),
(77, 801, 1),
(77, 802, 1),
(77, 803, 1),
(77, 804, 1),
(77, 805, 1),
(77, 806, 1),
(77, 807, 1),
(77, 808, 1),
(77, 809, 1),
(77, 810, 1),
(77, 811, 1),
(77, 812, 1),
(77, 813, 1),
(77, 814, 1),
(77, 815, 1),
(77, 816, 1),
(77, 817, 1),
(77, 818, 1),
(77, 819, 1),
(77, 820, 1),
(77, 821, 1),
(77, 822, 1),
(77, 823, 1),
(77, 824, 1),
(77, 825, 1),
(77, 826, 1),
(77, 827, 1),
(77, 828, 1),
(77, 829, 1),
(77, 830, 1),
(77, 831, 1),
(77, 832, 1),
(77, 833, 1),
(77, 834, 1),
(77, 835, 1),
(77, 836, 1),
(77, 837, 1),
(77, 838, 1),
(77, 839, 1),
(77, 840, 1),
(77, 841, 1),
(77, 842, 1),
(77, 843, 1),
(77, 844, 1),
(77, 845, 1),
(77, 846, 1),
(77, 847, 1),
(77, 848, 1),
(77, 849, 1),
(77, 850, 1),
(77, 851, 1),
(77, 852, 1),
(77, 853, 1),
(77, 854, 1),
(77, 855, 1),
(77, 856, 1),
(77, 861, 1),
(77, 862, 1),
(77, 863, 1),
(77, 864, 1);

-- --------------------------------------------------------

--
